-- Table structure for table `order_voucher`
--

CREATE TABLE `order_voucher` (
  `order_voucher_id` int(11) NOT NULL AUTO_INCREMENT,
  `order_id` int(11) NOT NULL,
  `voucher_id` int(11) NOT NULL,
  `description` varchar(255) NOT NULL,
  `code` varchar(10) NOT NULL,
  `from_name` varchar(64) NOT NULL,
  `from_email` varchar(96) NOT NULL,
  `to_name` varchar(64) NOT NULL,
  `to_email` varchar(96) NOT NULL,
  `voucher_theme_id` int(11) NOT NULL,
  `message` text NOT NULL,
  `amount` decimal(15,4) NOT NULL,
  PRIMARY KEY (`order_voucher_id`)
) ENGINE=MyISAM AUTO_INCREMENT=2 DEFAULT CHARSET=utf8;

--
-- Dumping data for table `order_voucher`
--

INSERT INTO `order_voucher` VALUES (1,1543,1,'$100.00 Gift Certificate for Jay Jenkins','e8cf6605a1','Kathryn Jenkins','Dr.jenkins@comcast.net','Jay Jenkins','Dr.jenkins@comcast.net',6,'We love you,\r\nK.K., Maddie, Jax &amp; Syd\r\n\r\nCreate your own personalized dominoes and custom box!',100.0000);

--
-- Table structure for table `pcpb_product`
--

CREATE TABLE `pcpb_product` (
  `product_id` int(11) NOT NULL,
  `enable` tinyint(1) NOT NULL DEFAULT '0',
  `add_text` tinyint(1) NOT NULL DEFAULT '0',
  `add_images` tinyint(1) NOT NULL DEFAULT '0',
  `add_custom_images` tinyint(1) NOT NULL DEFAULT '0',
  `select_image_preset` tinyint(1) NOT NULL DEFAULT '0',
  `upload_background` tinyint(1) NOT NULL DEFAULT '0',
  `enable_background_overlay_mode` tinyint(1) NOT NULL DEFAULT '0',
  KEY `product_id` (`product_id`)
) ENGINE=MyISAM DEFAULT CHARSET=latin1;

--
-- Dumping data for table `pcpb_product`
--

INSERT INTO `pcpb_product` VALUES (51,1,1,1,1,1,0,0),(53,0,0,0,0,0,0,0),(54,1,1,1,1,1,0,0),(52,1,1,1,1,1,0,0),(50,1,1,1,1,1,0,0),(55,0,0,0,0,0,0,0),(56,0,0,0,0,0,0,0),(65,0,0,0,0,0,0,0),(58,1,1,0,0,0,0,0),(59,1,1,1,1,1,0,0),(60,1,1,1,1,1,0,0),(61,1,1,1,1,1,0,0),(62,1,1,1,1,1,0,0),(66,0,0,0,0,0,0,0),(67,1,1,1,1,1,0,0),(69,0,0,0,0,0,0,0),(70,0,0,0,0,0,0,0),(71,0,0,0,0,0,0,0),(72,0,0,0,0,0,0,0),(73,0,0,0,0,0,0,0),(75,0,0,0,0,0,0,0),(76,0,0,0,0,0,0,0),(77,0,0,0,0,0,0,0),(78,0,0,0,0,0,0,0),(79,0,0,0,0,0,0,0),(74,0,0,0,0,0,0,0),(81,0,0,0,0,0,0,0),(83,0,0,0,0,0,0,0),(85,0,0,0,0,0,0,0),(82,0,0,0,0,0,0,0),(84,0,0,0,0,0,0,0),(89,0,0,0,0,0,0,0),(87,0,0,0,0,0,0,0),(88,0,0,0,0,0,0,0),(80,0,0,0,0,0,0,0),(90,1,1,1,1,1,0,0),(91,0,0,0,0,0,0,0),(93,0,0,0,0,0,0,0),(94,0,0,0,0,0,0,0),(162,0,0,0,0,0,0,0),(96,0,0,0,0,0,0,0),(97,0,0,0,0,0,0,0),(98,0,0,0,0,0,0,0),(99,0,0,0,0,0,0,0),(100,0,0,0,0,0,0,0),(101,1,1,1,1,1,0,0),(102,0,0,0,0,0,0,0),(103,0,0,0,0,0,0,0),(104,1,1,1,1,1,0,0),(106,0,0,0,0,0,0,0),(107,0,0,0,0,0,0,0),(108,0,0,0,0,0,0,0),(109,0,0,0,0,0,0,0),(110,0,0,0,0,0,0,0),(111,0,0,0,0,0,0,0),(112,0,0,0,0,0,0,0),(113,0,0,0,0,0,0,0),(197,0,0,0,0,0,0,0),(115,0,0,0,0,0,0,0),(116,0,0,0,0,0,0,0),(117,0,0,0,0,0,0,0),(118,0,0,0,0,0,0,0),(119,0,0,0,0,0,0,0),(120,0,0,0,0,0,0,0),(121,0,0,0,0,0,0,0),(122,0,0,0,0,0,0,0),(123,0,0,0,0,0,0,0),(124,0,0,0,0,0,0,0),(125,0,0,0,0,0,0,0),(126,0,0,0,0,0,0,0),(195,0,0,0,0,0,0,0),(128,0,0,0,0,0,0,0),(129,0,0,0,0,0,0,0),(130,0,0,0,0,0,0,0),(131,0,0,0,0,0,0,0),(132,0,0,0,0,0,0,0),(133,0,0,0,0,0,0,0),(134,0,0,0,0,0,0,0),(135,0,0,0,0,0,0,0),(136,0,0,0,0,0,0,0),(137,0,0,0,0,0,0,0),(138,0,0,0,0,0,0,0),(139,0,0,0,0,0,0,0),(140,0,0,0,0,0,0,0),(141,0,0,0,0,0,0,0),(142,0,0,0,0,0,0,0),(143,0,0,0,0,0,0,0),(144,0,0,0,0,0,0,0),(145,0,0,1,1,0,0,0),(146,1,1,1,1,0,0,0),(147,1,1,1,1,0,0,0),(148,1,1,1,1,0,0,0),(149,0,0,0,0,0,0,0),(150,1,1,1,1,0,0,0),(151,1,1,1,1,0,0,0),(152,1,1,1,1,0,0,0),(153,1,1,1,1,0,0,0),(155,0,0,0,0,0,0,0),(156,1,1,1,1,1,0,0),(157,0,0,0,0,0,0,0),(158,1,1,1,1,1,0,0),(159,1,1,1,1,1,0,0),(160,0,0,0,0,0,0,0),(161,0,0,0,0,0,0,0),(163,0,0,0,0,0,0,0),(164,0,0,0,0,0,0,0),(196,0,0,0,0,0,0,0),(194,0,0,0,0,0,0,0),(168,0,0,0,0,0,0,0),(169,0,0,0,0,0,0,0),(170,0,0,0,0,0,0,0),(171,0,0,0,0,0,0,0),(172,0,0,0,0,0,0,0),(173,0,0,0,0,0,0,0),(174,0,0,0,0,0,0,0),(175,0,0,0,0,0,0,0),(176,0,0,0,0,0,0,0),(177,0,0,0,0,0,0,0),(178,1,1,1,1,1,0,0),(179,1,1,1,1,1,0,0),(180,1,1,1,1,1,0,0),(181,1,1,1,1,1,0,0),(182,0,0,0,0,0,0,0),(183,1,1,1,1,1,0,0),(184,0,0,0,0,0,0,0),(185,1,1,1,1,1,0,0),(186,0,0,0,0,0,0,0),(187,0,0,0,0,0,0,0),(188,1,1,1,1,0,0,0),(189,0,0,0,0,0,0,0),(190,1,1,1,1,0,0,0),(191,0,0,0,0,0,0,0),(192,0,0,0,0,0,0,0),(193,0,0,0,0,0,0,0),(198,0,0,0,0,0,0,0),(199,0,0,0,0,0,0,0),(200,0,0,0,0,0,0,0),(201,0,0,0,0,0,0,0),(204,0,0,0,0,0,0,0),(205,0,0,0,0,0,0,0),(206,0,0,0,0,0,0,0),(207,0,0,0,0,0,0,0),(208,0,0,0,0,0,0,0),(209,0,0,0,0,0,0,0);

--
-- Table structure for table `product`
--

CREATE TABLE `product` (
  `product_id` int(11) NOT NULL AUTO_INCREMENT,
  `model` varchar(64) NOT NULL,
  `sku` varchar(64) NOT NULL,
  `upc` varchar(12) NOT NULL,
  `ean` varchar(14) NOT NULL,
  `jan` varchar(13) NOT NULL,
  `isbn` varchar(13) NOT NULL,
  `mpn` varchar(64) NOT NULL,
  `location` varchar(128) NOT NULL,
  `quantity` int(4) NOT NULL DEFAULT '0',
  `stock_status_id` int(11) NOT NULL,
  `image` varchar(255) DEFAULT NULL,
  `manufacturer_id` int(11) NOT NULL,
  `shipping` tinyint(1) NOT NULL DEFAULT '1',
  `price` decimal(15,4) NOT NULL DEFAULT '0.0000',
  `points` int(8) NOT NULL DEFAULT '0',
  `tax_class_id` int(11) NOT NULL,
  `date_available` date NOT NULL,
  `weight` decimal(15,8) NOT NULL DEFAULT '0.00000000',
  `weight_class_id` int(11) NOT NULL DEFAULT '0',
  `length` decimal(15,8) NOT NULL DEFAULT '0.00000000',
  `width` decimal(15,8) NOT NULL DEFAULT '0.00000000',
  `height` decimal(15,8) NOT NULL DEFAULT '0.00000000',
  `length_class_id` int(11) NOT NULL DEFAULT '0',
  `subtract` tinyint(1) NOT NULL DEFAULT '1',
  `minimum` int(11) NOT NULL DEFAULT '1',
  `sort_order` int(11) NOT NULL DEFAULT '0',
  `status` tinyint(1) NOT NULL DEFAULT '0',
  `date_added` datetime NOT NULL DEFAULT '0000-00-00 00:00:00',
  `date_modified` datetime NOT NULL DEFAULT '0000-00-00 00:00:00',
  `viewed` int(5) NOT NULL DEFAULT '0',
  PRIMARY KEY (`product_id`)
) ENGINE=MyISAM AUTO_INCREMENT=210 DEFAULT CHARSET=utf8;

--
-- Dumping data for table `product`
--

INSERT INTO `product` VALUES (66,'MPD6','','','','','','','',500,5,'data/products/mpd6-tbb.jpg',0,1,59.9500,0,9,'2014-09-02',1.00000000,5,4.25000000,7.38000000,1.60000000,3,0,1,1,1,'2015-09-29 13:29:41','2019-10-02 20:43:53',12245),(67,'MPD9BD','','','','','','','',359,7,'data/categories/dbl9-blk.jpg',0,1,90.9500,0,9,'2014-09-18',2.50000000,5,4.25000000,7.38000000,2.60000000,3,1,1,1,1,'2015-12-31 02:27:29','2018-10-25 10:24:07',13169),(68,'MPD6','','','','','','','',500,5,NULL,0,1,39.9500,0,9,'2014-09-02',1.30000000,5,4.25000000,7.38000000,1.60000000,3,0,1,1,0,'2016-04-09 10:16:18','0000-00-00 00:00:00',0),(69,'PSDUSD99','','','','','','','',100,5,'data/products/images for ebay/baylorbears-bu.jpg',0,1,59.9500,0,9,'2016-04-08',1.30000000,5,4.25000000,7.38000000,1.60000000,3,0,1,1,1,'2016-04-09 10:50:19','2019-10-02 20:44:31',10581),(54,'PWALP6','PWALP6','','','','','','',10996,7,'data/products/pwalp6.jpg',0,1,62.4500,0,9,'2014-09-04',1.03000000,5,5.25000000,9.25000000,1.75000000,3,1,1,2,1,'2014-09-16 13:33:09','2018-10-18 11:09:59',13857),(55,'BWP9','BWP9','','','','','','',133,7,'data/products/BWP9.jpg',0,1,26.4500,0,9,'2014-09-17',0.56000000,5,5.00000000,8.00000000,2.75000000,3,1,1,2,1,'2014-09-18 11:57:20','2017-04-17 09:43:57',5451),(56,'BWP12','BWP12','','','','','','',281,7,'data/products/BWP12.jpg',0,1,31.4500,0,9,'2014-09-17',0.88000000,5,9.12000000,8.12000000,2.75000000,3,1,1,3,1,'2014-09-18 11:58:15','2017-04-17 09:43:48',5805),(65,'MPD12MEX','MPD12MEX','','','','','','',76,5,'data/products/MPD12 with Train1 Image.png',0,1,119.9500,0,9,'2015-08-12',4.25000000,5,7.25000000,8.50000000,2.12000000,3,1,1,1,1,'2015-08-13 14:28:04','2019-10-02 20:42:58',9837),(58,'MPN6','MPN6','','','','','','',97,7,'data/products/MPN6.jpg',0,1,64.9500,0,9,'2014-09-18',1.30000000,5,4.25000000,7.38000000,1.60000000,3,1,1,2,1,'2014-09-19 07:23:45','2019-10-02 20:45:50',13271),(59,'MPN9','MPN9','','','','','','',145,7,'data/products/MPN9.jpg',0,1,99.9500,0,9,'2014-09-18',2.50000000,5,4.25000000,7.38000000,2.60000000,3,1,1,5,1,'2014-09-19 07:24:23','2019-10-02 21:20:00',12362),(60,'MPN12','MPN12','','','','','','',102,7,'data/products/MPN12.JPG',0,1,119.9500,0,9,'2014-09-18',4.25000000,5,7.25000000,8.50000000,2.12000000,3,1,1,6,1,'2014-09-19 07:24:51','2019-10-02 21:21:12',9826),(61,'MPD12','MPD12','','','','','','',29,7,'data/products/MPD12.JPG',0,1,109.9500,0,9,'2014-09-18',4.25000000,5,7.25000000,8.50000000,2.12000000,3,1,1,1,1,'2014-09-19 08:52:19','2019-10-02 20:42:05',19009),(62,'MPD9','MPD9','','','','','','',358,7,'data/products/MPD9.JPG',0,1,90.9500,0,9,'2014-09-18',2.50000000,5,4.25000000,7.38000000,2.60000000,3,1,1,1,1,'2014-09-19 08:57:51','2018-10-25 10:23:57',13148),(50,'MPD6','MPD6','','','','','','',1593,5,'data/products/MPD6.jpg',0,1,59.9500,0,9,'2014-09-02',1.00000000,5,4.25000000,7.38000000,1.60000000,3,1,1,1,1,'2014-09-03 14:05:58','2019-10-02 20:43:19',29729),(51,'MTD6','MTD6','','','','','','',190,7,'data/products/MTD6.jpg',0,1,69.9500,0,9,'2014-09-02',1.50000000,5,4.62000000,8.00000000,1.60000000,3,1,1,3,1,'2014-09-03 15:51:48','2019-10-02 20:47:36',26792),(52,'MPC9','MPC9','','','','','','',108,7,'data/products/MPC9.jpg',0,1,82.4500,0,9,'2014-09-03',2.50000000,5,4.25000000,7.38000000,2.60000000,3,1,1,1,1,'2014-09-03 22:29:10','2018-10-25 10:24:58',12941),(53,'WALP6','WALP6','','','','','','',48,7,'data/products/WALP6.jpg',0,1,48.7500,0,9,'2014-09-04',1.03000000,5,5.00000000,9.00000000,1.00000000,3,1,1,1,1,'2014-09-05 04:01:11','2019-10-02 20:48:30',7467),(70,'PSDUSD100','','','','','','','',218,5,'data/products/images for ebay/Americana Series/drpepper-dpsun.jpg',0,1,59.9500,0,9,'2016-04-10',1.30000000,5,4.25000000,7.38000000,1.60000000,3,1,1,1,1,'2016-04-11 15:45:30','2019-10-02 20:42:33',11431),(71,'TEST','TEST','','','','','','',1,7,'data/products/WALP6.jpg',0,0,7.5000,0,0,'2014-09-04',1.03000000,5,5.00000000,9.00000000,1.00000000,3,1,1,5,0,'2016-04-12 15:49:50','2017-04-17 11:05:06',0),(72,'PD6-54002','','','','','','','',299,7,'data/products/PD6.jpg',0,1,14.5000,0,9,'2014-09-17',1.20000000,5,9.12000000,8.12000000,2.75000000,3,1,1,3,0,'2016-04-18 19:50:44','2017-04-17 10:48:24',0),(73,'TD6C-D6-54902','','','','','','','',12,7,'data/products/TD6C.jpg',0,1,21.5000,0,9,'2014-09-17',1.80000000,5,9.12000000,8.12000000,2.75000000,3,1,1,4,0,'2016-04-18 20:14:40','2019-03-18 15:46:13',605),(74,'DOMTOGO-55202','','','','','','','',46,7,'data/products/DOMTOGO.jpg',0,1,26.4500,0,9,'2014-09-17',2.00000000,5,9.12000000,8.12000000,2.75000000,3,1,1,3,1,'2016-04-18 20:19:43','2017-11-08 11:59:05',2466),(75,'53303','','','','','','','',0,5,'data/products/lg53303.jpg',0,1,64.5000,0,9,'2014-09-17',8.00000000,5,9.12000000,8.12000000,2.75000000,3,1,1,1,1,'2016-04-18 20:31:26','2018-08-06 09:05:57',2011),(76,'PND15-D15-54103','','','','','','','',23,7,'data/products/PND15.jpg',0,1,43.5000,0,9,'2014-09-17',9.00000000,5,9.12000000,8.12000000,2.75000000,3,1,1,4,1,'2016-04-18 20:39:16','2017-11-08 11:58:09',2483),(77,'CMPD12-54301','','','','','','','',11,7,'data/products/CMPD12.jpg',0,1,43.5000,0,9,'2014-09-17',7.00000000,5,9.12000000,8.12000000,2.75000000,3,1,1,1,1,'2016-04-18 20:59:42','2018-11-25 22:37:27',2244),(85,'53302','','','','','','','',0,7,'data/products/lg53302.jpg',0,1,55.5000,0,9,'2014-09-17',4.00000000,5,9.12000000,8.12000000,2.75000000,3,1,1,2,1,'2016-04-18 22:00:49','2017-05-30 09:18:38',1336),(78,'GRGB-54501','','','','','','','',0,5,'data/products/GRGB.jpg',0,1,16.4500,0,9,'2014-09-17',1.00000000,5,9.12000000,8.12000000,2.75000000,3,1,1,0,0,'2016-04-18 21:05:29','2019-03-18 15:18:04',569),(79,'SPINT-54801','','','','','','','',20,7,'data/products/SPINT.jpg',0,1,24.9500,0,9,'2014-09-17',4.00000000,5,9.12000000,8.12000000,2.75000000,3,1,1,6,1,'2016-04-18 21:10:12','2019-03-18 17:47:29',0),(80,'TD9-D9-54904','','','','','','','',12,5,'data/products/TD9.jpg',0,1,33.5000,0,9,'2014-09-17',3.60000000,5,9.12000000,8.12000000,2.75000000,3,1,1,3,0,'2016-04-18 21:18:24','2017-04-17 09:48:04',0),(81,'SMSPIN-55002','','','','','','','',22,7,'data/products/SMSPIN.jpg',0,1,26.9500,0,9,'2014-09-17',2.00000000,5,9.12000000,8.12000000,2.75000000,3,1,1,10,1,'2016-04-18 21:22:35','2018-04-19 15:30:37',3127),(82,'SMCHICK-55001','','','','','','','',45,7,'data/products/SMCHICK.jpg',0,1,23.5000,0,9,'2014-09-17',2.00000000,5,9.12000000,8.12000000,2.75000000,3,1,1,3,1,'2016-04-18 21:27:32','2017-11-08 11:59:35',5605),(83,'SMRUM-55004','','','','','','','',0,5,'data/products/SMRUM.jpg',0,1,26.4500,0,9,'2014-09-17',3.00000000,5,9.12000000,8.12000000,2.75000000,3,1,1,3,0,'2016-04-18 21:36:00','2019-03-18 15:18:54',274),(84,'PND12T-54102','','','','','','','',16,7,'data/products/PND12T New.jpg',0,1,42.5000,0,9,'2014-09-17',7.00000000,5,9.12000000,8.12000000,2.75000000,3,1,1,1,1,'2016-04-18 21:49:13','2017-11-08 11:58:34',5014),(89,'NFLDO-198','','','','','','','',0,5,'data/products/licensed/dallas-cowboys.jpg',0,1,25.9500,0,9,'2016-04-19',1.80000000,5,0.00000000,0.00000000,0.00000000,3,1,1,1,1,'2016-04-20 09:33:20','2017-11-15 15:04:26',3212),(87,'NHLCan12','','','','','','','',47,7,'data/products/licensed/canadianteamdominoes.jpg',0,1,26.4500,0,9,'2016-04-18',0.00000000,5,0.00000000,0.00000000,0.00000000,3,1,1,1,1,'2016-04-19 16:49:20','2017-04-17 11:04:41',1285),(88,'MLB-DO198','','','','','','','',40,5,'data/products/licensed/newyorkyankies.jpg',0,1,26.4500,0,9,'2016-04-18',0.00000000,5,0.00000000,0.00000000,0.00000000,3,1,1,1,1,'2016-04-19 19:24:34','2017-04-17 11:04:22',2390),(90,'PSDSFDD100','','','','','','','',42,5,'data/products/Fathers Day/fathersday1.jpg',0,1,109.9500,0,9,'2016-05-11',1.30000000,5,4.25000000,7.30000000,1.60000000,3,1,1,1,1,'2016-05-12 11:49:57','2019-05-21 14:26:51',311),(91,'PSDWCB1','','','','','','','',49,7,'data/products/Fathers Day/happyfathersdaymainn.jpg',0,1,64.9500,0,9,'2016-05-11',0.00000000,5,0.00000000,0.00000000,0.00000000,3,1,1,3,0,'2016-05-12 15:30:41','2019-10-02 20:45:27',0),(94,'profsizfathdom6','','','','','','','',47,5,'data/products/Fathers Day/happyfathersdaymainn.jpg',0,1,54.9500,0,9,'2016-05-12',0.00000000,5,0.00000000,0.00000000,0.00000000,3,1,1,1,1,'2016-05-13 11:49:35','2019-05-21 14:25:30',216),(93,'psd6dfday','','','','','','','',50,5,'data/products/Fathers Day/happyfathersdaymainn.jpg',0,1,46.4500,0,9,'2016-05-12',1.60000000,5,0.00000000,0.00000000,0.00000000,3,1,1,1,0,'2016-05-13 11:14:23','2017-04-17 10:50:33',0),(162,'dgswpc99','','','','','','','',44,5,'data/Gift Set/giftpack10.jpg',0,1,79.9500,0,9,'2016-05-22',13.00000000,6,10.00000000,4.50000000,1.50000000,3,1,1,1,1,'2016-12-03 12:52:29','2019-10-02 20:40:21',144),(96,'dcvbws99eng','','','','','','','',42,5,'data/products/colored-dominoes/doublesixRedVelvet.jpg',0,1,73.5000,0,9,'2016-05-25',2.00000000,5,0.00000000,0.00000000,0.00000000,3,1,1,1,0,'2016-05-26 11:38:18','2019-04-06 16:46:09',1072),(97,'DSTTWVB99ENG','','','','','','','',19,5,'data/products/colored-dominoes/doublesixTwoTonesWhiteBlack.jpg',0,1,67.5000,0,9,'2016-05-25',2.00000000,5,0.00000000,0.00000000,0.00000000,3,1,1,1,0,'2016-05-26 12:03:23','2018-05-16 16:01:09',0),(98,'dblnarblbox99eng','','','','','','','',9,5,'data/20171129_112835.jpg',0,1,85.0000,0,9,'2016-05-25',3.00000000,5,0.00000000,0.00000000,0.00000000,3,1,1,1,1,'2016-05-26 14:22:02','2019-01-08 08:55:11',8448),(99,'dsdwospiv99eng','','','','','','','',34,5,'data/products/colored-dominoes/doublesixgold.jpg',0,1,73.0000,0,9,'2016-05-25',2.00000000,5,0.00000000,0.00000000,0.00000000,3,1,1,1,1,'2016-05-26 17:50:37','2019-03-19 21:33:30',15129),(100,'frosdomin99eng','','','','','','','',0,5,'data/products/colored-dominoes/frostedRed.jpg',0,1,70.9500,0,9,'2016-05-25',2.00000000,5,0.00000000,0.00000000,0.00000000,3,1,1,1,1,'2016-05-26 18:21:25','2019-04-16 10:00:26',10333),(101,'PWALP62','','','','','','','',50,7,'data/products/pwalp6.jpg',0,1,62.4500,0,9,'2014-09-04',1.03000000,5,5.25000000,9.25000000,1.75000000,3,1,1,4,0,'2016-05-26 20:52:50','2018-10-18 11:09:12',0),(102,'usgset99','','','','','','','',34,5,'data/products/university gift set/baylor.jpg',0,1,99.5000,0,9,'2016-05-30',3.00000000,5,0.00000000,0.00000000,0.00000000,3,1,1,1,1,'2016-05-31 15:46:02','2019-07-26 15:51:32',10509),(103,'WALT6','','','','','','','',82,5,'data/products/WALP6.jpg',0,1,54.9500,0,9,'2016-06-07',1.03000000,5,5.00000000,9.00000000,1.00000000,3,1,1,3,1,'2016-06-08 21:32:36','2019-10-02 20:49:05',5051),(104,'PWALT6','','','','','','','',65,5,'data/products/pwalp6.jpg',0,1,66.4500,0,9,'2016-06-07',1.03000000,5,5.25000000,9.25000000,1.75000000,3,1,1,4,1,'2016-06-08 21:35:11','2019-01-08 08:53:20',7697),(107,'dbl6torndomvincaseng','','','','','','','',20,7,'data/products/double six new/doublsixprofessional.jpg',0,1,67.0000,0,9,'2016-06-14',0.00000000,5,0.00000000,0.00000000,0.00000000,3,1,1,1,1,'2016-06-15 11:30:39','2018-11-25 22:38:03',11074),(106,'db6stddomvincas','','','','','','','',0,5,'data/products/double six new/doublsixstandard-blk.jpg',0,1,21.4500,0,9,'2016-06-14',0.00000000,5,0.00000000,0.00000000,0.00000000,3,1,1,1,1,'2016-06-15 11:22:41','2018-09-11 12:48:10',776),(108,'dbl6whitetorndomvincas','','','','','','','',91,5,'data/products/double six new/doublsixprofessional-white.jpg',0,1,28.4500,0,9,'2016-06-14',0.00000000,5,0.00000000,0.00000000,0.00000000,3,1,1,1,1,'2016-06-15 15:12:19','2018-10-30 13:29:02',245),(109,'dbl6profdomengvinylcase','','','','','','','',0,7,'data/products/double six new/double6-prof-dominoes.jpg',0,1,56.9500,0,9,'2016-06-14',0.00000000,5,0.00000000,0.00000000,0.00000000,3,1,1,1,1,'2016-06-15 15:32:15','2018-06-21 14:52:24',9780),(110,'dbl6profsizevinylcasedom','','','','','','','',35,5,'data/products/double six new/doublesixprofdominoesspinner.jpg',0,1,21.4500,0,9,'2016-06-14',0.00000000,5,0.00000000,0.00000000,0.00000000,3,1,1,1,1,'2016-06-15 16:06:44','2017-04-17 10:25:23',781),(111,'dbl6tousizedomiwoodcase','','','','','','','',0,5,'data/products/double six new/tournament-woodcase.jpg',0,1,66.4500,0,9,'2016-06-14',2.00000000,5,0.00000000,0.00000000,0.00000000,3,1,1,1,1,'2016-06-15 18:02:48','2018-08-06 09:04:10',8946),(112,'dbl6profdomwspin','','','','','','','',17,5,'data/products/double six new/double6prf-woodencs-dom-spinner.jpg',0,1,21.4500,0,9,'2016-06-15',0.00000000,5,0.00000000,0.00000000,0.00000000,3,1,1,1,1,'2016-06-16 13:14:01','2017-04-17 09:58:38',748),(113,'dbl2twotoneswoodencseng','','','','','','','',0,5,'data/products/double six new/double6tournament2tones.jpg',0,1,71.4500,0,9,'2016-06-15',2.00000000,5,0.00000000,0.00000000,0.00000000,3,1,1,1,1,'2016-06-16 13:27:20','2018-08-06 09:03:22',9557),(197,'dompip-scopad','','','','','','','',100,5,'data/pipscorepad.jpg',0,1,7.9500,0,9,'2018-04-18',0.30000000,5,6.00000000,5.00000000,1.00000000,3,1,1,11,1,'2018-04-19 13:15:03','2019-07-30 15:17:15',4135),(115,'dbl6profdomLASVEGAS','','','','','','','',0,5,'data/products/double six new/lasvegas.jpg',0,1,26.4500,0,9,'2016-06-15',0.00000000,5,0.00000000,0.00000000,0.00000000,3,1,1,1,0,'2016-06-16 14:33:58','2019-03-19 14:20:51',424),(116,'2pclwdomhold','','','','','','','',0,5,'data/products/CHH/Accessories/largewooden-dominholder.jpg',0,1,24.4500,0,9,'2016-06-15',0.00000000,5,0.00000000,0.00000000,0.00000000,3,1,1,1,1,'2016-06-16 15:36:47','2018-08-06 08:59:52',1212),(117,'2pcswoodominoesholder','','','','','','','',33,5,'data/products/CHH/Accessories/wooden-dominholder.jpg',0,1,19.4500,0,9,'2016-06-15',0.00000000,5,0.00000000,0.00000000,0.00000000,3,1,1,1,1,'2016-06-16 16:00:25','2017-04-17 09:43:18',1164),(118,'10pcdochimark','','','','','','','',45,5,'data/products/CHH/Accessories/chicken-markers.jpg',0,1,16.4500,0,9,'2016-06-15',0.00000000,5,0.00000000,0.00000000,0.00000000,3,1,1,1,1,'2016-06-16 16:13:18','2017-04-17 09:42:34',909),(119,'10pcsdomtrainmar','','','','','','','',33,5,'data/products/CHH/Accessories/domino-train-marker.jpg',0,1,16.4500,0,9,'2016-06-15',0.00000000,5,0.00000000,0.00000000,0.00000000,3,1,1,1,1,'2016-06-16 16:50:12','2017-04-17 09:42:45',1047),(120,'whtrkeychain','','','','','','','',36,5,'data/products/CHH/Accessories/whistling-train-keychain.jpg',0,1,13.4500,0,9,'2016-06-15',0.00000000,5,0.00000000,0.00000000,0.00000000,3,1,1,1,1,'2016-06-16 17:31:58','2017-04-17 11:08:10',1226),(121,'DomTrainRoundhub99','','','','','','','',22,5,'data/products/CHH/Accessories/round-train-hub.jpg',0,1,8.4500,0,9,'2016-06-15',0.00000000,5,0.00000000,0.00000000,0.00000000,3,1,1,1,1,'2016-06-16 17:38:05','2017-04-17 09:55:19',2774),(122,'2in1domhubtrain','','','','','','','',42,5,'data/products/CHH/Accessories/hubtrain-chicken.jpg',0,1,26.4500,0,9,'2016-06-15',0.00000000,5,0.00000000,0.00000000,0.00000000,3,1,1,1,1,'2016-06-16 17:46:23','2017-04-17 09:43:37',3375),(123,'domiscorsheet99','','','','','','','',81,7,'data/products/CHH/Accessories/domino-scoring-pad.jpg',0,1,7.4500,0,9,'2016-06-15',0.00000000,5,0.00000000,0.00000000,0.00000000,3,1,1,1,1,'2016-06-16 18:36:53','2018-08-06 09:17:24',1595),(124,'2pc3wdth','','','','','','','',25,5,'data/products/CHH/Accessories/wooden-dominoes-tile-holder.jpg',0,1,21.4500,0,9,'2016-06-15',0.00000000,5,0.00000000,0.00000000,0.00000000,3,1,1,1,1,'2016-06-16 18:45:16','2017-04-17 09:42:53',1425),(125,'dbl9towhwspineng','','','','','','','',30,5,'data/products/Double Nine Dominoes/doublenine-dominoe-withspinner.jpg',0,1,76.4500,0,9,'2016-06-16',2.00000000,5,0.00000000,0.00000000,0.00000000,3,1,1,1,1,'2016-06-17 10:56:42','2017-04-17 10:31:19',8086),(126,'dbl9profcolordot','','','','','','','',0,5,'data/products/Double Nine Dominoes/dobl9prof-colordomin.jpg',0,1,22.4500,0,9,'2016-06-16',0.00000000,5,0.00000000,0.00000000,0.00000000,3,1,1,1,1,'2016-06-17 11:02:32','2018-12-14 12:56:03',1622),(195,'ValD-Prof-Dom','','','','','','','',47,5,'data/categories/Valentines day/HeartArrow.jpg',0,1,46.4500,0,9,'2018-01-28',2.00000000,5,0.00000000,0.00000000,0.00000000,3,1,1,1,1,'2018-01-29 09:34:00','2018-01-29 10:26:58',3086),(128,'dbl12colnumdom','','','','','','','',37,5,'data/products/double twelve/dbl12-color-nmbr-dominoes.jpg',0,1,32.4500,0,9,'2016-06-16',0.00000000,5,0.00000000,0.00000000,0.00000000,3,1,1,1,1,'2016-06-17 16:09:41','2017-04-17 09:57:27',3074),(129,'dbl15profcolnumbdomi','','','','','','','',42,5,'data/products/double 15/dbl15-color-dominoes.jpg',0,1,46.4500,0,9,'2016-06-16',0.00000000,5,0.00000000,0.00000000,0.00000000,3,1,1,1,1,'2016-06-17 16:37:22','2017-04-17 09:57:55',1241),(130,'domscorekeeper99','','','','','','','',0,5,'data/products/CHH/Accessories/scorekeeper.jpg',0,1,36.5000,0,9,'2016-07-07',0.00000000,5,0.00000000,0.00000000,0.00000000,3,1,1,1,1,'2016-07-08 17:59:12','2019-10-15 08:32:38',3395),(131,'bicycledblsixdom99','','','','','','','',0,5,'data/61ZzZFCcOaL._SL1300_.jpg',0,1,85.5000,0,9,'2016-07-10',2.00000000,5,0.00000000,0.00000000,0.00000000,3,1,1,1,1,'2016-07-11 10:31:00','2019-05-28 09:19:42',5843),(132,'dblsixbeecard','','','','','','','',0,5,'data/products/double six new/see-dominoesjpg1.jpg',0,1,85.5000,0,9,'2016-07-10',2.00000000,5,0.00000000,0.00000000,0.00000000,3,1,1,1,1,'2016-07-11 10:43:58','2018-12-14 12:51:24',802),(133,'indianrosewood1','','','','','','','',0,5,'data/products/double six new/indian-rosewood-box.jpg',0,1,24.5000,0,9,'2016-07-10',0.00000000,5,0.00000000,0.00000000,0.00000000,3,1,1,1,1,'2016-07-11 11:50:45','2018-09-12 09:23:17',4609),(134,'velboxtour99','','','','','','','',21,7,'data/products/double six new/velor-box-tournament.jpg',0,1,14.5000,0,9,'2016-07-10',0.00000000,5,0.00000000,0.00000000,0.00000000,3,1,1,1,1,'2016-07-11 12:23:35','2018-11-25 22:33:57',4859),(135,'NCAA-Dominoes99','','','','','','','',44,5,'data/products/licensed/albama-dominoes.jpg',0,1,26.4500,0,9,'2016-07-12',0.00000000,5,0.00000000,0.00000000,0.00000000,3,1,1,1,1,'2016-07-13 11:20:50','2017-04-17 09:58:13',2309),(136,'fro-dom-99','','','','','','','',48,5,'data/products/Kids Dominoes/frozen-dominoes.jpg',0,1,14.4500,0,9,'2016-08-17',1.30000000,5,0.00000000,0.00000000,0.00000000,3,1,1,1,1,'2016-08-18 16:17:21','2017-04-17 10:43:17',478),(137,'froz-flo-dom','','','','','','','',0,5,'data/products/Kids Dominoes/frozen-floor-dominoes.jpg',0,1,14.4900,0,9,'2016-08-17',0.00000000,5,0.00000000,0.00000000,0.00000000,3,1,1,1,1,'2016-08-18 16:38:52','2019-10-15 08:34:30',446),(138,'dbl6-col-dom','','','','','','','',0,5,'data/products/double six new/double-six-color-dot.jpg',0,1,16.4900,0,9,'2016-08-17',0.00000000,5,0.00000000,0.00000000,0.00000000,3,1,1,1,1,'2016-08-18 17:08:31','2018-12-14 12:57:01',679),(139,'dbl9-std-color-dom','','','','','','','',46,5,'data/products/Double Nine Dominoes/double-nine-color-dots.jpg',0,1,21.4900,0,9,'2016-08-17',0.00000000,5,0.00000000,0.00000000,0.00000000,3,1,1,1,1,'2016-08-18 17:45:25','2017-04-17 10:30:30',1206),(140,'dbl9-std-color-dot','','','','','','','',0,5,'data/products/Double Nine Dominoes/double-nine-color-dots-1.jpg',0,1,21.4900,0,9,'2016-08-18',1.30000000,5,0.00000000,0.00000000,0.00000000,3,1,1,1,1,'2016-08-19 09:11:54','2019-05-14 09:41:45',1548),(141,'dbl12-mex-tr-do99','','','','','','','',0,5,'data/products/double twelve/double-twelve-mexican-traindomino.jpg',0,1,26.4500,0,9,'2016-08-18',0.00000000,5,0.00000000,0.00000000,0.00000000,3,1,1,1,1,'2016-08-19 10:37:42','2019-09-11 10:20:03',2531),(142,'dbl15col-dot','','','','','','','',33,5,'data/products/double 15/double15coloreddot.jpg',0,1,36.4500,0,9,'2016-08-18',2.50000000,5,0.00000000,0.00000000,0.00000000,3,1,1,1,1,'2016-08-19 11:28:31','2017-04-17 09:57:44',2021),(143,'card-mex-train-dom','','','','','','','',46,5,'data/products/cardinal mexican train/cardinal-mexican-train-dominoes.jpg',0,1,36.4900,0,9,'2016-08-18',3.00000000,5,0.00000000,0.00000000,0.00000000,3,1,1,1,1,'2016-08-19 11:34:30','2017-04-17 09:44:17',1245),(144,'dbl6-iv-co-do99','','','','','','','',0,5,'data/products/double six new/dominoes-woodenbox.jpg',0,1,20.4900,0,9,'2016-08-18',0.00000000,5,0.00000000,0.00000000,0.00000000,3,1,1,1,1,'2016-08-19 15:02:45','2018-08-06 09:02:37',727),(145,'pia-fin-wo-bo','','','','','','','',0,5,'data/categories/dbl6-pianofinish-box.jpg',0,1,96.5000,0,9,'2016-08-29',0.00000000,5,0.00000000,0.00000000,0.00000000,3,1,1,1,1,'2016-08-30 11:29:46','2018-09-11 12:50:21',342),(146,'dbl-6-piafin-cust','','','','','','','',0,5,'data/categories/dbl6custom.jpg',0,1,116.5000,0,9,'2016-08-30',0.00000000,5,0.00000000,0.00000000,0.00000000,3,1,1,1,0,'2016-08-31 13:49:59','2018-12-14 12:52:41',0),(150,'dbl6-rwo-mat','','','','','','','',0,5,'data/categories/dbl6-indianwood-box.jpg',0,1,56.5000,0,9,'2016-09-05',0.00000000,5,0.00000000,0.00000000,0.00000000,3,1,1,1,1,'2016-09-06 12:55:17','2017-09-08 10:15:38',2012),(147,'dbl12-pi-fin-wood','','','','','','','',0,5,'data/categories/custom-piano-box1.jpg',0,1,171.5000,0,9,'2016-08-30',0.00000000,5,0.00000000,0.00000000,0.00000000,3,1,1,1,0,'2016-08-31 15:29:36','2018-12-14 12:52:05',0),(148,'dbl-9-piano-finish','','','','','','','',0,5,'data/categories/custom-piano-boxdbl9.jpg',0,1,124.5000,0,9,'2016-08-30',0.00000000,5,0.00000000,0.00000000,0.00000000,3,1,1,1,0,'2016-08-31 16:15:10','2018-09-11 12:47:10',0),(149,'matte-fin-wood','','','','','','','',0,5,'data/categories/Wooden cases/dbl6-indianwood-box.jpg',0,1,36.5000,0,9,'2016-09-02',0.00000000,5,0.00000000,0.00000000,0.00000000,3,1,1,1,1,'2016-09-03 09:42:00','2018-09-11 12:49:50',4684),(151,'dbl9-rowo','','','','','','','',0,5,'data/categories/dbl9-indianwood-box.jpg',0,1,59.5000,0,9,'2016-09-05',0.00000000,5,0.00000000,0.00000000,0.00000000,3,1,1,1,1,'2016-09-06 13:11:39','2018-09-11 12:46:45',2068),(152,'dbl12-rowo','','','','','','','',0,5,'data/categories/dbl12-indianwood-box.jpg',0,1,71.5000,0,9,'2016-09-05',0.00000000,5,0.00000000,0.00000000,0.00000000,3,1,1,1,1,'2016-09-06 13:19:09','2018-12-14 12:52:19',2097),(153,'cu-pri-pic1','','','','','','','',0,5,'data/categories/woodencase-printed-pic.jpg',0,1,65.5000,0,9,'2016-09-05',0.00000000,5,0.00000000,0.00000000,0.00000000,3,1,1,1,1,'2016-09-06 17:30:34','2018-08-06 09:06:43',21460),(155,'stodomtab1','','','','','','','',16,5,'data/products/Dominoes table/dominoes-table3.jpg',0,1,205.5000,0,9,'2016-11-15',40.00000000,5,36.00000000,30.00000000,6.00000000,3,1,1,1,1,'2016-11-16 16:05:08','2018-08-06 09:14:34',1781),(156,'cusdomtab1','','','','','','','',17,5,'data/products/Dominoes table/dominoes-table-custom.jpg',0,1,281.5000,0,9,'2016-11-15',40.00000000,5,36.00000000,30.00000000,6.00000000,3,1,1,1,1,'2016-11-16 17:48:17','2017-04-17 09:49:52',9250),(157,'spleacase1','','','','','','','',92,5,'data/categories/leatherette-box.jpg',0,1,11.5000,0,9,'2016-11-17',1.00000000,5,9.00000000,6.00000000,3.00000000,3,1,1,1,1,'2016-11-18 09:56:31','2018-09-26 09:24:48',5285),(158,'chrprodomnbox1','','','','','','','',35,5,'data/categories/Chsritmas-special/christmas-special-professional.jpg',0,1,106.4500,0,9,'2016-11-24',3.00000000,5,9.00000000,6.00000000,2.00000000,3,1,1,1,1,'2016-11-25 12:00:56','2018-12-04 15:55:37',201),(159,'chrspetourdomnwobox1','','','','','','','',0,5,'data/categories/Chsritmas-special/christmas-special-professional.jpg',0,1,126.4500,0,9,'2016-11-24',3.00000000,5,9.00000000,6.00000000,2.00000000,3,1,1,1,1,'2016-11-25 12:09:38','2018-12-17 11:04:03',272),(160,'mextrdomar1','','','','','','','',50,5,'data/categories/mexican-train-dominoe-markers.jpg',0,1,21.4500,0,9,'2016-11-27',0.50000000,5,6.00000000,4.00000000,4.00000000,3,1,1,1,1,'2016-11-28 16:31:24','2017-04-17 10:45:19',917),(161,'dgswpc99b','','','','','','','',45,5,'data/Gift Set/giftpack10.jpg',0,1,0.1500,0,9,'2016-05-22',13.00000000,6,10.00000000,4.50000000,1.50000000,3,1,1,1,0,'2016-12-03 12:19:15','2018-04-18 12:10:17',0),(163,'frosdomin99','','','','','','','',0,5,'data/products/colored-dominoes/frostedRed.jpg',0,1,29.9500,0,9,'2016-05-25',2.00000000,5,0.00000000,0.00000000,0.00000000,3,1,1,1,1,'2016-12-04 08:44:31','2019-04-16 10:00:04',3657),(164,'dbl6profdomvinylcase','','','','','','','',0,5,'data/products/double six new/double6-prof-dominoes.jpg',0,1,21.4500,0,9,'2016-06-14',0.00000000,5,0.00000000,0.00000000,0.00000000,3,1,1,1,0,'2016-12-04 09:36:39','2019-03-19 14:17:55',672),(196,'Test','','','','','','','',100,5,'',0,1,0.0000,0,0,'2018-03-21',0.00000000,5,0.00000000,0.00000000,0.00000000,3,1,1,1,1,'2018-03-22 14:32:30','0000-00-00 00:00:00',828),(182,'dbl9walnut','','','','','','','',49,5,'data/categories/Wooden cases/walnut-small.jpg',0,1,74.9500,0,9,'2017-02-16',1.50000000,5,8.00000000,3.00000000,2.00000000,3,1,1,5,1,'2017-02-17 15:44:59','2019-10-02 20:47:57',1625),(194,'2in1domhubtrain','','','','','','','',48,5,'data/2 in 1 domino hub train & chicken.jpg',0,1,26.0000,0,0,'2017-11-28',7.20000000,6,11.50000000,8.50000000,0.50000000,3,1,1,1,1,'2017-11-29 11:20:05','2017-12-07 08:16:50',537),(169,'dsdwospiv99','','','','','','','',0,5,'data/products/colored-dominoes/doublesixgold.jpg',0,1,42.0000,0,9,'2016-05-25',2.00000000,5,0.00000000,0.00000000,0.00000000,3,1,1,1,1,'2016-12-05 09:10:25','2019-06-13 12:00:04',3430),(168,'dbl6torndomvincas','','','','','','','',47,5,'data/products/double six new/doublsixprofessional.jpg',0,1,33.4500,0,9,'2016-06-14',0.00000000,5,0.00000000,0.00000000,0.00000000,3,1,1,1,1,'2016-12-05 09:01:19','2018-10-30 13:28:34',149),(170,'dbl6tousizedomiwoodcase','','','','','','','',0,5,'data/products/double six new/tournament-woodcase.jpg',0,1,21.4500,0,9,'2016-06-14',0.00000000,5,0.00000000,0.00000000,0.00000000,3,1,1,1,1,'2016-12-05 10:07:08','2018-08-06 09:03:47',631),(171,'dbl2twotoneswoodencs','','','','','','','',0,5,'data/products/double six new/double6tournament2tones.jpg',0,1,26.4500,0,9,'2016-06-15',0.00000000,5,0.00000000,0.00000000,0.00000000,3,1,1,1,1,'2016-12-05 10:12:58','2018-08-06 09:03:04',879),(172,'dblnarblbox99','','','','','','','',9,5,'data/20171129_112835.jpg',0,1,40.0000,0,9,'2016-05-25',3.00000000,5,0.00000000,0.00000000,0.00000000,3,1,1,1,1,'2016-12-05 10:41:33','2019-01-08 08:56:14',3545),(173,'dbl9towhwspin','','','','','','','',34,5,'data/products/Double Nine Dominoes/doublenine-dominoe-withspinner.jpg',0,1,31.4500,0,9,'2016-06-16',0.00000000,5,0.00000000,0.00000000,0.00000000,3,1,1,1,1,'2016-12-05 10:46:25','2017-04-17 10:31:46',1267),(174,'DSTTWVB99','','','','','','','',29,5,'data/products/colored-dominoes/doublesixTwoTonesWhiteBlack.jpg',0,1,34.0000,0,9,'2016-05-25',2.00000000,5,0.00000000,0.00000000,0.00000000,3,1,1,1,1,'2016-12-08 09:06:15','2019-03-19 21:34:08',2684),(175,'dcvbws99','','','','','','','',68,5,'data/products/colored-dominoes/doublesixRedVelvet.jpg',0,1,39.9500,0,9,'2016-05-25',2.00000000,5,0.00000000,0.00000000,0.00000000,3,1,1,1,0,'2016-12-08 09:22:12','2019-04-06 16:46:20',1584),(186,'domspin-scopad','','','','','','','',17,5,'data/categories/spinner-pad.jpg',0,1,7.9500,0,9,'2017-02-19',0.30000000,5,6.00000000,5.00000000,1.00000000,3,1,1,12,1,'2017-02-20 15:51:45','2019-03-18 15:58:03',3930),(176,'spin-dom-col1','','','','','','','',29,5,'data/categories/spinner.jpg',0,1,82.9500,0,9,'2017-01-31',4.00000000,5,8.00000000,8.00000000,3.00000000,3,1,1,4,1,'2017-02-01 16:35:34','2018-10-25 10:29:54',5860),(177,'pip-dom1','','','','','','','',15,5,'data/categories/pip.jpg',0,1,82.9500,0,9,'2017-02-01',3.00000000,5,8.00000000,8.00000000,3.00000000,3,1,1,1,1,'2017-02-02 09:24:26','2018-10-25 10:27:50',7455),(178,'cus-spin-dom1','','','','','','','',29,5,'data/categories/spinner-custom.jpg',0,1,109.9500,0,9,'2017-02-01',3.00000000,5,8.00000000,8.00000000,3.00000000,3,1,1,6,1,'2017-02-02 11:17:56','2019-10-02 20:36:44',8017),(179,'pip-cus-dom1','pip-cus-dom1','','','','','','',2694,5,'data/categories/pip-custom.jpg',0,1,91.9500,0,9,'2017-02-01',3.00000000,5,8.00000000,8.00000000,3.00000000,3,1,1,2,1,'2017-02-02 13:09:18','2018-10-25 10:27:39',6539),(180,'dbl6eng-wdom1','','','','','','','',0,5,'data/categories/legacy2.jpg',0,1,56.9500,0,9,'2017-02-09',3.00000000,5,5.00000000,9.00000000,3.00000000,3,1,1,1,0,'2017-02-10 14:13:10','2018-08-06 09:05:04',0),(181,'cusdomkey1','','','','','','','',1235,5,'data/categories/keychain.jpg',0,1,9.9500,0,0,'2017-02-09',0.20000000,5,3.00000000,2.00000000,1.00000000,3,1,1,1,1,'2017-02-10 14:56:56','2019-10-02 20:38:50',8298),(183,'dbl9engwalnut','','','','','','','',20,5,'data/categories/Wooden cases/walnut-small-engraved.jpg',0,1,89.9500,0,9,'2017-02-16',1.60000000,5,8.00000000,5.00000000,2.00000000,3,1,1,6,1,'2017-02-17 16:04:35','2019-10-02 20:49:36',6069),(184,'dbl12walnut','','','','','','','',47,5,'data/categories/Wooden cases/walnut-big.jpg',0,1,96.4500,0,9,'2017-02-16',2.00000000,5,10.00000000,8.00000000,3.00000000,3,1,1,7,1,'2017-02-17 16:14:31','2017-04-17 11:07:24',1482),(185,'dbl12engwalnut','','','','','','','',24,5,'data/categories/Wooden cases/walnut-big-engraved.jpg',0,1,111.4500,0,9,'2017-02-16',2.00000000,5,10.00000000,8.00000000,3.00000000,3,1,1,8,1,'2017-02-17 16:18:24','2017-04-17 11:07:55',7762),(187,'Rwsgfwc1','','','','','','','',0,5,'data/categories/Wooden cases/semi-gloss.jpg',0,1,26.5000,0,9,'2017-07-11',1.00000000,5,9.00000000,5.50000000,1.50000000,3,1,1,1,1,'2017-07-12 10:51:11','2018-09-11 12:51:03',3728),(206,'cardominoes','','','','','','','',90,5,'data/CARDominoes/IMG_7546.jpg',0,1,32.9500,0,9,'2018-11-08',2.00000000,5,0.00000000,0.00000000,0.00000000,3,1,1,1,1,'2018-11-09 10:33:32','2019-03-20 20:07:01',6864),(188,'RWSGCWF1','','','','','','','',5,7,'data/categories/Wooden cases/semi-gloss1-withlogo.jpg',0,1,36.5000,0,9,'2017-07-11',1.00000000,5,9.00000000,5.50000000,1.50000000,3,1,1,1,0,'2017-07-12 14:18:41','2019-04-01 07:49:40',0),(189,'dbl6nwb1','','','','','','','',24,5,'data/categories/Wooden cases/Natural-finish-box.jpg',0,1,11.5000,0,9,'2017-07-11',1.00000000,5,8.50000000,2.50000000,2.75000000,3,1,1,1,1,'2017-07-12 16:13:27','2017-08-18 11:17:18',5064),(190,'dbl6nwocdb1','','','','','','','',40,5,'data/categories/Wooden cases/Natural-finish-custom-box3.jpg',0,1,19.9500,0,9,'2017-07-11',1.00000000,5,8.50000000,2.50000000,2.75000000,3,1,1,1,1,'2017-07-12 16:18:36','2018-12-06 08:47:50',5376),(191,'dbl6togoldbox','','','','','','','',40,7,'data/categories/paper-boxes/red-gold.jpg',0,1,30.9500,0,9,'2017-09-12',1.50000000,5,8.00000000,6.00000000,2.00000000,3,1,1,1,0,'2017-09-13 14:31:51','2019-04-06 16:45:00',736),(192,'dbl6togoldboxspinn','','','','','','','',10,5,'data/categories/paper-boxes/paper box with spinner/red-gold-spinner.jpg',0,1,30.9500,0,9,'2017-09-14',1.50000000,5,8.00000000,6.00000000,2.00000000,3,1,1,1,0,'2017-09-15 15:31:01','2019-04-06 16:45:11',514),(193,'dbl6tocoppbox','','','','','','','',35,7,'data/categories/paper-boxes/black-copper.jpg',0,1,30.9500,0,9,'2017-09-14',1.50000000,5,8.00000000,6.00000000,2.00000000,3,1,1,1,0,'2017-09-15 16:21:58','2019-04-06 16:43:54',1044),(198,'cus-spin-dom1-basswo','','','','','','','',100,7,'data/categories/wooden-spinner2.jpg',0,1,129.9500,0,9,'2018-04-18',0.00000000,5,0.00000000,0.00000000,0.00000000,3,1,1,7,1,'2018-04-19 14:55:03','2019-10-02 20:38:15',2406),(199,'cus-spin-dom1-basswost','','','','','','','',99,7,'data/wooden-spinner-3.jpg',0,1,139.9500,0,9,'2018-04-18',0.00000000,5,0.00000000,0.00000000,0.00000000,3,1,1,8,1,'2018-04-19 15:11:57','2019-10-02 20:38:32',2699),(200,' pip-cus-dom1-basswo','','','','','','','',25,7,'data/categories/pip-wooden.jpg',0,1,119.9500,0,9,'2018-04-18',0.00000000,5,0.00000000,0.00000000,0.00000000,3,1,1,3,1,'2018-04-19 15:22:17','2019-10-02 20:37:27',2281),(201,'pip-cus-dom1-basswost','','','','','','','',26,7,'data/categories/pip-wooden2.jpg',0,1,139.9500,0,9,'2018-04-18',0.00000000,5,0.00000000,0.00000000,0.00000000,3,1,1,4,1,'2018-04-19 15:25:13','2019-10-02 20:37:54',2356),(202,'MPD6','','','','','','','',500,5,NULL,0,1,46.9500,0,9,'2018-05-02',1.00000000,5,4.25000000,7.38000000,1.60000000,3,0,1,1,1,'2018-05-03 10:32:35','0000-00-00 00:00:00',0),(203,'MPD6','','','','','','','',500,5,NULL,0,1,46.9500,0,9,'2018-05-02',1.00000000,5,4.25000000,7.38000000,1.60000000,3,0,1,1,1,'2018-05-03 10:33:13','0000-00-00 00:00:00',0),(204,'MPD6','','','','','','','',500,5,'data/mothersdaycategory.png',0,1,54.9500,0,9,'2018-05-02',1.00000000,5,0.00000000,0.00000000,0.00000000,3,1,1,1,1,'2018-05-03 10:35:26','2018-10-23 21:10:55',7851),(205,'DBL-6-Piano-Finish','','','','','','','',0,5,'data/piano1.jpg',0,1,96.5000,0,9,'2018-07-01',0.00000000,5,0.00000000,0.00000000,0.00000000,3,1,1,1,1,'2018-07-02 14:59:05','2018-12-14 12:53:37',2112),(207,'TXHOLDEM','','','','','','','',92,5,'data/CARDominoes/IMG_7551.jpg',0,1,31.9500,0,9,'2018-11-08',0.00000000,5,0.00000000,0.00000000,0.00000000,3,1,1,1,1,'2018-11-09 10:38:02','0000-00-00 00:00:00',2881),(208,'mex-dbl-12-trnt','','','','','','','',83,5,'data/Double 12 Tournament Size Dominoes/IMG_7988.jpg',0,1,60.0000,0,9,'2018-11-27',6.00000000,5,0.00000000,0.00000000,0.00000000,3,1,1,1,1,'2018-11-28 14:54:58','2019-03-20 09:06:32',7909),(209,'domdbl6T','','','','','','','',69,5,'data/products/colored-dominoes/frostedRed.jpg',0,1,24.9500,0,9,'2016-05-25',2.00000000,5,0.00000000,0.00000000,0.00000000,3,1,1,1,1,'2019-03-18 21:47:49','2019-07-12 02:10:05',3512);

--
-- Table structure for table `product_attribute`
--

CREATE TABLE `product_attribute` (
  `product_id` int(11) NOT NULL,
  `attribute_id` int(11) NOT NULL,
  `language_id` int(11) NOT NULL,
  `text` text NOT NULL,
  PRIMARY KEY (`product_id`,`attribute_id`,`language_id`)
) ENGINE=MyISAM DEFAULT CHARSET=utf8;

--
-- Dumping data for table `product_attribute`
--

INSERT INTO `product_attribute` VALUES (58,12,1,'Approximately 1&quot; x 2&quot; x 1/2&quot; thick '),(51,12,1,'Approximately 1 3/32&quot; x 2 3/16&quot; x 1/2&quot; thick '),(59,16,1,'6+'),(62,16,1,'6+'),(61,12,1,'Approximately 1&quot; x 2&quot; x 1/2&quot; thick '),(51,15,1,'2-4'),(51,16,1,'6+'),(50,16,1,'6+'),(60,14,1,'91'),(60,15,1,'2-8'),(50,12,1,'Approximately 1&quot; x 2&quot; x 1/2&quot; thick '),(61,14,1,'91'),(61,15,1,'2-8'),(62,14,1,'55'),(62,15,1,'2-6'),(66,14,1,'28'),(59,15,1,'2-6'),(59,14,1,'55'),(67,14,1,'55'),(67,15,1,'2-6'),(52,14,1,'56 (52 card tiles, 2 jokers and 2 informational tiles)'),(0,12,1,'Approximately 1&quot; x 2&quot; x 1/2&quot; thick '),(0,14,1,'28'),(0,15,1,'2-4'),(0,16,1,'6+'),(69,12,1,'Approximately 1&quot;x 2&quot; x 0.5&quot;'),(70,12,1,'Approximately 1&quot;x 2&quot; x 0.5&quot;'),(65,14,1,'91'),(65,15,1,'2-8'),(90,12,1,'Approximately 1&quot;x 2&quot; x 0.5&quot;'),(93,14,1,'28'),(93,15,1,'2-4'),(93,12,1,'Approximately 1&quot; x 2&quot; x 1/2&quot; thick '),(89,12,1,'Approximately 1&quot;x 2&quot; x 0.5&quot;'),(162,12,1,'Approximately 1&quot;x 2&quot; x 0.5&quot;'),(102,12,1,'Approximately 1&quot;x 2&quot; x 0.5&quot;'),(135,12,1,'Approximately 1&quot;x 2&quot; x 0.5&quot;'),(161,12,1,'Approximately 1&quot;x 2&quot; x 0.5&quot;'),(52,12,1,'Approximately 1&quot; x 2&quot; x 1/2&quot; thick '),(93,16,1,'6+'),(51,14,1,'28'),(61,16,1,'6+'),(50,15,1,'2-4'),(58,14,1,'28'),(60,16,1,'6+'),(50,14,1,'28'),(67,16,1,'6+'),(65,16,1,'6+'),(66,12,1,'Approximately 1&quot; x 2&quot; x 1/2&quot; thick '),(62,12,1,'Approximately 1&quot; x 2&quot; x 1/2&quot; thick '),(67,12,1,'Approximately 1&quot; x 2&quot; x 1/2&quot; thick '),(58,15,1,'2-4'),(52,15,1,'1-8'),(52,16,1,'6+'),(65,12,1,'Approximately 1&quot; x 2&quot; x 1/2&quot; thick '),(60,12,1,'Approximately 1&quot; x 2&quot; x 1/2&quot; thick '),(66,15,1,'2-4'),(66,16,1,'6+'),(58,16,1,'6+'),(59,12,1,'Approximately 1&quot; x 2&quot; x 1/2&quot; thick ');

--
-- Table structure for table `product_cartupsell`
--

CREATE TABLE `product_cartupsell` (
  `product_id` int(11) NOT NULL,
  `cartupsell_id` int(11) NOT NULL,
  PRIMARY KEY (`product_id`,`cartupsell_id`)
) ENGINE=MyISAM DEFAULT CHARSET=latin1;

--
-- Dumping data for table `product_cartupsell`
--

INSERT INTO `product_cartupsell` VALUES (0,53),(0,181),(58,54),(66,53),(90,91),(204,181);

--
-- Table structure for table `product_description`
--

CREATE TABLE `product_description` (
  `product_id` int(11) NOT NULL,
  `language_id` int(11) NOT NULL,
  `name` varchar(255) NOT NULL,
  `description` text NOT NULL,
  `meta_description` varchar(255) NOT NULL,
  `meta_keyword` varchar(255) NOT NULL,
  `tag` text NOT NULL,
  PRIMARY KEY (`product_id`,`language_id`),
  KEY `name` (`name`)
) ENGINE=MyISAM DEFAULT CHARSET=utf8;

--
-- Dumping data for table `product_description`
--

INSERT INTO `product_description` VALUES (79,1,'Spinner Double 9 Dominoes With Wild Tiles In Collectable Tin','&lt;p&gt;&lt;span style=&quot;background-color:rgb(233, 233, 233); color:rgb(0, 0, 0); font-family:arial,helvetica,clean,sans-serif&quot;&gt;The Game of Wild Dominoes. A dynamic double 9 domino game plus 11 spinner pieces as wild dominoes. A great combination of other dominoes games, with the wild spinner dominoes used to keep the game moving fast. A most exciting and extremely popular game, manufactured and distributed by Puremco. Standard domino size, colored-coded dots. Colorful Collector&amp;#39;s Tin, Score pad included. 66 Dominoes&lt;/span&gt;&lt;/p&gt;\r\n\r\n&lt;ul style=&quot;list-style-type:none&quot;&gt;\r\n	&lt;li&gt;Manufacturer:&amp;nbsp;&lt;a href=&quot;https://web.archive.org/web/20140330175341/http://www.dominoes.com/by/24/puremco/&quot; style=&quot;color: rgb(156, 38, 29);&quot; title=&quot;Puremco&quot;&gt;Puremco&lt;/a&gt;&lt;/li&gt;\r\n	&lt;li&gt;Item Number: SPINT&lt;/li&gt;\r\n	&lt;li&gt;UPC: 014126007119&lt;/li&gt;\r\n	&lt;li&gt;Recommended for: ages 6+.&lt;/li&gt;\r\n	&lt;li&gt;Weighs approximately 4&amp;nbsp;pounds..&lt;/li&gt;\r\n&lt;/ul&gt;\r\n\r\n&lt;p&gt;&amp;nbsp;&lt;/p&gt;\r\n','Spinner Double 9 Dominoes With Wild Tiles In Collectable Tin','Spinner Double 9 Dominoes With Wild Tiles In Collectable Tin',''),(80,1,'Chickenfoot Tournament Size Dominoes','&lt;p&gt;&lt;span style=&quot;background-color:rgb(233, 233, 233); color:rgb(0, 0, 0); font-family:arial,helvetica,clean,sans-serif&quot;&gt;55 Double 9 Dominoes, Tournament size, Superior quality, Largest, Thickest, with Jumbo Colored Dots. Domino size 1 3/32&amp;quot; x 2 3/16&amp;quot; x 1/2 thick. Case is black leatherette, heavy-duty with snap closure. Clear Plastic centerpiece included.&lt;/span&gt;&lt;/p&gt;\r\n\r\n&lt;p&gt;&amp;nbsp;&lt;/p&gt;\r\n\r\n&lt;ul style=&quot;list-style-type:none&quot;&gt;\r\n	&lt;li&gt;Manufacturer:&amp;nbsp;&lt;a href=&quot;https://web.archive.org/web/20140726063159/http://www.dominoes.com/by/24/puremco/&quot; style=&quot;color: rgb(156, 38, 29);&quot; title=&quot;Puremco&quot;&gt;Puremco&lt;/a&gt;&lt;/li&gt;\r\n	&lt;li&gt;Item Number: TD9&lt;/li&gt;\r\n	&lt;li&gt;UPC: 0 14126 00916 8&lt;/li&gt;\r\n	&lt;li&gt;Recommended for: ages 6+.&lt;/li&gt;\r\n	&lt;li&gt;Weighs approximately 3.90 pounds..&lt;/li&gt;\r\n&lt;/ul&gt;\r\n\r\n&lt;p&gt;&amp;nbsp;&lt;/p&gt;\r\n\r\n&lt;p&gt;&amp;nbsp;&lt;/p&gt;\r\n\r\n&lt;p&gt;&amp;nbsp;&lt;/p&gt;\r\n','55 Double 9 Dominoes, Tournament size, Superior quality, Largest, Thickest, with Jumbo Colored Dots','Tournament size dominoes, Double 9 dominoes, domino case, personalized dominoes, Chicken Foot',''),(81,1,'Spinner Dominoes To Go Domino set','&lt;p&gt;&lt;span style=&quot;background-color:rgb(233, 233, 233); color:rgb(0, 0, 0); font-family:arial,helvetica,clean,sans-serif&quot;&gt;Spinner is a dynamic Double 9 domino game with speed, flexibility, and fun to keep game moving! Includes 66 Fun Size, Double 9, Number Dominoes plus 11 Wild Spinner Tiles, Centerpiece, and Rules for Chickenfoot, Mexican Train and Straight Dominoes. Includes zippered case for storage and easy travel.&lt;/span&gt;&lt;/p&gt;\r\n\r\n&lt;p&gt;&amp;nbsp;&lt;/p&gt;\r\n\r\n&lt;ul style=&quot;list-style-type:none&quot;&gt;\r\n	&lt;li&gt;Manufacturer:&amp;nbsp;&lt;a href=&quot;https://web.archive.org/web/20140211160825/http://www.dominoes.com/by/24/puremco/&quot; style=&quot;color: rgb(156, 38, 29);&quot; title=&quot;Puremco&quot;&gt;Puremco&lt;/a&gt;&lt;/li&gt;\r\n	&lt;li&gt;Item Number: SMSPIN&lt;/li&gt;\r\n	&lt;li&gt;UPC: 0 14126 06606 2&lt;/li&gt;\r\n	&lt;li&gt;Recommended for: ages 6+.&lt;/li&gt;\r\n	&lt;li&gt;Weighs approximately 2 pounds..&lt;/li&gt;\r\n&lt;/ul&gt;\r\n\r\n&lt;p&gt;&amp;nbsp;&lt;/p&gt;\r\n\r\n&lt;p&gt;&amp;nbsp;&lt;/p&gt;\r\n\r\n&lt;p&gt;&amp;nbsp;&lt;/p&gt;\r\n','Spinner is a dynamic Double 9 domino game with speed, flexibility, and fun to keep game moving! Includes 66 Fun Size, Double 9, Number Dominoes plus 11 Wild Spinner Tiles, Centerpiece, and Rules for Chickenfoot, Mexican Train and Straight Dominoes. Includ','Spinner is a dynamic Double 9 domino game with speed, flexibility, and fun to keep game moving! Includes 66 Fun Size, Double 9, Number Dominoes plus 11 Wild Spinner Tiles, Centerpiece, and Rules for Chickenfoot, Mexican Train and Straight Dominoes. Includ',''),(82,1,'Chickenfoot To Go Domino set','&lt;p&gt;&lt;span style=&quot;background-color:rgb(233, 233, 233); color:rgb(0, 0, 0); font-family:arial,helvetica,clean,sans-serif&quot;&gt;ChickenFoot in new fun size tiles and zippered travel case. Includes 55 double 9, number dominoes, centerpiece, and rules for chickenfoot, mexican train and straight dominoes. Includes zippered case for storage and easy travel.&lt;/span&gt;&lt;/p&gt;\r\n\r\n&lt;p&gt;&amp;nbsp;&lt;/p&gt;\r\n\r\n&lt;ul style=&quot;list-style-type:none&quot;&gt;\r\n	&lt;li&gt;Manufacturer:&amp;nbsp;&lt;a href=&quot;https://web.archive.org/web/20140220110927/http://www.dominoes.com/by/24/puremco/&quot; style=&quot;color: rgb(156, 38, 29);&quot; title=&quot;Puremco&quot;&gt;Puremco&lt;/a&gt;&lt;/li&gt;\r\n	&lt;li&gt;Item Number: SMCHICK&lt;/li&gt;\r\n	&lt;li&gt;UPC: 014126066079&lt;/li&gt;\r\n	&lt;li&gt;Recommended for: ages 6+.&lt;/li&gt;\r\n	&lt;li&gt;Weighs approximately 2 pounds..&lt;/li&gt;\r\n&lt;/ul&gt;\r\n\r\n&lt;p&gt;&amp;nbsp;&lt;/p&gt;\r\n\r\n&lt;p&gt;&amp;nbsp;&lt;/p&gt;\r\n\r\n&lt;p&gt;&amp;nbsp;&lt;/p&gt;\r\n','55 Double 9 Dominoes, Tournament size, Superior quality, Largest, Thickest, with Jumbo Colored Dots','Tournament size dominoes, Double 9 dominoes, domino case, personalized dominoes, ChickenFoot',''),(74,1,'Dominoes To Go Domino set','&lt;p&gt;&lt;span style=&quot;background-color:rgb(233, 233, 233); color:rgb(0, 0, 0); font-family:arial,helvetica,clean,sans-serif&quot;&gt;Travel size dominoes for the entire family. Includes 28 Large Professional Size, Double 6 Dominoes, Rules for Straight Dominoes, &amp;quot;42&amp;quot;, &amp;quot;84&amp;quot; and Moon. Includes zippered case for storage and easy travel.&lt;/span&gt;&lt;/p&gt;\r\n\r\n&lt;p&gt;&amp;nbsp;&lt;/p&gt;\r\n\r\n&lt;ul style=&quot;list-style-type:none&quot;&gt;\r\n	&lt;li&gt;Manufacturer:&amp;nbsp;&lt;a href=&quot;https://web.archive.org/web/20140220110927/http://www.dominoes.com/by/24/puremco/&quot; style=&quot;color: rgb(156, 38, 29);&quot; title=&quot;Puremco&quot;&gt;Puremco&lt;/a&gt;&lt;/li&gt;\r\n	&lt;li&gt;Item Number: DOMTOGO&lt;/li&gt;\r\n	&lt;li&gt;UPC: 0 14126 06608 6&lt;/li&gt;\r\n	&lt;li&gt;Recommended for: ages 6+.&lt;/li&gt;\r\n	&lt;li&gt;Weighs approximately 2 pounds..&lt;/li&gt;\r\n&lt;/ul&gt;\r\n\r\n&lt;p&gt;&amp;nbsp;&lt;/p&gt;\r\n\r\n&lt;p&gt;&amp;nbsp;&lt;/p&gt;\r\n\r\n&lt;p&gt;&amp;nbsp;&lt;/p&gt;\r\n','Travel size dominoes for the entire family. Includes 28 Large Professional Size, Double 6 Dominoes, Rules for Straight Dominoes, &quot;42&quot;, &quot;84&quot; and Moon. Includes zippered case for storage and easy travel.','Travel size dominoes for the entire family. Includes 28 Large Professional Size, Double 6 Dominoes, Rules for Straight Dominoes, &quot;42&quot;, &quot;84&quot; and Moon. Includes zippered case for storage and easy travel.',''),(83,1,'Classic Rummy To Go','&lt;p&gt;&lt;span style=&quot;background-color:rgb(233, 233, 233); color:rgb(0, 0, 0); font-family:arial,helvetica,clean,sans-serif&quot;&gt;Players try and complete combinations by suite, consecutive numbers, and value. Rummy is easy to learn for first time players. Includes 104 fun size playing tiles (traditional 52 cards) two of each tile in four suites plus two joker tiles, and rules.&lt;/span&gt;&lt;/p&gt;\r\n\r\n&lt;ul style=&quot;list-style-type:none&quot;&gt;\r\n	&lt;li&gt;Manufacturer:&amp;nbsp;&lt;a href=&quot;https://web.archive.org/web/20140726082521/http://www.dominoes.com/by/24/puremco/&quot; style=&quot;color: rgb(156, 38, 29);&quot; title=&quot;Puremco&quot;&gt;Puremco&lt;/a&gt;&lt;/li&gt;\r\n	&lt;li&gt;Item Number: SMRUM&lt;/li&gt;\r\n	&lt;li&gt;UPC: 0 14126 01617 3&lt;/li&gt;\r\n	&lt;li&gt;Recommended for: ages 10+.&lt;/li&gt;\r\n	&lt;li&gt;Weighs approximately 3 pounds..&lt;/li&gt;\r\n&lt;/ul&gt;\r\n\r\n&lt;p&gt;&amp;nbsp;&lt;/p&gt;\r\n\r\n&lt;p&gt;&amp;nbsp;&lt;/p&gt;\r\n\r\n&lt;p&gt;&amp;nbsp;&lt;/p&gt;\r\n','Players try and complete combinations by suite, consecutive numbers, and value. Rummy is easy to learn for first time players. Includes 104 fun size playing tiles (traditional 52 cards) two of each tile in four suites plus two joker tiles, and rules.','Players try and complete combinations by suite, consecutive numbers, and value. Rummy is easy to learn for first time players. Includes 104 fun size playing tiles (traditional 52 cards) two of each tile in four suites plus two joker tiles, and rules.',''),(84,1,'Mexican Train Deluxe Domino Set With Numbers In Collectable Tin','&lt;p&gt;&lt;span style=&quot;background-color:rgb(233, 233, 233); color:rgb(0, 0, 0); font-family:arial,helvetica,clean,sans-serif&quot;&gt;91Double 12 Professional, Number Dominoes with Jumbo Colored Numerals. It is the newest way to play Mexican Train, Chickenfoot, and all your favorite domino games. Once you have played with Number Dominoes, you may never want to play with Dots again. They are easy to see across the table and easy to add when scoring. Includes rules for Mexican Train, Chickenfoot, and six other popular games, a dual-use 50 page score pad, and electric dual-sound centerpiece with a train sounder and rooster sounder and 8 glitter train markers. Everything stores inside the train shaped, collector&amp;#39;s tin.&lt;/span&gt;&lt;/p&gt;\r\n\r\n&lt;ul style=&quot;list-style-type:none&quot;&gt;\r\n	&lt;li&gt;Manufacturer:&amp;nbsp;&lt;a href=&quot;https://web.archive.org/web/20140330181949/http://www.dominoes.com/by/24/puremco/&quot; style=&quot;color: rgb(156, 38, 29);&quot; title=&quot;Puremco&quot;&gt;Puremco&lt;/a&gt;&lt;/li&gt;\r\n	&lt;li&gt;Item Number: PND12T&lt;/li&gt;\r\n	&lt;li&gt;UPC: 0 14126 13702 1&lt;/li&gt;\r\n	&lt;li&gt;Recommended for: ages 6+.&lt;/li&gt;\r\n	&lt;li&gt;Weighs approximately 5.28 pounds..&lt;/li&gt;\r\n&lt;/ul&gt;\r\n\r\n&lt;p&gt;&amp;nbsp;&lt;/p&gt;\r\n','Professional size Double 9 Dominoes','Professional size dominoes, Double 6 dominoes, domino case, personalized dominoes, Mexican Train',''),(61,1,'Professional Size Double 12 Dominoes','&lt;p&gt;Double 12 dominoes with colorful numbers for easier recognition &amp;amp; counting.&amp;nbsp; Play Mexican Train, Chickenfoot and all popular, challenging domino games.&amp;nbsp; Fun for the entire family !&lt;/p&gt;\r\n','Double 12 dominoes with colorful numbers for easier recognition &amp; counting. ','number dominoes, double 12 dominoes, Mexican Train, Chickenfoot, puremco dominoes, imprinted dominoes',''),(50,1,'Professional Size Double 6 Dominoes','&lt;p&gt;The world&amp;#39;s finest, MarbleLike dominoes are created from a proprietary resin blend&amp;nbsp;so each domino can be permanently&amp;nbsp;personalized. Double 6&amp;nbsp;sets include 28 professional size dominoes with black dots.&amp;nbsp; Professional size tiles are approximately 1&amp;quot; x 2&amp;quot; x &lt;span style=&quot;font-size:12px&quot;&gt;1/2&lt;/span&gt;&amp;quot;.&lt;/p&gt;\r\n','imprinted dominoes for any occasion','personalized custom dominoes, double 6, custom dominoes, gifts, logo, named dominoes',''),(56,1,'Basswood Country Case for Professional Size Double 12 Dominoes','&lt;p&gt;Solid Basswood, hardwood case with natural unfinished surfaces, Sliding, see-though, plexi-glass lid allows the dominoes and custom design to be displayed.&lt;/p&gt;\r\n\r\n&lt;p&gt;For&amp;nbsp;double 12 professional size custom personalized dominoes.&lt;/p&gt;\r\n\r\n&lt;p&gt;Recommended for: ages 6+.&amp;nbsp;&amp;nbsp;&amp;nbsp;&amp;nbsp; Weighs approximately 0.88 pounds.&lt;/p&gt;\r\n\r\n&lt;p&gt;Dominoes sold separately.&lt;/p&gt;\r\n\r\n&lt;p&gt;&amp;nbsp;&lt;/p&gt;\r\n','Basswood domino case with natural unfinished surfaces for Double 12 custom dominoes.','Custom dominoes, Double 12 dominoes, domino case, personalized dominoes, Mexican Train',''),(59,1,'Professional Size Numeral 9 Dominoes','&lt;p&gt;New customized number dominoes.&amp;nbsp; Includes 55 dominoes with color coded numbers for easy identification.&amp;nbsp; Visit dominorules.com for game rules.&lt;/p&gt;\r\n','Customized number dominoes.  Includes 55 dominoes with color coded numbers for easy identification.','number dominoes, ChickenFoot, \r\npersonalized dominoes, color coded number dominoes,',''),(60,1,'Professional Size Numeral 12 Dominoes','&lt;p&gt;Double 12 professional size number dominoes.&amp;nbsp; 91 domino tiles, each with colorful numbers instead of dots.&amp;nbsp; Number dominoes arre easier to count and tally scores at the end of each round.&amp;nbsp;&amp;nbsp; Play Mexican Train &amp;amp; many other domino games.&lt;/p&gt;\r\n','Double 12 professional size number dominoes. ','Numeral dominoes, double 12, Mexican Train, personalized number dominoes, Christmas gifts',''),(55,1,'Basswood Country Case for Professional Size Double 9 Dominoes','&lt;p&gt;Solid Basswood Case with natural unfinished surfaces. Sliding, see-though, plexi-glass lid allows the dominoes with custom designs displayed.&amp;nbsp; For Double 9 custom dominoes.&lt;/p&gt;\r\n\r\n&lt;p&gt;Recommended for: ages 6+.&amp;nbsp;&amp;nbsp;&amp;nbsp; Weighs approximately 0.56 pounds.&lt;/p&gt;\r\n\r\n&lt;p&gt;Dominoes not included.&lt;/p&gt;\r\n\r\n&lt;p&gt;&amp;nbsp;&lt;/p&gt;\r\n','Wood Domino Case with natural unfinished surfaces for Double 9 custom dominoes.','Wood domino case, double 9 dominoes, personalized dominoes, ',''),(65,1,'Professional Size Double 12 Mexican Train Dominoes','&lt;p&gt;&lt;span style=&quot;font-family:times new roman,serif; font-size:12.0pt&quot;&gt;Double 12 dominoes with color dots. The back of each domino tile features a permanently imprinted adorable train image.&amp;nbsp; A unique gift for dedicated players of Mexican Train!&lt;/span&gt;&lt;/p&gt;\r\n','Double 12 dominoes with colored dots for playing Mexican Train, Chickenfoot and all of your favorite domino games.','number dominoes, double 12 dominoes, Mexican Train, Chickenfoot, puremco dominoes, imprinted dominoes',''),(78,1,'Puremco\'s Great Book of Domino Games','&lt;p&gt;&lt;span style=&quot;background-color:rgb(233, 233, 233); color:rgb(0, 0, 0); font-family:arial,helvetica,clean,sans-serif&quot;&gt;Puermco&amp;#39;s Great Book of Domino Games, by Jennifer Kelley. Most complete set of 68 popular, current, and traditional domino games. Includes Chickenfoot, Mexican Train, 42, Nel-O, 84, 88, Moon, Plunge, Solitaire, Double Cross, Spolier, Pip, Wildstar, Racehorse, Spinner, Cuban Dominoes, Straight Dominoes, 5-up, Sniff, Block, Draw, Oriental dominoes, Pai Gow plus 42 others. 96 pages&lt;/span&gt;&lt;/p&gt;\r\n\r\n&lt;ul style=&quot;list-style-type:none&quot;&gt;\r\n	&lt;li&gt;Manufacturer:&amp;nbsp;&lt;a href=&quot;https://web.archive.org/web/20140726091241/http://www.dominoes.com/by/24/puremco/&quot; style=&quot;color: rgb(156, 38, 29);&quot; title=&quot;Puremco&quot;&gt;Puremco&lt;/a&gt;&lt;/li&gt;\r\n	&lt;li&gt;Item Number: GRGB&lt;/li&gt;\r\n	&lt;li&gt;UPC: 0 14126 00701 0&lt;/li&gt;\r\n	&lt;li&gt;Recommended for: adult.&lt;/li&gt;\r\n	&lt;li&gt;Weighs approximately 0.34 pounds..&lt;/li&gt;\r\n&lt;/ul&gt;\r\n\r\n&lt;p&gt;&amp;nbsp;&lt;/p&gt;\r\n\r\n&lt;p&gt;&amp;nbsp;&lt;/p&gt;\r\n\r\n&lt;p&gt;&amp;nbsp;&lt;/p&gt;\r\n','Puremco\'s Great Book of Domino Games','Puremco\'s Great Book of Domino Games',''),(62,1,'Professional Size Double 9 Dominoes','&lt;p&gt;Customize your set of Double 9 dominoes that&amp;nbsp;includes 55 exclusive resin dominoes.&lt;/p&gt;\r\n\r\n&lt;p&gt;Professional size dominoes are approximately 1&amp;quot; x 2&amp;quot; x 1/2&amp;quot;.&amp;nbsp; Check out dominorules.com for game suggestions &amp;amp; rules, including the popular ChickenFoot.&lt;/p&gt;\r\n','Double 9 dominoes including 55 exclusive resin dominoes.  ','MarbleLike, double 9, ChickenFoot, dominoes, domino rules, personal designs',''),(58,1,'Professional Size Numeral 6 Dominoes','&lt;p&gt;Play your favorite domino games with professional size double 6 numeral dominoes.&amp;nbsp; Color coded numbers are easier to see &amp;amp; count.&lt;/p&gt;\r\n','Double 6 custom dominoes include colorful numbers for easier play.','Double 6 numeral dominoes, number dominoes, 42, straight dominoes, custom dominoes, double 6',''),(53,1,'Walnut Case for PROFESSIONAL Size Double 6 Dominoes','&lt;p&gt;Choose to have your Double 6 dominoes encased in rich walnut. Constructed of solid wood, harvested from environmentally friendly forests, this handsome case is perfect for storing your D6 personalized dominoes. Made in America!&lt;/p&gt;\r\n\r\n&lt;p&gt;Dominoes sold separately.&lt;/p&gt;\r\n','Wood domino case for double 6 dominoes.','gifts, wood domino cast, walnut domino case, domino storage, double 6 case, made in America',''),(0,1,'Professional Size Double 6 Texana Dominoes','&lt;p&gt;The world&amp;#39;s finest, MarbleLike dominoes are created from a proprietary resin blend&amp;nbsp;so each domino can be permanently&amp;nbsp;personalized. Double 6&amp;nbsp;sets include 28 professional size dominoes with black dots.&amp;nbsp; Professional size tiles are approximately 1&amp;quot; x 2&amp;quot; x &lt;span style=&quot;font-size:12px&quot;&gt;1/2&lt;/span&gt;&amp;quot;.&lt;/p&gt;\r\n','imprinted dominoes for any occasion','personalized custom dominoes, double 6, custom dominoes, gifts, logo, named dominoes',''),(52,1,'CARDominoes','&lt;p&gt;Play Texas Hold&amp;#39;em and all your favorite card games with a personalized set of CARDominoes.&amp;nbsp; Includes 54&amp;nbsp;domino tiles&amp;nbsp;with imprinted&amp;nbsp;playing cards.&amp;nbsp; Add your name on the back for a perfect night of card playing.&lt;/p&gt;\r\n\r\n&lt;p&gt;Great for playing outdoors!&lt;/p&gt;\r\n','Play all your favorite card games with a personalized set of CARDominoes. ','imprinted playing cards, domino playing cards, Cardominoes, puremco dominoes, Texas Hold\'em',''),(51,1,'Tournament Size Double 6 Dominoes','&lt;p&gt;Dominoes tiles, made of a proprietary blend can be personalized on the back of each domino tile. Includes 28 tournament size dominoes with black dots.&amp;nbsp; Dominoes are approximately 1 &lt;span style=&quot;font-size:10px&quot;&gt;3/32&lt;/span&gt;&amp;quot; x 2 &lt;span style=&quot;font-size:10px&quot;&gt;3/16&lt;/span&gt;&amp;quot; x &lt;span style=&quot;font-size:10px&quot;&gt;1/2&lt;/span&gt;&amp;quot; thick&lt;/p&gt;\r\n','The worlds finest Double 6 MarbleLike dominoes are the only domino tiles in the world that can be personalized.\r\n','Tournament Double 6 dominoes, domino tournament, 42, personlalized custom dominoes, holiday gifts',''),(54,1,'Engraved Walnut Case for PROFESSIONAL Size Double 6 Dominoes(dominoes are not included and will need to be purchased separately)','&lt;p&gt;Give the ultimate gift of having your walnut case personally engraved. Cases can have the same personalization as your dominoes lasered directly onto the wood. Engraving will match your custom domino design. Made in America!&lt;/p&gt;\r\n\r\n&lt;p&gt;Dominoes sold separately. 5 days required for engraved walnut cases.&lt;/p&gt;\r\n','Engraved wood domino case for double 6 personalized dominoes. Made in America.','Wood domino case, double 6 dominoes, custom dominoes, engraved domino cases, holiday gifts',''),(66,1,'Professional Size Double 6 Texana Dominoes','&lt;p&gt;The world&amp;#39;s finest, MarbleLike dominoes are created from a proprietary resin blend&amp;nbsp;so each domino can be permanently&amp;nbsp;personalized. Double 6&amp;nbsp;sets include 28 professional size dominoes with black dots.&amp;nbsp; Professional size tiles are approximately 1&amp;quot; x 2&amp;quot; x &lt;span style=&quot;font-size:12px&quot;&gt;1/2&lt;/span&gt;&amp;quot;.&lt;/p&gt;\r\n','imprinted dominoes for any occasion','personalized custom dominoes, double 6, custom dominoes, gifts, logo, named dominoes',''),(67,1,'Professional Size Double 9 Dominoes with Black Dots','&lt;p&gt;Customize your set of Double 9 dominoes that&amp;nbsp;includes 55 exclusive resin dominoes.&lt;/p&gt;\r\n\r\n&lt;p&gt;Professional size dominoes are approximately 1&amp;quot; x 2&amp;quot; x 1/2&amp;quot;.&amp;nbsp; Check out dominorules.com for game suggestions &amp;amp; rules, including the popular ChickenFoot.&lt;/p&gt;\r\n','Double 9 dominoes including 55 exclusive resin dominoes with black dots.  ','MarbleLike, double 9, ChickenFoot, dominoes, domino rules, personal designs',''),(69,1,'Professional Size Double 6 University Series Dominoes','&lt;p&gt;The world&amp;#39;s finest, MarbleLike dominoes are created from a proprietary resin blend&amp;nbsp;so each domino can be permanently&amp;nbsp;personalized. Double 6&amp;nbsp;sets include 28 professional size dominoes with black dots.&amp;nbsp; Professional size tiles are approximately 1&amp;quot; x 2&amp;quot; x&amp;nbsp;&lt;span style=&quot;font-size:12px&quot;&gt;1/2&lt;/span&gt;&amp;quot;.&lt;/p&gt;\r\n','imprinted dominoes for any occasion','personalized custom dominoes, double 6, custom dominoes, gifts, logo, named dominoes',''),(70,1,'Professional Size Double 6 Americana Series Dominoes','&lt;p&gt;The world&amp;#39;s finest, MarbleLike dominoes are created from a proprietary resin blend&amp;nbsp;so each domino can be permanently&amp;nbsp;personalized. Double 6&amp;nbsp;sets include 28 professional size dominoes with black dots.&amp;nbsp; Professional size tiles are approximately 1&amp;quot; x 2&amp;quot; x&amp;nbsp;&lt;span style=&quot;font-size:12px&quot;&gt;1/2&lt;/span&gt;&amp;quot;.&lt;/p&gt;\r\n','imprinted dominoes for any occasion','personalized custom dominoes, double 6, custom dominoes, gifts, logo, named dominoes',''),(71,1,'Test Product, Nothing to purchase','&lt;p&gt;Choose to have your Double 6 dominoes encased in rich walnut. Constructed of solid wood, harvested from environmentally friendly forests, this handsome case is perfect for storing your D6 personalized dominoes. Made in America!&lt;/p&gt;\r\n\r\n&lt;p&gt;Dominoes sold separately.&lt;/p&gt;\r\n','Wood domino case for double 6 dominoes.','gifts, wood domino cast, walnut domino case, domino storage, double 6 case, made in America',''),(72,1,'Professional Size Double 6 Dominoes','&lt;p&gt;Professional Domino Size: 1&amp;quot; x 2&amp;quot; x 3/8&amp;quot; thick.&lt;/p&gt;\r\n\r\n&lt;p&gt;Includes 28 Dominoes in a black, Leatherette,&lt;/p&gt;\r\n\r\n&lt;p&gt;heavy-duty case with snap enclosure&lt;/p&gt;\r\n\r\n&lt;p&gt;Recommended for: ages 6+.&amp;nbsp;&amp;nbsp;&amp;nbsp;&amp;nbsp; Weighs approximately 1.2 pounds.&lt;/p&gt;\r\n\r\n&lt;p&gt;&amp;nbsp;&lt;/p&gt;\r\n\r\n&lt;p&gt;&amp;nbsp;&lt;/p&gt;\r\n','Professional size Double 6 Dominoes','Professional size dominoes, Double 6 dominoes, domino case, personalized dominoes, Mexican Train',''),(73,1,'Tournament Size Dominoes Double 6 Color Dots','&lt;p&gt;&lt;span style=&quot;background-color:rgb(233, 233, 233); color:rgb(0, 0, 0); font-family:arial,helvetica,clean,sans-serif&quot;&gt;Tournament Size-Colored Dots&amp;nbsp;Dots. &amp;nbsp;Double 6 tournament size, Colored Dots&amp;nbsp;dots. 28 dominoes, Tournament Domino size is: 1 3/32&amp;quot; x 2 3/16&amp;quot; x 1/2&amp;quot; thick. Case is black letherette with snap closures.&lt;/span&gt;&lt;/p&gt;\r\n\r\n&lt;p&gt;&amp;nbsp;&lt;/p&gt;\r\n\r\n&lt;ul style=&quot;list-style-type:none&quot;&gt;\r\n	&lt;li&gt;Manufacturer:&amp;nbsp;&lt;a href=&quot;https://web.archive.org/web/20140726063159/http://www.dominoes.com/by/24/puremco/&quot; style=&quot;color: rgb(156, 38, 29);&quot; title=&quot;Puremco&quot;&gt;Puremco&lt;/a&gt;&lt;/li&gt;\r\n	&lt;li&gt;Item Number: TD6C-D6&lt;/li&gt;\r\n	&lt;li&gt;&amp;nbsp;&lt;/li&gt;\r\n	&lt;li&gt;Recommended for: ages 6+.&lt;/li&gt;\r\n	&lt;li&gt;Weighs approximately 1.70 pounds..&lt;/li&gt;\r\n&lt;/ul&gt;\r\n\r\n&lt;p&gt;&amp;nbsp;&lt;/p&gt;\r\n\r\n&lt;p&gt;&amp;nbsp;&lt;/p&gt;\r\n\r\n&lt;p&gt;&amp;nbsp;&lt;/p&gt;\r\n','28 Double 6 Dominoes, Tournament size, Superior quality, Largest, Thickest, with Jumbo Colored Dots','Tournament size dominoes, Double 6 dominoes, domino case, personalized dominoes, Chicken Foot',''),(76,1,'Professional Size Double 15 Number Dominoes','&lt;p&gt;&lt;em&gt;Play All Your Favorite Games!&lt;/em&gt;&lt;/p&gt;\r\n\r\n&lt;p&gt;Professional Size Number Domino Size: 1&amp;quot; x 2&amp;quot; x 3/8&amp;quot; thick.&lt;/p&gt;\r\n\r\n&lt;p&gt;Includes 136 Dominoes a clear plastic centerpiece and rules to 8 games,&lt;/p&gt;\r\n\r\n&lt;p&gt;including Chickenfoot and Mexican Train,&lt;/p&gt;\r\n\r\n&lt;p&gt;in a black, Leatherette,&lt;/p&gt;\r\n\r\n&lt;p&gt;heavy-duty case with snap enclosure.&lt;/p&gt;\r\n\r\n&lt;p&gt;2-12 players&lt;/p&gt;\r\n\r\n&lt;p&gt;Recommended for: ages 6+.&amp;nbsp;&amp;nbsp;&amp;nbsp;&amp;nbsp; Weighs approximately 9 pounds.&lt;/p&gt;\r\n\r\n&lt;p&gt;&amp;nbsp;&lt;/p&gt;\r\n\r\n&lt;p&gt;&amp;nbsp;&lt;/p&gt;\r\n','Professional size Double 15 Number Dominoes','Professional size dominoes, Double 15 Number dominoes, domino case, personalized dominoes, Mexican Train',''),(77,1,'Mexican Train And Chickenfoot Combo Domino Set In Tin','&lt;p&gt;&lt;span style=&quot;background-color:rgb(233, 233, 233); color:rgb(0, 0, 0); font-family:arial,helvetica,clean,sans-serif&quot;&gt;91 Double, 12 Professional Dominoes with Jumbo Colored Dots. This is the complete combination game set for playing either ChickenFoot or Mexican Train with copyrighted and official rules for both games. Includes dual-use 50 page score pad, an electronic dual-sound centerpiece with a rooster sounder for ChickenFoot, and a train sounder for Mexican Train. 9 Glitter train markers. Packed in a compact easy store descriptive and colorful tin.&lt;/span&gt;&lt;/p&gt;\r\n\r\n&lt;ul style=&quot;list-style-type:none&quot;&gt;\r\n	&lt;li&gt;Manufacturer:&amp;nbsp;&lt;a href=&quot;https://web.archive.org/web/20140304231832/http://www.dominoes.com/by/24/puremco/&quot; style=&quot;color: rgb(156, 38, 29);&quot; title=&quot;Puremco&quot;&gt;Puremco&lt;/a&gt;&lt;/li&gt;\r\n	&lt;li&gt;Item Number: CMPD12&lt;/li&gt;\r\n	&lt;li&gt;UPC: 0 14126 01208 3&lt;/li&gt;\r\n	&lt;li&gt;Recommended for: ages 6+.&lt;/li&gt;\r\n	&lt;li&gt;Weighs approximately 6 pounds..&lt;/li&gt;\r\n&lt;/ul&gt;\r\n\r\n&lt;p&gt;&amp;nbsp;&lt;/p&gt;\r\n','Professional size Double 9 Dominoes','Professional size dominoes, Double 9 dominoes, domino case, personalized dominoes, Mexican Train, chickenfoot',''),(75,1,'Mexican Train Deluxe Domino Set  In Collectable wood Case','&lt;p&gt;&lt;span style=&quot;color:rgb(0, 0, 0); font-family:verdana,arial,helvetica; font-size:small&quot;&gt;Mexican Train Dominoes, referred to by many as&amp;nbsp;&lt;/span&gt;&lt;em&gt;Trains&lt;/em&gt;&lt;span style=&quot;color:rgb(0, 0, 0); font-family:verdana,arial,helvetica; font-size:small&quot;&gt;, is a popular dominoes game where players work to dispense all the dominoes in their hand by playing them onto one or more chains (or trains) emanating from the central hub station. Front Porch Classics Mexican Train Dominoes feature the finest materials including an elegant wooden box, a solid wood train station, cast metal trains and 91 Professional style double twelve color dot dominoes.&lt;/span&gt;&lt;br /&gt;\r\n&lt;br /&gt;\r\n&lt;span style=&quot;color:rgb(0, 0, 0); font-family:verdana,arial,helvetica; font-size:small&quot;&gt;For 2 - 8 players, ages 8 and up.&lt;/span&gt;&lt;br /&gt;\r\n&lt;br /&gt;\r\n&lt;span style=&quot;color:rgb(0, 0, 0); font-family:verdana,arial,helvetica; font-size:small&quot;&gt;Contents Include: Wood Storage Bow with Felt Lining, 1 Wooden Train Station (Hub), 8 Cast Metal Trains, Set of Double Twelve Color Dot Dominoes, Score Pad and Instructions.&amp;nbsp;&lt;/span&gt;&lt;/p&gt;\r\n\r\n&lt;ul style=&quot;list-style-type:none&quot;&gt;\r\n	&lt;li&gt;Manufacturer:&amp;nbsp;&lt;a href=&quot;https://web.archive.org/web/20140330181949/http://www.dominoes.com/by/24/puremco/&quot; style=&quot;color: rgb(156, 38, 29);&quot; title=&quot;Puremco&quot;&gt;F&lt;/a&gt;ront Porch Classics&lt;/li&gt;\r\n	&lt;li&gt;Item Number: 53303&lt;/li&gt;\r\n	&lt;li&gt;Recommended for: ages 6+.&lt;/li&gt;\r\n	&lt;li&gt;Weighs approximately 8 pounds..&lt;/li&gt;\r\n&lt;/ul&gt;\r\n\r\n&lt;p&gt;&amp;nbsp;&lt;/p&gt;\r\n','Professional size Double 9 Dominoes','Professional size dominoes, Double 6 dominoes, domino case, personalized dominoes, Mexican Train',''),(85,1,'Rummikub','&lt;p&gt;&lt;span style=&quot;color:rgb(0, 0, 0); font-family:verdana,arial,helvetica; font-size:small&quot;&gt;The original rummy tile game of creating runs and sets of numbers now comes in a vintage gift box edition. Played by millions for over 50 years, Rummikub is a classic all-family game. The new edition features an all wooden storage box, complete set of 106 Rummikub game tiles and nifty slide-off lids which double as wood tile racks. Great high quality components and colorful tiles make this set a real treat.&amp;nbsp;&lt;/span&gt;&lt;br /&gt;\r\n&lt;br /&gt;\r\n&lt;img src=&quot;https://www.areyougame.com/interact/images/WarningIcon.gif&quot; style=&quot;color:rgb(0, 0, 0); font-family:verdana,arial,helvetica; font-size:small; height:31px; line-height:normal; width:31px&quot; /&gt;&lt;span style=&quot;color:rgb(0, 0, 0); font-family:verdana,arial,helvetica; font-size:small&quot;&gt;&amp;nbsp;&lt;/span&gt;&lt;strong&gt;Warning: Choking Hazard - Contains small parts not suitable for children under 3 years.&lt;/strong&gt;&lt;span style=&quot;color:rgb(0, 0, 0); font-family:verdana,arial,helvetica; font-size:small&quot;&gt;&amp;nbsp;&lt;/span&gt;&lt;/p&gt;\r\n\r\n&lt;ul style=&quot;list-style-type: none;&quot;&gt;\r\n	&lt;li&gt;Manufacturer:&amp;nbsp;&lt;a href=&quot;https://web.archive.org/web/20140330181949/http://www.dominoes.com/by/24/puremco/&quot; style=&quot;color: rgb(156, 38, 29);&quot; title=&quot;Puremco&quot;&gt;F&lt;/a&gt;ront Porch Classics&lt;/li&gt;\r\n	&lt;li&gt;Item Number: 53302&lt;/li&gt;\r\n	&lt;li&gt;&amp;nbsp;&lt;/li&gt;\r\n	&lt;li&gt;Weighs approximately 4&amp;nbsp;pounds..&lt;/li&gt;\r\n&lt;/ul&gt;\r\n\r\n&lt;p&gt;&amp;nbsp;&lt;/p&gt;\r\n','Rummikub','Rummikub',''),(89,1,'NFL Dominoes Standard Size','&lt;p&gt;&lt;span style=&quot;color:rgb(85, 85, 85); font-family:open sans,arial,helvetica,sans-serif; font-size:12px&quot;&gt;Double 6&amp;nbsp;sets include 28 standard size dominoes with black dots.&lt;/span&gt;&lt;/p&gt;\r\n','NFL Dominoes','NFL Dominoes',''),(90,1,'Professional Size Double 6 Father\'s Day Dominoes','&lt;p&gt;The world&amp;#39;s finest, MarbleLike dominoes are created from a proprietary resin blend&amp;nbsp;so each domino can be permanently&amp;nbsp;personalized. Double 6&amp;nbsp;sets include 28 professional size dominoes with black dots.&amp;nbsp; Professional size tiles are approximately 1&amp;quot; x 2&amp;quot; x&amp;nbsp;&lt;span style=&quot;font-size:12px&quot;&gt;1/2&lt;/span&gt;&amp;quot;.&lt;/p&gt;\r\n\r\n&lt;p&gt;&lt;strong&gt;This Father&amp;#39;s Day we Offering Custom Domiones with the same Custom design Wooden Box you personalize on Dominoes.&lt;/strong&gt;&lt;/p&gt;\r\n\r\n&lt;p&gt;At the time of checkout you will be asked to add&amp;nbsp;this Professional size Double 6 walnut Engraved Dominoes Case&amp;nbsp;box, you may add in your cart.&lt;/p&gt;\r\n','Father\'s Day Dominoes\r\nCustom Occasion Dominoes','personalized custom dominoes, double 6, custom dominoes, gifts, logo, named dominoes, Fathers Day',''),(87,1,'Standard Size NHL Dominoes','&lt;p&gt;&amp;nbsp;Double 6&amp;nbsp;sets include 28 standard size dominoes with black dots.&lt;/p&gt;\r\n','NHL Dominoes','NHL Dominoes',''),(88,1,'Standard Size MLB Dominoes','&lt;p&gt;&lt;span style=&quot;color:rgb(85, 85, 85); font-family:open sans,arial,helvetica,sans-serif; font-size:12px&quot;&gt;&amp;nbsp;Double 6&amp;nbsp;sets include 28 standard size dominoes with black dots. &amp;nbsp;&lt;/span&gt;&lt;/p&gt;\r\n','MLB Dominoes','MLB Dominoes',''),(91,1,'Professional size Double 6 walnut Engraved Dominoes Case','&lt;p&gt;Give the ultimate gift of having your walnut case personally engraved. Cases can have the same personalization as your dominoes lasered directly onto the wood. Engraving will match your custom domino design. Made in America!&lt;/p&gt;\r\n\r\n&lt;p&gt;Dominoes sold separately. 5 days required for engraved walnut cases.&lt;/p&gt;\r\n','Father\'s Day Dominoes\r\nCustom Walnut Box','Personalized custom dominoes box',''),(93,1,'Professional Size Father\'s Day Dominoes','&lt;p&gt;&lt;span style=&quot;color:rgb(85, 85, 85); font-family:open sans,arial,helvetica,sans-serif; font-size:12px&quot;&gt;Double 6&amp;nbsp;sets include 28 standard size dominoes with black dots.&lt;/span&gt;&lt;/p&gt;\r\n','Professional Size Father\'s Day Dominoes','Father\'s Day Dominoes',''),(106,1,'Double 6 Std Size dominoes in Vinyl Case','&lt;p&gt;&lt;span style=&quot;background-color:rgb(247, 249, 208); color:rgb(0, 0, 0); font-family:arial,helvetica,sans-serif; font-size:12.8px&quot;&gt;Double 6 is the most basic set of domino. Comes with 28 tiles. Double 6 come in variety of different size, color, and packaging&lt;/span&gt;&lt;/p&gt;\r\n','','Double Six Standard dominoes in Vinyl Case',''),(162,1,'Dominoes &amp; Playing Cards Gift Set','&lt;p&gt;Dominoes Gift set is consist of a Set of Dominoes and same graphic playing cards.&lt;/p&gt;\r\n','','Dominoes\r\nGift Set\r\nDominoes gift set',''),(96,1,'Engraved Colored Dominoes Velvet Box With Spinner FREE SHIPPING','&lt;p&gt;&lt;span style=&quot;color:rgb(83, 83, 83); font-family:trebuchet ms,arial,helvetica,sans-serif; font-size:12.16px&quot;&gt;Tournament(JUMBO) size Approx. (2.125&amp;quot; x1.0625 &amp;quot; x 1/2&amp;quot;)&amp;nbsp; Dominoes with Spinners, for easy mixing. Packed luxuriously in a velveteen box.&lt;/span&gt;&lt;/p&gt;\r\n','Colored Velvet Box With Spinner','Colored Velvet Box With Spinner',''),(98,1,'Double Nine Engraved Dominoes in Arcadian Gold Box','&lt;p&gt;&lt;span style=&quot;color:rgb(83, 83, 83); font-family:trebuchet ms,arial,helvetica,sans-serif; font-size:12.16px&quot;&gt;Tournament size (2&amp;quot; x 1&amp;quot; x 1/2&amp;quot;)&amp;nbsp; Dominoes wirth Spinners, for easy mixing. Packed luxuriously in a Arcadian Gold box.&lt;/span&gt;&lt;/p&gt;\r\n','','Double Nine Engraved Dominoes in Arcadian Gold Box',''),(101,1,'Engraved Walnut Case for Professional Size Double 6 Dominoes','&lt;p&gt;Give the ultimate gift of having your walnut case personally engraved. Cases can have the same personalization as your dominoes lasered directly onto the wood. Engraving will match your custom domino design. Made in America!&lt;/p&gt;\r\n\r\n&lt;p&gt;Dominoes sold separately. 5 days required for engraved walnut cases.&lt;/p&gt;\r\n','Engraved wood domino case for double 6 personalized dominoes. Made in America.','Wood domino case, double 6 dominoes, custom dominoes, engraved domino cases, holiday gifts',''),(102,1,'Gift Set University Series','&lt;p&gt;&lt;span style=&quot;color:rgb(85, 85, 85); font-family:open sans,arial,helvetica,sans-serif; font-size:12px&quot;&gt;The world&amp;#39;s finest, MarbleLike dominoes are created from a proprietary resin blend&amp;nbsp;so each domino can be permanently&amp;nbsp;personalized. Double 6&amp;nbsp;sets include 28 professional size dominoes with black dots.&amp;nbsp; Professional size tiles are approximately 1&amp;quot; x 2&amp;quot; x&amp;nbsp;&lt;/span&gt;&lt;span style=&quot;color:rgb(85, 85, 85); font-family:open sans,arial,helvetica,sans-serif; font-size:12px&quot;&gt;1/2&lt;/span&gt;&lt;span style=&quot;color:rgb(85, 85, 85); font-family:open sans,arial,helvetica,sans-serif; font-size:12px&quot;&gt;&amp;quot;.&lt;/span&gt;&lt;/p&gt;\r\n','','Gift Set University Series',''),(103,1,'Walnut Case for TOURNAMENT Size Double 6 Dominoes','&lt;p&gt;Choose to have your Double 6 dominoes encased in rich walnut. Constructed of solid wood, harvested from environmentally friendly forests, this handsome case is perfect for storing your D6 personalized dominoes. Made in America!&lt;/p&gt;\r\n\r\n&lt;p&gt;Dominoes sold separately.&lt;/p&gt;\r\n','Wood domino case for double 6 dominoes.','gifts, wood domino cast, walnut domino case, domino storage, double 6 case, made in America',''),(104,1,'Engraved Walnut Case for TOURNAMENT Size Double 6 Dominoes(dominoes are not included and will need to be purchased separately)','&lt;p&gt;Give the ultimate gift of having your walnut case personally engraved. Cases can have the same personalization as your dominoes lasered directly onto the wood. Engraving will match your custom domino design. Made in America!&lt;/p&gt;\r\n\r\n&lt;p&gt;Dominoes sold separately. 5 days required for engraved walnut cases.&lt;/p&gt;\r\n','Engraved wood domino case for double 6 personalized dominoes. Made in America.','Wood domino case, double 6 dominoes, custom dominoes, engraved domino cases, holiday gifts',''),(94,1,'Professional Size Dominoes for Fathers Day, Dominoes only, Wood Case available Separately','&lt;p&gt;The world&amp;#39;s finest, MarbleLike dominoes are created from a proprietary resin blend&amp;nbsp;so each domino can be permanently&amp;nbsp;personalized. Double 6&amp;nbsp;sets include 28 professional size dominoes with black dots.&amp;nbsp; Professional size tiles are approximately 1&amp;quot; x 2&amp;quot; x&amp;nbsp;&lt;span style=&quot;font-size:12px&quot;&gt;1/2&lt;/span&gt;&amp;quot;.&lt;/p&gt;\r\n\r\n&lt;p&gt;&lt;strong&gt;&lt;span style=&quot;font-size:14px&quot;&gt;Wooden Box is not included in this purchase&lt;/span&gt;&lt;/strong&gt;&lt;/p&gt;\r\n','','',''),(108,1,'Double six white Tournament size Dominoes in Vinyl Case','&lt;p&gt;&lt;span style=&quot;background-color:rgb(247, 249, 208); color:rgb(0, 0, 0); font-family:arial,helvetica,sans-serif; font-size:12.8px&quot;&gt;Double 6 is the most basic set of domino. Comes with 28 tiles. Double 6 come in variety of different size, color, and packaging&lt;/span&gt;&lt;/p&gt;\r\n','','Double six white Tournament size Dominoes in Vinyl Case',''),(109,1,'Double 6 Professional Size Engraved Dominoes in Vinyl Case','&lt;p&gt;&lt;span style=&quot;background-color:rgb(247, 249, 208); color:rgb(0, 0, 0); font-family:arial,helvetica,sans-serif; font-size:12.8px&quot;&gt;Double 6 is the most basic set of domino. Comes with 28 tiles. Double 6 come in variety of different size, color, and packaging&lt;/span&gt;&lt;/p&gt;\r\n','','Double 6 Professional Size Engraved Dominoes in Vinyl Case',''),(110,1,'Double 6 Professional Size Vinyl Case Dominoes with Spinner','&lt;p&gt;&lt;span style=&quot;background-color:rgb(247, 249, 208); color:rgb(0, 0, 0); font-family:arial,helvetica,sans-serif; font-size:12.8px&quot;&gt;Double 6 is the most basic set of domino. Comes with 28 tiles. Double 6 come in variety of different size, color, and packaging&lt;/span&gt;&lt;/p&gt;\r\n','','Double 6 Professional Size Vinyl Case Dominoes with Spinner',''),(111,1,'Double 6 Tournament Size Engraved dominoes in Wooden Case with Spinner','&lt;p&gt;&lt;span style=&quot;background-color:rgb(247, 249, 208); color:rgb(0, 0, 0); font-family:arial,helvetica,sans-serif; font-size:12.8px&quot;&gt;Double 6 is the most basic set of domino. Comes with Engraved 28 tiles. Double 6 come in variety of different size, color, and packaging&lt;/span&gt;&lt;/p&gt;\r\n','','Double 6 Tournament Size Engraved dominoes in Wooden Case with Spinner',''),(113,1,'Double 6 Two Tones Engraved Dominoes in Wooden Case','&lt;p&gt;&lt;span style=&quot;background-color:rgb(247, 249, 208); color:rgb(0, 0, 0); font-family:arial,helvetica,sans-serif; font-size:12.8px&quot;&gt;Double 6 is the most basic set of domino. Comes with 28 tiles. Double 6 come in variety of different size, color, and packaging&lt;/span&gt;&lt;/p&gt;\r\n','','Double 6 Two Tones Engraved Dominoes in Wooden Case',''),(112,1,'Double 6 Professional Size Dominoes in Wooden Case with Spinner','&lt;p&gt;&lt;span style=&quot;background-color:rgb(247, 249, 208); color:rgb(0, 0, 0); font-family:arial,helvetica,sans-serif; font-size:12.8px&quot;&gt;Double 6 is the most basic set of domino. Comes with 28 tiles. Double 6 come in variety of different size, color, and packaging&lt;/span&gt;&lt;/p&gt;\r\n','','Double 6 Professional Size Dominoes in Wooden Case with Spinner',''),(115,1,'Double 6 Professional dominoes in Box LAS VEGAS','&lt;p&gt;&lt;span style=&quot;background-color:rgb(247, 249, 208); color:rgb(0, 0, 0); font-family:arial,helvetica,sans-serif; font-size:12.8px&quot;&gt;Double 6 is the most basic set of domino. Comes with 28 tiles. Double 6 come in variety of different size, color, and packaging&lt;/span&gt;&lt;/p&gt;\r\n','','Double 6 Professional dominoes in Box LAS VEGAS',''),(116,1,'2 Pcs Large Wooden Dominoes Holders','&lt;p&gt;&lt;span style=&quot;background-color:rgb(247, 249, 208); color:rgb(0, 0, 0); font-family:arial,helvetica,sans-serif; font-size:12.8px&quot;&gt;Domino tile holders, score pads, and gaming pieces are essential to any multiple player domino games. We have a large selection of accessories for you to choose from.&lt;/span&gt;&lt;/p&gt;\r\n','','',''),(117,1,'2 Pcs Wooden Dominoes Tile Holder','&lt;p&gt;&lt;span style=&quot;background-color:rgb(247, 249, 208); color:rgb(0, 0, 0); font-family:arial,helvetica,sans-serif; font-size:12.8px&quot;&gt;Domino tile holders, score pads, and gaming pieces are essential to any multiple player domino games. We have a large selection of accessories for you to choose from. 8 Inches length.&lt;/span&gt;&lt;/p&gt;\r\n','','',''),(118,1,'10 Pcs Domino Chicken Markers','&lt;p&gt;&lt;span style=&quot;background-color:rgb(247, 249, 208); color:rgb(0, 0, 0); font-family:arial,helvetica,sans-serif; font-size:12.8px&quot;&gt;Domino tile holders, score pads, and gaming pieces are essential to any multiple player domino games. We have a large selection of accessories for you to choose from.&lt;/span&gt;&lt;/p&gt;\r\n','','',''),(119,1,'10 Pcs Domino Train Markers','','','',''),(120,1,'Whistling Train Key Chain','&lt;p&gt;&lt;span style=&quot;background-color:rgb(247, 249, 208); color:rgb(0, 0, 0); font-family:arial,helvetica,sans-serif; font-size:12.8px&quot;&gt;Domino tile holders, score pads, and gaming pieces are essential to any multiple player domino games. We have a large selection of accessories for you to choose from.&lt;/span&gt;&lt;/p&gt;\r\n','','Whistling Train Key Chain',''),(121,1,'Domino Train Hub Round','&lt;p&gt;&lt;span style=&quot;background-color:rgb(247, 249, 208); color:rgb(0, 0, 0); font-family:arial,helvetica,sans-serif; font-size:12.8px&quot;&gt;Domino tile holders, score pads, and gaming pieces are essential to any multiple player domino games. We have a large selection of accessories for you to choose from.&lt;/span&gt;&lt;/p&gt;\r\n','','Domino Train Hub Round',''),(122,1,'2-in-1 Domino Hub Train &amp; Chicken','&lt;p&gt;&lt;span style=&quot;background-color:rgb(247, 249, 208); color:rgb(0, 0, 0); font-family:arial,helvetica,sans-serif; font-size:12.8px&quot;&gt;Domino tile holders, score pads, and gaming pieces are essential to any multiple player domino games. We have a large selection of accessories for you to choose from.&lt;/span&gt;&lt;/p&gt;\r\n','','2-in-1 Domino Hub Train &amp; Chicken',''),(123,1,'Domino Scoring Pad - 50 Sheets 5x7 D12','&lt;p&gt;&lt;span style=&quot;background-color:rgb(247, 249, 208); color:rgb(0, 0, 0); font-family:arial,helvetica,sans-serif; font-size:12.8px&quot;&gt;Domino tile holders, score pads, and gaming pieces are essential to any multiple player domino games. We have a large selection of accessories for you to choose from.&lt;/span&gt;&lt;/p&gt;\r\n','','Domino Scoring Pad - 50 Sheets 5x7 D12',''),(124,1,'2 Pc 3 Slot Wooden Domino Tile Holder','&lt;p&gt;&lt;span style=&quot;background-color:rgb(247, 249, 208); color:rgb(0, 0, 0); font-family:arial,helvetica,sans-serif; font-size:12.8px&quot;&gt;Domino tile holders, score pads, and gaming pieces are essential to any multiple player domino games. We have a large selection of accessories for you to choose from.&lt;/span&gt;&lt;/p&gt;\r\n','','2 Pc 3 Slot Wooden Domino Tile Holder',''),(125,1,'Double Nine Engraved Tournament White with Spinner in Vinyl Box','&lt;p&gt;&lt;span style=&quot;background-color:rgb(247, 249, 208); color:rgb(0, 0, 0); font-family:arial,helvetica,sans-serif; font-size:12.8px&quot;&gt;Double 9 domino also known as Cuban dominoes comes in set of 55 tiles. Tile comes in both white and ivory in different tile sizes.&lt;/span&gt;&lt;/p&gt;\r\n','','Double Nine Engraved Tournament White with Spinner in Vinyl Box',''),(126,1,'Double Nine Professional Color Dot Dominoes','&lt;p&gt;&lt;span style=&quot;background-color:rgb(247, 249, 208); color:rgb(0, 0, 0); font-family:arial,helvetica,sans-serif; font-size:12.8px&quot;&gt;Double 9 domino also known as Cuban dominoes comes in set of 55 tiles. Tile comes in both white and ivory in different tile sizes.&lt;/span&gt;&lt;/p&gt;\r\n','','Double Nine Professional Color Dot Dominoes',''),(194,1,'2-in-1 Domino Hub Train &amp; Chicken','&lt;p&gt;&lt;span style=&quot;background-color:rgb(247, 249, 208); color:rgb(0, 0, 0); font-family:arial,helvetica,sans-serif; font-size:12.8px&quot;&gt;Domino tile holders, score pads, and gaming pieces are essential to any multiple player domino games. We have a large selection of accessories for you to choose from.&lt;/span&gt;&lt;/p&gt;\r\n','','',''),(128,1,'Double 12 Colored Numbered Dominoes','&lt;p&gt;&lt;span style=&quot;background-color:rgb(247, 249, 208); color:rgb(0, 0, 0); font-family:arial,helvetica,sans-serif; font-size:12.8px&quot;&gt;Double 12 domino also popularized as Mexican Train Dominoes comes in set of 91 tiles. Tile comes in both white and ivory in different tile sizes with number and dots&lt;/span&gt;&lt;/p&gt;\r\n','','Double 12 Colored Numbered Dominoes',''),(129,1,'Double 15 Professional color Numbered Dominoes','&lt;p&gt;&lt;span style=&quot;background-color:rgb(247, 249, 208); color:rgb(0, 0, 0); font-family:arial,helvetica,sans-serif; font-size:12.8px&quot;&gt;Double 15 domino comes in set of 136 tiles. Tile comes in both white and ivory in professional size with number and dots. Can be use for variety of different domino games&lt;/span&gt;&lt;/p&gt;\r\n','','Double 15 Professional color Numbered Dominoes',''),(130,1,'Domino ScoreKeeper','&lt;p&gt;&lt;span style=&quot;color:rgb(119, 119, 119); font-family:lato,helvetica,arial,sans-serif; font-size:16px&quot;&gt;Look no further: Domino Scorers are back by popular demand.&lt;/span&gt;&lt;br /&gt;\r\n&lt;span style=&quot;color:rgb(119, 119, 119); font-family:lato,helvetica,arial,sans-serif; font-size:16px&quot;&gt;Our new design features a solid hardwood base. You will receive a set of two scorers, one red and one black, each with five rows of red and black beads that slide comfortably on solid steel rods. Durable and long lasting.&lt;/span&gt;&lt;/p&gt;\r\n','','Domino ScoreKeeper\r\nScoring\r\nCounter',''),(131,1,'Professional Customized Domino Double Six Bicycle Card Back - Deluxe Wood Case','&lt;p&gt;&lt;span style=&quot;font-family:verdana,arial,helvetica,sans-serif; font-size:small&quot;&gt;ne Double Six Set of Dominoes (28 Tiles with Spinners). The spinners help to easily mix the dominoes. The beautiful dominoes are Two Tone with four Layers. They measure 2 1/8&amp;quot; x 1&amp;quot; x 1/2&amp;quot;. The set comes in a wood box for storage.&lt;/span&gt;&lt;/p&gt;\r\n','','Bicycle Card Back\r\nDeluxe Wood Case',''),(132,1,'Domino Double Six Customized Blue Bee Card Back - Deluxe Case','&lt;p&gt;&lt;span style=&quot;font-family:verdana,arial,helvetica,sans-serif; font-size:small&quot;&gt;One Double Six Set of Dominoes (28 Tiles with Spinners) Two Tone. Four Layers (2 blue and 2 White) Dominoes Measure 2 1/4&amp;quot; x 1 1/8&amp;quot; x 1/2&amp;quot; - 57mm X 28.5mm x 12.7mm. Dominoes come in a Beautiful Handmade Wood Case&lt;/span&gt;&lt;/p&gt;\r\n','','Bee Card Back',''),(133,1,'Double 6 Tournament Size Indian Rosewood Wooden Box','&lt;p&gt;Double 6 Tournament Size Indian Rosewood Wooden Box for keeping your Dominoes with Style.&lt;/p&gt;\r\n\r\n&lt;p&gt;&lt;strong&gt;* This Price is just for box. Dominoes are not included in it.&lt;/strong&gt;&lt;/p&gt;\r\n','','Indian Rosewood Wooden Box',''),(134,1,'Velour Box Tournament Size','&lt;p&gt;Velour Box Tournament Size without Dominoes&lt;/p&gt;\r\n','','Velour Box Tournament Size',''),(135,1,'Double 6 NCAA Dominoes Standard Size','&lt;p&gt;&lt;span style=&quot;color:rgb(85, 85, 85); font-family:open sans,arial,helvetica,sans-serif; font-size:12px&quot;&gt;Double 6&amp;nbsp;sets include 28 standard size dominoes with black dots.&lt;/span&gt;&lt;/p&gt;\r\n','','NCAA Dominoes',''),(136,1,'Kids Dominoes In a Tin','&lt;p&gt;&lt;span style=&quot;color:rgb(0, 0, 0); font-family:verdana,arial,helvetica,geneva,sans-serif; font-size:14.4px&quot;&gt;A very good collection of Kid&amp;#39;s Dominoes in Tin&amp;nbsp;&lt;/span&gt;&lt;/p&gt;\r\n\r\n&lt;p&gt;&lt;strong&gt;Item Size:&lt;/strong&gt;&lt;span style=&quot;color:rgb(0, 0, 0); font-family:verdana,arial,helvetica,geneva,sans-serif; font-size:14.4px&quot;&gt;&amp;nbsp;7.5&amp;quot; x 4.5&amp;quot; x 2&amp;quot;&lt;/span&gt;&lt;/p&gt;\r\n','','Kids Dominoes In a Tin',''),(137,1,'Frozen Floor Dominoes','&lt;p&gt;&lt;span style=&quot;color:rgb(37, 44, 38); font-family:proxima nova,open sans,gill sans mt,gill sans,corbel,arial,sans-serif; font-size:14px&quot;&gt;Disney Frozen Floor Dominoes: Play large floor dominoes with all of your favorite Frozen characters! Match characters and colors and enjoy floor games for big fun!Contains 28 floor dominoes and instructionsInspired by Disney FrozenEach domino measures 3.4&amp;Prime;&amp;times;6.9&amp;Prime;&lt;/span&gt;&lt;/p&gt;\r\n','','Frozen Floor Dominoes',''),(138,1,'Double Six Standard Color Dot Dominoes 2x1x0.25 inch thin','&lt;p&gt;Dominoes size is&amp;nbsp;2x1x0.25 inch thin&lt;/p&gt;\r\n','','Double Six Standard Color Dot Dominoes',''),(139,1,'Double 9 Standard Colored Number Dominoes','','','Double 9 Standard Colored Number Dominoes',''),(140,1,'Double Nine Standard Colored Dot Dominoes','&lt;p&gt;&lt;span style=&quot;color:rgb(38, 38, 38); font-family:open sans,sans-serif; font-size:12px&quot;&gt;The Double Nine Dominoes set add a burst of color to the classic game. Each domino piece has from one to nine color-coded dots at each end or no dots. Double Nine Dominoes set includes 55 shiny jumbo color dot dominoes and a starter piece packaged in a handy portfolio.&lt;/span&gt;&lt;/p&gt;\r\n','','Double Nine Standard Colored Dot Dominoes',''),(141,1,'Double 12 Mexican Train Coloured Dots Dominoes','&lt;p&gt;&lt;span style=&quot;color:rgb(95, 114, 121); font-family:roboto,arial,helvetica,sans-serif; font-size:14px&quot;&gt;The Mexican Train Domino Game is a timeless classic that has entertained kids and adults for generations. Cardinal is committed to making family-friendly, challenging and innovative games and puzzles, at the same time making them affordable to all! In today&amp;rsquo;s electronic world of computer games and social media, we believe that basic game play and puzzle construction is vital to our kids of all ages.&lt;/span&gt;&lt;/p&gt;\r\n','','Double 12 Mexican Train Coloured Dots Dominoes',''),(142,1,'Double 15 Colored Dots Dominoes','&lt;p&gt;&lt;span style=&quot;color:rgb(89, 89, 89); font-family:helvetica neue,helvetica,arial,sans-serif; font-size:14px&quot;&gt;With 136 tiles, lots of people can play. Dive into domino game variations like Mexican Train, Four-Hand Texas, Muggins, Draw, Block, Matador, Tiddle-a-Wink and many more! In virtually all games, players try to block the game so others cannot make a play. Or, players try to make ends that, when added together, equal some given number or multiple of that number. Or, they try to play so that the ends of the line will show spots of equal value. As always, the player to play his last piece before any opponent wins! Set packs neatly into sturdy game tin. Includes a starter piece to help organize the game, 136 light weight tiles measuring 1/2 inch thick X 1 inch length, and instructions. For 2 to 10 players.&lt;/span&gt;&lt;/p&gt;\r\n','','Double 15 Colored Dots Dominoes',''),(143,1,'Cardinal Mexican Train Dominoes','&lt;p&gt;&lt;span style=&quot;color:rgb(38, 38, 38); font-family:open sans,sans-serif; font-size:12px&quot;&gt;Get this classic domino game of Mexican train in a deluxe carrying case&lt;/span&gt;&lt;/p&gt;\r\n','','Cardinal Mexican Train Dominoes',''),(144,1,'Double 6 Ivory Color Dominoes with spinner in wooden Case','&lt;p&gt;This superior set of 28 double sixdominoes will add a new dimension to your gaming. This premium set of28 dominoes is composed of quality plastic and will provide you withhours of fun.&lt;/p&gt;\r\n\r\n&lt;p&gt;Features include:&lt;/p&gt;\r\n\r\n&lt;p&gt;Set of 28 dominoes&lt;/p&gt;\r\n\r\n&lt;p&gt;Quality plastic construction&lt;/p&gt;\r\n\r\n&lt;p&gt;Double six dominoes...&lt;/p&gt;\r\n','','Double 6 Ivory Color Dominoes with spinner in wooden Case',''),(148,1,'Dbl 9 Piano Finish Wooden Box (Dominoes not included)','&lt;p&gt;Dbl 9 Piano Finish Wooden Box.&amp;nbsp;&lt;/p&gt;\r\n\r\n&lt;p&gt;&lt;strong&gt;* This Price is just for box. Dominoes are not included in it.&lt;/strong&gt;&lt;/p&gt;\r\n','','Dbl 9 Piano Finish Wooden Box',''),(145,1,'Piano Finish Wooden Box','&lt;p&gt;Piano Finish Wooden Box.&lt;/p&gt;\r\n\r\n&lt;p&gt;&lt;strong&gt;* This Price is just for box. Dominoes are not included in it.&lt;/strong&gt;&lt;/p&gt;\r\n','','Piano Finish Wooden Box',''),(147,1,'Dbl 12 Piano Finish Custom Engraved Wooden Box (Dominoes not included)','&lt;p&gt;Dbl 12 Piano Finish Custom Wooden Box.&lt;/p&gt;\r\n\r\n&lt;p&gt;&lt;strong&gt;* This Price is just for box. Dominoes are not included in it.&lt;/strong&gt;&lt;/p&gt;\r\n','','Dbl 12 Piano Finish Custom Wooden Box',''),(149,1,'Matte Finish Wooden  Case (Dominoes not included)','&lt;p&gt;Matte Finish Wooden &amp;nbsp;Case. Dominoes are not included.&lt;/p&gt;\r\n','','Matte Finish Wooden  Case',''),(150,1,'Dbl 6 RoseWood Matte Finish Wooden Case (Dominoes not included)','&lt;p&gt;Dbl 6 RoseWood Matte Finish Wooden Case (Dominoes not included)&lt;/p&gt;\r\n','','Dbl 6 RoseWood Matte Finish Wooden Case',''),(151,1,'Dbl 9 RoseWood Matte Finish Custom Wooden Case (Dominoes not Included)','&lt;p&gt;Dbl 9 RoseWood Matte Finish Custom Wooden Case (Dominoes not Included)&lt;/p&gt;\r\n','','Dbl 9 RoseWood Matte Finish Custom Wooden Case',''),(152,1,'Dbl 12 RoseWood Matte Finish Custom Wooden Case (Dominoes not included)','&lt;p&gt;Dbl 12 RoseWood Matte Finish Custom Wooden Case (Dominoes not included)&lt;/p&gt;\r\n','','Dbl 12 RoseWood Matte Finish Custom Wooden Case',''),(153,1,'Printed Picture Wooden Case','&lt;p&gt;Printed Picture Wooden Case (Dominoes not Included)&lt;/p&gt;\r\n','','Printed Picture Wooden Case',''),(161,1,'Test Product - not for sale','&lt;p&gt;Dominoes Gift set is consist of a Set of Dominoes and same graphic playing cards.&lt;/p&gt;\r\n','','Dominoes\r\nGift Set\r\nDominoes gift set',''),(155,1,'Stock dominoes table','&lt;div style=&quot;color: rgb(0, 0, 0); font-family: &amp;quot;Times New Roman&amp;quot;; font-size: medium;&quot;&gt;\r\n&lt;p&gt;&lt;span style=&quot;font-size:14px&quot;&gt;WOODEN DOMINOES TABLE (American Pino) This Domino Table is covered with a special clear coat to prevent scratches. Table was made using quality wood. 4 Drink Holders, Dominoes Racks built in. Wooden legs are included.&lt;/span&gt;&lt;/p&gt;\r\n\r\n&lt;p&gt;&lt;br /&gt;\r\n&lt;span style=&quot;font-size:14px&quot;&gt;&amp;nbsp;- Folds for easy storage&lt;br /&gt;\r\n&amp;nbsp;- Custom Domino Tables&lt;br /&gt;\r\n&amp;nbsp;- Approximate Table size : 29 inch x 29 inch x 29 inch Hight&lt;br /&gt;\r\n&amp;nbsp;- Drink Holders Approximate: 2 3/8 inch&lt;br /&gt;\r\n&amp;nbsp;- Approximate Playing area 20.5 inch x 20.5 inch&lt;br /&gt;\r\n&amp;nbsp;- We offer custom service&amp;nbsp;&lt;/span&gt;&lt;/p&gt;\r\n&lt;/div&gt;\r\n','','Stock dominoes table',''),(160,1,'Mexican Train Domino Markers','&lt;p&gt;Mexican Train Dominoe Markers&lt;/p&gt;\r\n\r\n&lt;p&gt;1 Locomotive &amp;amp; 8 Segments&lt;/p&gt;\r\n','','Mexican Train Dominoe Markers',''),(163,1,'Frosted Emerald Dominoes','&lt;p&gt;&lt;span style=&quot;color:rgb(83, 83, 83); font-family:trebuchet ms,arial,helvetica,sans-serif; font-size:12.16px&quot;&gt;Professional size (2&amp;quot; x 1&amp;quot; x 1/2&amp;quot;)&amp;nbsp; Dominoes with Spinners,Frosted Ruby Red in Rigid Gold Gift Box.&lt;/span&gt;&lt;/p&gt;\r\n','','',''),(100,1,'Frosted Emerald Engraved Dominoes','&lt;p&gt;&lt;span style=&quot;color:rgb(83, 83, 83); font-family:trebuchet ms,arial,helvetica,sans-serif; font-size:12.16px&quot;&gt;Professional size (2&amp;quot; x 1&amp;quot; x 1/2&amp;quot;)&amp;nbsp; Dominoes with Spinners,Frosted Ruby Red in Rigid Gold Gift Box.&lt;/span&gt;&lt;/p&gt;\r\n','','Frosted Emerald Engraved Dominoes',''),(156,1,'Custom Dominoes Table','&lt;p&gt;&lt;span style=&quot;font-size:14px&quot;&gt;WOODEN DOMINOES TABLE (American Pino) This Domino Table is covered with a special clear coat to prevent scratches. Table was made using quality wood. 4 Drink Holders, Dominoes Racks built in. Wooden legs are included.&lt;/span&gt;&lt;/p&gt;\r\n\r\n&lt;p&gt;&lt;br /&gt;\r\n&lt;span style=&quot;font-size:14px&quot;&gt;&amp;nbsp;- Folds for easy storage&lt;br /&gt;\r\n&amp;nbsp;- Custom Domino Tables&lt;br /&gt;\r\n&amp;nbsp;- Approximate Table size : 29 inch x 29 inch x 29 inch Hight&lt;br /&gt;\r\n&amp;nbsp;- Drink Holders Approximate: 2 3/8 inch&lt;br /&gt;\r\n&amp;nbsp;- Approximate Playing area 20.5 inch x 20.5 inch&lt;br /&gt;\r\n&amp;nbsp;- We offer custom service&amp;nbsp;&lt;/span&gt;&lt;/p&gt;\r\n','','Custom Dominoes Table',''),(157,1,'Sportster Leatherette Case','&lt;p&gt;Rich black leather textured, vinyl domino cases with molded, perfect fit tays for holding dominoes firmly. Lid compresses closed with snap-tite friction locks. Very secure, durable and portable.&lt;/p&gt;\r\n','','Sportster Leatherette Case',''),(158,1,'Christmas Special Professional Size Dominoes Set with wooden box','&lt;p&gt;This set includes&amp;nbsp;Professional Size dominoes and wooden box with your choice of letters same on dominoes and box.&lt;/p&gt;\r\n','','Christmas Special Professional Size Dominoes Set with wooden box',''),(159,1,'Christmas Special Tournament Size Dominoes Set with wooden box','&lt;p&gt;&lt;span style=&quot;color:rgb(85, 85, 85); font-family:open sans,arial,helvetica,sans-serif; font-size:12px&quot;&gt;This set includes&amp;nbsp;Tournament Size dominoes and wooden box with your choice of letters same on dominoes and box.&lt;/span&gt;&lt;/p&gt;\r\n','','Christmas Special Tournament Size Dominoes Set with wooden box',''),(197,1,'PIP Scoring Pad','&lt;p&gt;&lt;span style=&quot;background-color:rgb(247, 249, 208); color:rgb(0, 0, 0); font-family:arial,helvetica,sans-serif; font-size:12.8px&quot;&gt;Domino tile holders, score pads, and gaming pieces are essential to any multiple player domino games. We have a large selection of accessories for you to choose from.&lt;/span&gt;&lt;/p&gt;\r\n','','',''),(195,1,'Valentine\'s Day Professional Size Dominoes','&lt;p&gt;Valentine&amp;#39;s Day Professional Size Dominoes&lt;/p&gt;\r\n','Valentine\'s Day Professional Size Dominoes','Valentine\'s Day Professional Size Dominoes',''),(196,1,'Test','','','',''),(169,1,'Double Six Dominoes without spinners in velvet box Tournament Jumbo','&lt;div class=&quot;ProductDescriptionContainer&quot; style=&quot;margin: 0px; padding: 0px; color: rgb(83, 83, 83); font-family: \'Trebuchet MS\', Arial, Helvetica, sans-serif; font-size: 12.16px; line-height: normal;&quot;&gt;\r\n&lt;p&gt;Tournament size (2&amp;quot; x 1&amp;quot; x 1/2&amp;quot;)&amp;nbsp; Dominoes packed luxuriously in a velveteen box.&lt;/p&gt;\r\n\r\n&lt;p&gt;&amp;nbsp;&lt;/p&gt;\r\n\r\n&lt;div&gt;&amp;nbsp;&lt;/div&gt;\r\n&lt;/div&gt;\r\n','double 6 dominoes','double 6 dominoes',''),(107,1,'Double Six Tournament(JUMBO) Size Engraved Dominoes FREE SHIPPING','&lt;p&gt;&lt;span style=&quot;background-color:rgb(247, 249, 208); color:rgb(0, 0, 0); font-family:arial,helvetica,sans-serif; font-size:12.8px&quot;&gt;Double 6 is the most basic set of domino. Comes with 28 tiles. Double 6 come in variety of different size, color, and packaging&lt;/span&gt;&lt;/p&gt;\r\n','','Double Six Tournament(JUMBO) Size Engraved Dominoes',''),(168,1,'Double Six Tournament Size Dominoes in Vinyl Case','&lt;p&gt;&lt;span style=&quot;background-color:rgb(247, 249, 208); color:rgb(0, 0, 0); font-family:arial,helvetica,sans-serif; font-size:12.8px&quot;&gt;Double 6 is the most basic set of domino. Comes with 28 tiles. Double 6 come in variety of different size, color, and packaging&lt;/span&gt;&lt;/p&gt;\r\n','','Double Six Tournament Dominoes in Vinyl Case',''),(170,1,'Double 6 Tournament Size dominoes in Wooden Case with Spinner','&lt;p&gt;&lt;span style=&quot;background-color:rgb(247, 249, 208); color:rgb(0, 0, 0); font-family:arial,helvetica,sans-serif; font-size:12.8px&quot;&gt;Double 6 is the most basic set of domino. Comes with 28 tiles. Double 6 come in variety of different size, color, and packaging&lt;/span&gt;&lt;/p&gt;\r\n','','Double 6 Tournament Size dominoes in Wooden Case',''),(171,1,'Double 6 Two Tones Dominoes in Wooden Case','&lt;p&gt;&lt;span style=&quot;background-color:rgb(247, 249, 208); color:rgb(0, 0, 0); font-family:arial,helvetica,sans-serif; font-size:12.8px&quot;&gt;Double 6 is the most basic set of domino. Comes with 28 tiles. Double 6 come in variety of different size, color, and packaging&lt;/span&gt;&lt;/p&gt;\r\n','','Double 6 Two Tones Dominoes in Wooden Case',''),(172,1,'Double Nine Dominoes Color in Arcadian Gold Box','&lt;p&gt;&lt;span style=&quot;color:rgb(83, 83, 83); font-family:trebuchet ms,arial,helvetica,sans-serif; font-size:12.16px&quot;&gt;Tournament size (2&amp;quot; x 1&amp;quot; x 1/2&amp;quot;)&amp;nbsp; Dominoes wirth Spinners, for easy mixing. Packed luxuriously in a Arcadian Gold box.&lt;/span&gt;&lt;/p&gt;\r\n','','',''),(173,1,'Double Nine Tournament White with Spinner in Vinyl Box','&lt;p&gt;&lt;span style=&quot;background-color:rgb(247, 249, 208); color:rgb(0, 0, 0); font-family:arial,helvetica,sans-serif; font-size:12.8px&quot;&gt;Double 9 domino also known as Cuban dominoes comes in set of 55 tiles. Tile comes in both white and ivory in different tile sizes.&lt;/span&gt;&lt;/p&gt;\r\n','','Double Nine Tournament White with Spinner in Vinyl Box',''),(174,1,'Double Six Two Tones Colors Dominoes in Velvet Box','&lt;div class=&quot;ProductDescriptionContainer&quot; style=&quot;margin: 0px; padding: 0px; color: rgb(83, 83, 83); font-family: \'Trebuchet MS\', Arial, Helvetica, sans-serif; font-size: 12.16px; line-height: normal;&quot;&gt;\r\n&lt;p&gt;Tournament size (2&amp;quot; x 1&amp;quot; x 1/2&amp;quot;)&amp;nbsp; Dominoes with Spinners, for easy mixing. Packed luxuriously in a velveteen box.&lt;/p&gt;\r\n\r\n&lt;div&gt;&amp;nbsp;&lt;/div&gt;\r\n&lt;/div&gt;\r\n','Two Tones Colors Dominoes','Two Tones Colors Dominoes',''),(97,1,'Double Six Two Tones Colors Engraved Dominoes in Velvet Box','&lt;div class=&quot;ProductDescriptionContainer&quot; style=&quot;margin: 0px; padding: 0px; color: rgb(83, 83, 83); font-family: \'Trebuchet MS\', Arial, Helvetica, sans-serif; font-size: 12.16px; line-height: normal;&quot;&gt;\r\n&lt;p&gt;Tournament(JUMBO) size (2&amp;quot; x 1&amp;quot; x 1/2&amp;quot;)&amp;nbsp; Dominoes with Spinners, for easy mixing. Packed luxuriously in a velveteen box.&lt;/p&gt;\r\n\r\n&lt;div&gt;&amp;nbsp;&lt;/div&gt;\r\n&lt;/div&gt;\r\n','Two Tones Colors Dominoes','Two Tones Colors Dominoes',''),(175,1,'Colored Dominoes Velvet Box With Spinner','&lt;p&gt;&lt;span style=&quot;color:rgb(83, 83, 83); font-family:trebuchet ms,arial,helvetica,sans-serif; font-size:12.16px&quot;&gt;Tournament size Approx. (2.125&amp;quot; x1.0625 &amp;quot; x 1/2&amp;quot;)&amp;nbsp; Dominoes with Spinners, for easy mixing. Packed luxuriously in a velveteen box.&lt;/span&gt;&lt;/p&gt;\r\n','Colored Velvet Box With Spinner','Colored Velvet Box With Spinner',''),(164,1,'Double 6 Professional Size Dominoes in Vinyl Case White','&lt;p&gt;&lt;span style=&quot;background-color:rgb(247, 249, 208); color:rgb(0, 0, 0); font-family:arial,helvetica,sans-serif; font-size:12.8px&quot;&gt;Double 6 is the most basic set of domino. Comes with 28 tiles. Double 6 come in variety of different size, color, and packaging&lt;/span&gt;&lt;/p&gt;\r\n','','Double 6 Professional Size Dominoes in Vinyl Case',''),(176,1,'Spinner Texas Original Domino Game','&lt;p&gt;66 Dominoes, 2-8 Players, Ages 6+. A dynamic double 9 domino game plus 11 spinner pieces as wild dominoes. A great combination of other domino games, with the wild spinner dominoes used to keep the game moving. A most excited and extremely popular game manufactured by Puremco. Standard domino size. Colored coded dots.&lt;/p&gt;\r\n','','Spinner Texas Original Domino Dame',''),(177,1,'PIP Dominoes','&lt;p&gt;70 Dominoes, 2-8 Players, Ages 6+. Puremco&amp;#39;s exclusive new trademarked game. A double-9 domino game with 15 special dominoes that act as &amp;quot;wild and special action&amp;quot; dominoes. The wild dominoes keep the game from stalling and the directional dominoes can cause a player to be skipped, or the reversed, a player to play again, or the next player to draw an extra domino, Professional domino size. New colorful, descriptive tin packaging.&lt;/p&gt;\r\n','','PIP Dominoes',''),(178,1,'Custom Spinner Texas Original Domino Game','&lt;p&gt;&lt;span style=&quot;color:rgb(85, 85, 85); font-family:open sans,arial,helvetica,sans-serif; font-size:12px&quot;&gt;66 Dominoes, 2-8 Players, Ages 6+. A dynamic double 9 domino game plus 11 spinner pieces as wild dominoes. A great combination of other domino games, with the wild spinner dominoes used to keep the game moving. A most excited and extremely popular game manufactured by Puremco. Standard domino size. Colored coded dots.&lt;/span&gt;&lt;/p&gt;\r\n','','Custom Spinner Texas Original Domino Game',''),(180,1,'Double Six Engraved Wooden Dominoes','&lt;p&gt;&lt;span style=&quot;color:rgb(0, 0, 0); font-family:arial,helvetica,sans-serif; font-size:14.4px&quot;&gt;Double 6 wooden dominoes in wooden case. Tile size is 3&amp;quot; x1.5&amp;quot; x 3/8&amp;quot;&lt;/span&gt;&lt;/p&gt;\r\n\r\n&lt;p&gt;&lt;em&gt;Dimensional Detail:&lt;/em&gt;&lt;span style=&quot;color:rgb(0, 0, 0); font-family:arial,helvetica,sans-serif; font-size:14.4px&quot;&gt;&amp;nbsp;(W x L x H) = 5.0&amp;quot; x 8.3&amp;quot; x 2.25&amp;quot;&lt;/span&gt;&lt;/p&gt;\r\n','','',''),(181,1,'Custom Domino Key Chain','','','Custom Domino Key Chain',''),(182,1,'Walnut Case for Professional size Double 9 Dominoes','&lt;p&gt;Choose to have your Double 9&amp;nbsp;dominoes encased in rich walnut. Constructed of solid wood, harvested from environmentally friendly forests, this handsome case is perfect for storing your D6 personalized dominoes. Made in America!&lt;/p&gt;\r\n\r\n&lt;p&gt;Dominoes sold separately.&lt;/p&gt;\r\n','','Walnut Case for Professional size Double 9 Dominoes',''),(183,1,'Walnut Engraved Case for Professional size Double 9 Dominoes','&lt;p&gt;Choose to have your Double 9&amp;nbsp;dominoes encased in rich walnut. Constructed of solid wood, harvested from environmentally friendly forests, this handsome case is perfect for storing your D6 personalized dominoes. Made in America!&lt;/p&gt;\r\n\r\n&lt;p&gt;Dominoes sold separately.&lt;/p&gt;\r\n','','Walnut Engraved Case for Professional size Double 9 Dominoes',''),(184,1,'Walnut Case for Professional size Double 12 Dominoes','&lt;p&gt;Choose to have your Double 12 dominoes encased in rich walnut. Constructed of solid wood, harvested from environmentally friendly forests, this handsome case is perfect for storing your D6 personalized dominoes. Made in America!&lt;/p&gt;\r\n\r\n&lt;p&gt;Dominoes sold separately.&lt;/p&gt;\r\n','','Walnut Case for Professional size Double 12 Dominoes',''),(185,1,'Walnut Engraved Case for Professional size Double 12 Dominoes','&lt;p&gt;Choose to have your Double 12 dominoes encased in rich walnut. Constructed of solid wood, harvested from environmentally friendly forests, this handsome case is perfect for storing your D6 personalized dominoes. Made in America!&lt;/p&gt;\r\n\r\n&lt;p&gt;Dominoes sold separately.&lt;/p&gt;\r\n','','Walnut Case for Professional size Double 12 Dominoes',''),(186,1,'Spinner Scoring Pad','&lt;p&gt;&lt;span style=&quot;background-color:rgb(247, 249, 208); color:rgb(0, 0, 0); font-family:arial,helvetica,sans-serif; font-size:12.8px&quot;&gt;Domino tile holders, score pads, and gaming pieces are essential to any multiple player domino games. We have a large selection of accessories for you to choose from.&lt;/span&gt;&lt;/p&gt;\r\n','','Spinner Scoring Pad',''),(187,1,'RoseWood Semi Gloss Finish Wooden Case','&lt;p&gt;RoseWood Semi Gloss Finish Wooden Case. Dominoes not Included&lt;/p&gt;\r\n','','RoseWood Semi Gloss Finish Wooden Case',''),(188,1,'Dbl 6 RoseWood Semi Gloss Finish Custom Wooden Case','&lt;p&gt;Dbl 6&amp;nbsp;RoseWood Semi Gloss Finish Custom Wooden Case (Dominoes not included)&lt;/p&gt;\r\n','','Dbl 6 RoseWood Semi Gloss Finish Custom Wooden Case',''),(189,1,'Dbl 6 Natural Finish Wooden Box (Dominoes not included)','&lt;p&gt;Dbl 6 Natural Finish Wooden Box (Dominoes not included)&lt;/p&gt;\r\n','','Dbl 6 Natural Finish Wooden Box',''),(190,1,'Dbl 6 Natural Finish Wooden Custom Laser Engraved Box (Dominoes not included)','&lt;p&gt;Dbl 6 Natural Finish Wooden Custom Laser Engraved Box (Dominoes not included)&lt;/p&gt;\r\n','','Dbl 6 Natural Finish Wooden Custom Laser Engraved Box',''),(191,1,'Double Six Tournament Size Dominoes in Golden Box','&lt;p&gt;&lt;span style=&quot;background-color:rgb(247, 249, 208); color:rgb(0, 0, 0); font-family:arial,helvetica,sans-serif; font-size:12.8px&quot;&gt;Double 6 is the most basic set of domino. Comes with 28 tiles. Double 6 come in variety of different size, color, and packaging&lt;/span&gt;&lt;/p&gt;\r\n','','Double Six Tournament Size Dominoes in Golden Box',''),(192,1,'Double 6 Tournament Size Dominoes with Spinner in Golden Box','&lt;p&gt;&lt;span style=&quot;background-color:rgb(247, 249, 208); color:rgb(0, 0, 0); font-family:arial,helvetica,sans-serif; font-size:12.8px&quot;&gt;Double 6 is the most basic set of domino. Comes with 28 tiles. Double 6 come in variety of different size, color, and packaging&lt;/span&gt;&lt;/p&gt;\r\n','','Double 6 Tournament Size Dominoes with Spinner in Golden Box',''),(193,1,'Double 6 Tournament Size Dominoes in Copper Color Box','&lt;p&gt;&lt;span style=&quot;background-color:rgb(247, 249, 208); color:rgb(0, 0, 0); font-family:arial,helvetica,sans-serif; font-size:12.8px&quot;&gt;Double 6 is the most basic set of domino. Comes with 28 tiles. Double 6 come in variety of different size, color, and packaging&lt;/span&gt;&lt;/p&gt;\r\n','','Double 6 Tournament Size Dominoes in Copper Color Box',''),(198,1,'Custom Spinner Texas Original Domino Game In Basswood Case','&lt;p&gt;&lt;span style=&quot;color:rgb(85, 85, 85); font-family:open sans,arial,helvetica,sans-serif; font-size:12px&quot;&gt;66 Dominoes, 2-8 Players, Ages 6+. A dynamic double 9 domino game plus 11 spinner pieces as wild dominoes. A great combination of other domino games, with the wild spinner dominoes used to keep the game moving. A most excited and extremely popular game manufactured by Puremco. Standard domino size. Colored coded dots.&lt;/span&gt;&lt;/p&gt;\r\n','','',''),(199,1,'Custom Spinner Texas Original Domino Game In Basswood Case With Stained Wood Sides','&lt;p&gt;&lt;span style=&quot;color:rgb(85, 85, 85); font-family:open sans,arial,helvetica,sans-serif; font-size:12px&quot;&gt;66 Dominoes, 2-8 Players, Ages 6+. A dynamic double 9 domino game plus 11 spinner pieces as wild dominoes. A great combination of other domino games, with the wild spinner dominoes used to keep the game moving. A most excited and extremely popular game manufactured by Puremco. Standard domino size. Colored coded dots.&lt;/span&gt;&lt;/p&gt;\r\n','','',''),(200,1,'Custom Pip Dominoes in Basswood Case','&lt;p&gt;&lt;span style=&quot;color:rgb(85, 85, 85); font-family:open sans,arial,helvetica,sans-serif; font-size:12px&quot;&gt;70 Dominoes, 2-8 Players, Ages 6+. Puremco&amp;#39;s exclusive new trademarked game. A double-9 domino game with 15 special dominoes that act as &amp;quot;wild and special action&amp;quot; dominoes. The wild dominoes keep the game from stalling and the directional dominoes can cause a player to be skipped, or the reversed, a player to play again, or the next player to draw an extra domino, Professional domino size. New colorful, descriptive tin packaging.&lt;/span&gt;&lt;/p&gt;\r\n','','',''),(201,1,'Custom PIP Dominoes in Basswood Case with Stained Wood Sides','&lt;p&gt;&lt;span style=&quot;color:rgb(85, 85, 85); font-family:open sans,arial,helvetica,sans-serif; font-size:12px&quot;&gt;70 Dominoes, 2-8 Players, Ages 6+. Puremco&amp;#39;s exclusive new trademarked game. A double-9 domino game with 15 special dominoes that act as &amp;quot;wild and special action&amp;quot; dominoes. The wild dominoes keep the game from stalling and the directional dominoes can cause a player to be skipped, or the reversed, a player to play again, or the next player to draw an extra domino, Professional domino size. New colorful, descriptive tin packaging.&lt;/span&gt;&lt;/p&gt;\r\n','','',''),(204,1,'Professional Size Double 6 Mother\'s Day Dominoes','&lt;p&gt;The world&amp;#39;s finest, MarbleLike dominoes are created from a proprietary resin blend&amp;nbsp;so each domino can be permanently&amp;nbsp;personalized. Double 6&amp;nbsp;sets include 28 professional size dominoes with black dots.&amp;nbsp; Professional size tiles are approximately 1&amp;quot; x 2&amp;quot; x&amp;nbsp;&lt;span style=&quot;font-size:12px&quot;&gt;1/2&lt;/span&gt;&amp;quot;.&lt;/p&gt;\r\n','imprinted dominoes for any occasion','personalized custom dominoes, double 6, custom dominoes, gifts, logo, named dominoes',''),(179,1,'PIP Custom Dominoes','&lt;p&gt;&lt;span style=&quot;color:rgb(85, 85, 85); font-family:open sans,arial,helvetica,sans-serif; font-size:12px&quot;&gt;70 Dominoes, 2-8 Players, Ages 6+. Puremco&amp;#39;s exclusive new trademarked game. A double-9 domino game with 15 special dominoes that act as &amp;quot;wild and special action&amp;quot; dominoes. The wild dominoes keep the game from stalling and the directional dominoes can cause a player to be skipped, or the reversed, a player to play again, or the next player to draw an extra domino, Professional domino size. New colorful, descriptive tin packaging.&lt;/span&gt;&lt;/p&gt;\r\n','imprinted pip custom dominoes','PIP Custom Dominoes',''),(146,1,'Dbl 6 Piano Finish Custom Engraved Wooden Box (Dominoes not included)','&lt;h1&gt;Dbl 6 Piano Finish Wooden Box&lt;/h1&gt;\r\n\r\n&lt;p&gt;&lt;strong&gt;* This Price is just for box. Dominoes are not included in it.&lt;/strong&gt;&lt;/p&gt;\r\n','','Dbl 6 Piano Finish Wooden Box',''),(205,1,'Dbl 6 Piano Finish Wooden Box (Dominoes not included)','&lt;h1 style=&quot;text-align:left&quot;&gt;Dbl 6 Piano Finish Wooden Box&lt;/h1&gt;\r\n\r\n&lt;p style=&quot;margin-left:0px; margin-right:0px; text-align:left&quot;&gt;&lt;strong&gt;* This Price is just for box. Dominoes are not included in it.&lt;/strong&gt;&lt;/p&gt;\r\n','','Dbl6 Piano Finish Wooden Box',''),(206,1,'CARDominoes','&lt;p&gt;52 CARDominoes for up to 8 players.&amp;nbsp; 15 games included.&lt;/p&gt;\r\n\r\n&lt;p&gt;&amp;nbsp;&lt;/p&gt;\r\n','','',''),(207,1,'Texas Hold \'Em CARDominoes','&lt;p&gt;Professional poker series CARDominoes.&lt;/p&gt;\r\n','','',''),(99,1,'Double Six Engraved Dominoes without spinners in velvet box Tournament Jumbo','&lt;div class=&quot;ProductDescriptionContainer&quot; style=&quot;margin: 0px; padding: 0px; color: rgb(83, 83, 83); font-family: \'Trebuchet MS\', Arial, Helvetica, sans-serif; font-size: 12.16px; line-height: normal;&quot;&gt;\r\n&lt;p&gt;Tournament(JUMBO) size (2&amp;quot; x 1&amp;quot; x 1/2&amp;quot;)&amp;nbsp; Dominoes packed luxuriously in a velveteen box.&lt;/p&gt;\r\n\r\n&lt;div&gt;&amp;nbsp;&lt;/div&gt;\r\n&lt;/div&gt;\r\n','double 6 dominoes','Double Six Engraved Dominoes in velvet box',''),(208,1,'Tournament Size Double 12 Dominoes','&lt;p&gt;Tournament size double 12 dominoes in vinyl snap case.&amp;nbsp; Hub, trains, whistling train, and batteries included.&lt;/p&gt;\r\n','','',''),(209,1,'Double Six Dominoes','&lt;p&gt;DOUBLE SIX DOMINOES&lt;/p&gt;\r\n\r\n&lt;p&gt;&lt;span style=&quot;color:rgb(83, 83, 83); font-family:trebuchet ms,arial,helvetica,sans-serif; font-size:12.16px&quot;&gt;Tournament size (2.125&amp;quot; x 1.0625&amp;quot; x 1/2&amp;quot;) Approximately&lt;/span&gt;&lt;/p&gt;\r\n\r\n&lt;p&gt;&lt;span style=&quot;color:rgb(83, 83, 83); font-family:trebuchet ms,arial,helvetica,sans-serif; font-size:12.16px&quot;&gt;Dominoes with or without Spinners&lt;/span&gt;&lt;/p&gt;\r\n\r\n&lt;p&gt;&lt;span style=&quot;color:rgb(83, 83, 83); font-family:trebuchet ms,arial,helvetica,sans-serif; font-size:12.16px&quot;&gt;Gift Box Options&lt;/span&gt;&lt;/p&gt;\r\n','','','');

--
-- Table structure for table `product_discount`
--

CREATE TABLE `product_discount` (
  `product_discount_id` int(11) NOT NULL AUTO_INCREMENT,
  `product_id` int(11) NOT NULL,
  `customer_group_id` int(11) NOT NULL,
  `quantity` int(4) NOT NULL DEFAULT '0',
  `priority` int(5) NOT NULL DEFAULT '1',
  `price` decimal(15,4) NOT NULL DEFAULT '0.0000',
  `date_start` date NOT NULL DEFAULT '0000-00-00',
  `date_end` date NOT NULL DEFAULT '0000-00-00',
  PRIMARY KEY (`product_discount_id`),
  KEY `product_id` (`product_id`)
) ENGINE=MyISAM AUTO_INCREMENT=441 DEFAULT CHARSET=utf8;

--
-- Dumping data for table `product_discount`
--


--
-- Table structure for table `product_filter`
--

CREATE TABLE `product_filter` (
  `product_id` int(11) NOT NULL,
  `filter_id` int(11) NOT NULL,
  PRIMARY KEY (`product_id`,`filter_id`)
) ENGINE=MyISAM DEFAULT CHARSET=utf8;

--
-- Dumping data for table `product_filter`
--


--
-- Table structure for table `product_image`
--

CREATE TABLE `product_image` (
  `product_image_id` int(11) NOT NULL AUTO_INCREMENT,
  `product_id` int(11) NOT NULL,
  `image` varchar(255) DEFAULT NULL,
  `sort_order` int(3) NOT NULL DEFAULT '0',
  PRIMARY KEY (`product_image_id`)
) ENGINE=MyISAM AUTO_INCREMENT=2598 DEFAULT CHARSET=utf8;

--
-- Dumping data for table `product_image`
--

INSERT INTO `product_image` VALUES (2474,185,'data/categories/Wooden cases/walnut-big1.jpg',1),(2471,184,'data/categories/Wooden cases/walnut-big1.jpg',1),(2470,184,'data/categories/Wooden cases/walnut-big2.jpg',2),(2596,182,'data/categories/Wooden cases/walnut-small1.jpg',1),(2549,157,'data/categories/leatherette-box1.jpg',1),(2548,157,'data/categories/leatherette-box2.jpg',2),(2541,180,'data/products/legacy4.jpg',3),(2540,180,'data/products/legacy3.jpg',2),(2552,177,'no_image.jpg',2),(2595,90,'data/products/Fathers Day/happyfathersdaymainn.jpg',0),(2556,176,'data/categories/wooden-spinner.jpg',3),(2555,176,'data/categories/wooden-spinner2.jpg',1),(2473,185,'data/categories/Wooden cases/walnut-big2.jpg',2),(2597,183,'data/categories/Wooden cases/walnut-small1.jpg',1),(2539,180,'data/products/legacy1.jpg',1),(2455,156,'data/products/Dominoes table/dominoes-table-customtop3.jpg',2),(2454,156,'data/products/Dominoes table/dominoes-table-customtop1.jpg',0),(2544,155,'data/products/Dominoes table/dominoes-table2.jpg',3),(2543,155,'data/products/Dominoes table/dominoes-table1.jpg',2),(2542,155,'data/products/Dominoes table/dominoes-table4.jpg',0),(2453,156,'data/products/Dominoes table/dominoes-table-customtop2.jpg',1),(2547,187,'data/categories/Wooden cases/semi-gloss1.jpg',1),(2546,187,'data/categories/Wooden cases/semi-gloss2.jpg',0),(2594,188,'data/categories/Wooden cases/semi-gloss2-withemboss.jpg',1),(2488,189,'data/categories/Wooden cases/Natural-finish-box3.jpg',0),(2487,189,'data/categories/Wooden cases/Natural-finish-box2.jpg',0),(2578,190,'data/categories/Wooden cases/Natural-finish-custom-box2.jpg',2),(2579,190,'data/categories/Wooden cases/Natural-finish-custom-box.jpg',1),(2493,194,'data/2 in 1 domino hub train & chicken.jpg',0),(2551,177,'no_image.jpg',3),(2553,176,'data/categories/wooden-spinner-3.jpg',4),(2554,176,'data/categories/wooden-spinner1.jpg',2),(2593,206,'data/CARDominoes/IMG_7547.jpg',0),(2592,206,'data/CARDominoes/IMG_7549.jpg',0),(2591,206,'data/CARDominoes/IMG_7550.jpg',0),(2590,206,'data/CARDominoes/IMG_7544.jpg',0),(2589,206,'data/CARDominoes/IMG_7542.jpg',0),(2564,207,'data/CARDominoes/IMG_7552.jpg',0),(2565,207,'data/CARDominoes/IMG_7550.jpg',0),(2566,207,'data/CARDominoes/IMG_7544.jpg',0),(2567,207,'data/CARDominoes/IMG_7542.jpg',0),(2583,208,'data/Double 12 Tournament Size Dominoes/IMG_7986.jpg',0),(2582,208,'data/Double 12 Tournament Size Dominoes/IMG_7987.jpg',0),(2581,208,'data/Double 12 Tournament Size Dominoes/IMG_7988.jpg',0),(2580,208,'data/Double 12 Tournament Size Dominoes/IMG_7989.jpg',0);

--
-- Table structure for table `product_option`
--

CREATE TABLE `product_option` (
  `product_option_id` int(11) NOT NULL AUTO_INCREMENT,
  `product_id` int(11) NOT NULL,
  `option_id` int(11) NOT NULL,
  `option_value` text NOT NULL,
  `required` tinyint(1) NOT NULL,
  PRIMARY KEY (`product_option_id`)
) ENGINE=MyISAM AUTO_INCREMENT=451 DEFAULT CHARSET=utf8;

--
-- Dumping data for table `product_option`
--

INSERT INTO `product_option` VALUES (234,59,14,'',0),(235,59,15,'',0),(236,59,16,'',1),(242,58,16,'',1),(233,54,17,'',0),(383,162,25,'',1),(228,51,14,'',0),(230,51,16,'',1),(229,51,15,'',0),(241,58,15,'',0),(240,58,14,'',0),(243,60,14,'',0),(244,60,15,'',0),(245,60,16,'',1),(248,62,16,'',1),(247,62,15,'',0),(246,62,14,'',0),(251,50,16,'',1),(250,50,15,'',0),(249,50,14,'',0),(252,61,14,'',0),(253,61,15,'',0),(254,61,16,'',1),(257,52,16,'',1),(256,52,15,'',0),(255,52,14,'',0),(258,54,14,'',0),(259,54,15,'',0),(260,54,16,'',1),(262,55,17,'',1),(263,56,17,'',1),(274,67,16,'',1),(275,67,15,'',0),(312,94,24,'',1),(276,67,14,'',0),(277,0,18,'',1),(280,69,19,'',1),(326,103,17,'',1),(403,96,39,'',1),(285,71,17,'',1),(281,70,20,'',1),(325,102,31,'',1),(300,87,21,'',1),(315,97,27,'',1),(270,66,18,'',1),(232,53,17,'',1),(311,93,24,'',1),(303,90,14,'',0),(304,90,15,'',0),(301,88,22,'',1),(302,89,23,'',1),(398,98,39,'',1),(317,99,29,'',1),(385,163,30,'',1),(322,101,16,'',1),(321,101,15,'',0),(320,101,14,'',0),(319,101,17,'',0),(305,90,16,'',1),(330,104,16,'',1),(329,104,15,'',0),(328,104,14,'',0),(327,104,17,'',0),(331,106,32,'',1),(332,107,33,'',1),(333,135,34,'',1),(334,136,35,'',1),(343,146,16,'',1),(342,146,15,'',0),(341,146,14,'',0),(335,145,36,'',1),(344,147,14,'',0),(346,147,16,'',1),(349,148,16,'',1),(347,148,14,'',0),(350,149,37,'',1),(356,151,14,'',0),(351,150,14,'',0),(354,150,16,'',1),(355,151,16,'',1),(357,152,16,'',1),(358,152,14,'',0),(359,153,16,'',1),(360,153,14,'',0),(365,156,14,'',0),(363,156,16,'',1),(364,156,15,'',0),(368,158,16,'',1),(367,158,15,'',0),(366,158,14,'',0),(369,159,14,'',0),(370,159,15,'',0),(371,159,16,'',1),(384,161,39,'',1),(382,161,25,'',1),(318,100,30,'',1),(386,100,39,'',1),(387,109,39,'',1),(435,195,46,'',1),(437,195,47,'',1),(393,169,29,'',1),(391,107,39,'',1),(392,168,33,'',1),(394,99,39,'',1),(395,111,39,'',1),(396,113,39,'',1),(397,172,28,'',1),(316,98,28,'',1),(399,125,39,'',1),(400,174,27,'',1),(401,97,39,'',1),(402,175,26,'',1),(314,96,26,'',1),(404,178,15,'',0),(405,178,14,'',0),(406,178,16,'',1),(438,178,48,'',1),(410,84,40,'',1),(439,204,49,'',1),(412,177,42,'',0),(415,180,14,'',0),(414,180,15,'',0),(413,180,16,'',1),(416,181,16,'',1),(417,181,14,'',0),(418,181,15,'',0),(419,182,17,'',1),(423,183,16,'',1),(422,183,15,'',0),(421,183,14,'',0),(420,183,17,'',0),(426,185,15,'',0),(425,185,14,'',0),(424,185,16,'',1),(427,184,17,'',1),(428,188,16,'',1),(429,188,14,'',0),(431,190,14,'',0),(430,190,16,'',1),(432,191,43,'',1),(433,192,44,'',1),(434,193,45,'',1),(440,204,50,'',1),(444,179,14,'',0),(442,179,15,'',0),(441,179,16,'',1),(445,205,16,'',1),(449,209,51,'',1),(447,209,53,'',0),(448,209,52,'',1),(450,209,54,'',1);

--
-- Table structure for table `product_option_value`
--

CREATE TABLE `product_option_value` (
  `product_option_value_id` int(11) NOT NULL AUTO_INCREMENT,
  `product_option_id` int(11) NOT NULL,
  `product_id` int(11) NOT NULL,
  `option_id` int(11) NOT NULL,
  `option_value_id` int(11) NOT NULL,
  `quantity` int(3) NOT NULL,
  `subtract` tinyint(1) NOT NULL,
  `price` decimal(15,4) NOT NULL,
  `price_prefix` varchar(1) NOT NULL,
  `points` int(8) NOT NULL,
  `points_prefix` varchar(1) NOT NULL,
  `weight` decimal(15,8) NOT NULL,
  `weight_prefix` varchar(1) NOT NULL,
  `opt_image` varchar(255) CHARACTER SET utf8 COLLATE utf8_bin DEFAULT NULL,
  PRIMARY KEY (`product_option_value_id`)
) ENGINE=MyISAM AUTO_INCREMENT=429 DEFAULT CHARSET=utf8;

--
-- Dumping data for table `product_option_value`
--

INSERT INTO `product_option_value` VALUES (34,250,50,15,51,1,0,0.0000,'+',0,'+',0.00000000,'+',''),(33,249,50,14,50,1,0,0.0000,'+',0,'+',0.00000000,'+',''),(32,247,62,15,51,1,0,0.0000,'+',0,'+',0.00000000,'+',''),(31,246,62,14,50,1,0,0.0000,'+',0,'+',0.00000000,'+',''),(29,243,60,14,50,0,1,0.0000,'+',0,'+',0.00000000,'+',''),(30,244,60,15,51,1,0,0.0000,'+',0,'+',0.00000000,'+',''),(28,241,58,15,51,1,0,0.0000,'+',0,'+',0.00000000,'+',''),(27,240,58,14,50,1,0,0.0000,'+',0,'+',0.00000000,'+',''),(23,234,59,14,50,1,0,0.0000,'+',0,'+',0.00000000,'+',''),(24,235,59,15,51,1,0,0.0000,'+',0,'+',0.00000000,'+',''),(18,228,51,14,53,1,0,0.0000,'+',0,'+',0.00000000,'+',''),(19,229,51,15,51,1,0,0.0000,'+',0,'+',0.00000000,'+',''),(35,252,61,14,50,1,0,0.0000,'+',0,'+',0.00000000,'+',''),(36,253,61,15,51,1,0,0.0000,'+',0,'+',0.00000000,'+',''),(38,256,52,15,51,1,0,0.0000,'+',0,'+',0.00000000,'+',''),(37,255,52,14,50,1,0,0.0000,'+',0,'+',0.00000000,'+',''),(166,311,93,24,120,50,1,0.0000,'+',0,'+',0.00000000,'+','data/products/Fathers Day/fathersdaydominoe11.jpg'),(42,262,55,17,54,1,0,0.0000,'+',0,'+',0.00000000,'+',''),(43,263,56,17,54,1,0,0.0000,'+',0,'+',0.00000000,'+',''),(22,233,54,17,54,1,0,0.0000,'+',0,'+',0.00000000,'+',''),(55,270,66,18,172,1,0,0.0000,'+',0,'+',0.00000000,'+','data/series/texana/steer-peeking.jpg'),(60,270,66,18,67,1,0,0.0000,'+',0,'+',0.00000000,'+','data/series/texana/txbf-peeking.jpg'),(66,270,66,18,73,1,0,0.0000,'+',0,'+',0.00000000,'+','data/series/texana/txs-peeking.jpg'),(58,270,66,18,65,1,0,0.0000,'+',0,'+',0.00000000,'+','data/series/texana/tx-peeking.jpg'),(62,270,66,18,69,1,0,0.0000,'+',0,'+',0.00000000,'+','data/series/texana/txf-peeking.jpg'),(61,270,66,18,68,1,0,0.0000,'+',0,'+',0.00000000,'+','data/series/texana/txbones-peeking.jpg'),(65,270,66,18,72,1,0,0.0000,'+',0,'+',0.00000000,'+','data/series/texana/txmess-peeking.jpg'),(63,270,66,18,70,1,0,0.0000,'+',0,'+',0.00000000,'+','data/series/texana/txh-peeking.jpg'),(68,270,66,18,171,1,0,0.0000,'+',0,'+',0.00000000,'+','data/series/texana/snake-peeking.jpg'),(56,270,66,18,63,1,0,0.0000,'+',0,'+',0.00000000,'+','data/series/texana/tbb-peeking.jpg'),(54,270,66,18,61,1,0,0.0000,'+',0,'+',0.00000000,'+','data/series/texana/star-peeking.jpg'),(57,270,66,18,64,1,0,0.0000,'+',0,'+',0.00000000,'+','data/series/texana/tfpep-peeking.jpg'),(50,270,66,18,55,1,0,0.0000,'+',0,'+',0.00000000,'+','data/series/texana/alamo-peeking.jpg'),(59,270,66,18,66,1,0,0.0000,'+',0,'+',0.00000000,'+','data/series/texana/tx42-peeking.jpg'),(64,270,66,18,71,1,0,0.0000,'+',0,'+',0.00000000,'+','data/series/texana/txl-peeking.jpg'),(53,270,66,18,60,1,0,0.0000,'+',0,'+',0.00000000,'+','data/series/texana/rpep-peeking.jpg'),(40,259,54,15,51,1,1,0.0000,'+',0,'+',0.00000000,'+',''),(399,444,179,14,50,1,0,0.0000,'+',0,'+',0.00000000,'+',''),(71,275,67,15,51,1,0,0.0000,'+',0,'+',0.00000000,'+',''),(72,276,67,14,50,1,0,0.0000,'+',0,'+',0.00000000,'+',''),(73,277,0,18,62,1,0,0.0000,'+',0,'+',0.00000000,'+','data/series/texana/steer-peeking.jpg'),(74,277,0,18,59,1,0,0.0000,'+',0,'+',0.00000000,'+','data/series/texana/comeandtakeit-peeking.jpg'),(75,277,0,18,60,1,0,0.0000,'+',0,'+',0.00000000,'+','data/series/texana/rpep-peeking.jpg'),(76,277,0,18,56,1,0,0.0000,'+',0,'+',0.00000000,'+','data/series/texana/austin-peeking.jpg'),(77,277,0,18,58,1,0,0.0000,'+',0,'+',0.00000000,'+','data/series/texana/cboy-peeking.jpg'),(78,277,0,18,57,1,0,0.0000,'+',0,'+',0.00000000,'+','data/series/texana/bstr-peeking.jpg'),(79,277,0,18,61,1,0,0.0000,'+',0,'+',0.00000000,'+','data/series/texana/star-peeking.jpg'),(80,277,0,18,63,1,0,0.0000,'+',0,'+',0.00000000,'+','data/series/texana/tbb-peeking.jpg'),(81,277,0,18,75,1,0,0.0000,'+',0,'+',0.00000000,'+','data/series/texana/snake-peeking.jpg'),(82,277,0,18,70,1,0,0.0000,'+',0,'+',0.00000000,'+','data/series/texana/txh-peeking.jpg'),(83,277,0,18,74,1,0,0.0000,'+',0,'+',0.00000000,'+','data/series/texana/txw-peeking.jpg'),(84,277,0,18,66,1,0,0.0000,'+',0,'+',0.00000000,'+','data/series/texana/tx42-peeking.jpg'),(85,277,0,18,64,1,0,0.0000,'+',0,'+',0.00000000,'+','data/series/texana/tfpep-peeking.jpg'),(86,277,0,18,55,1,0,0.0000,'+',0,'+',0.00000000,'+','data/series/texana/alamo-peeking.jpg'),(87,277,0,18,72,1,0,0.0000,'+',0,'+',0.00000000,'+','data/series/texana/txmess-peeking.jpg'),(88,277,0,18,71,1,0,0.0000,'+',0,'+',0.00000000,'+','data/series/texana/txl-peeking.jpg'),(89,277,0,18,67,1,0,0.0000,'+',0,'+',0.00000000,'+','data/series/texana/txbf-peeking.jpg'),(90,277,0,18,68,1,0,0.0000,'+',0,'+',0.00000000,'+','data/series/texana/txbones-peeking.jpg'),(91,277,0,18,69,1,0,0.0000,'+',0,'+',0.00000000,'+','data/series/texana/txf-peeking.jpg'),(92,277,0,18,65,1,0,0.0000,'+',0,'+',0.00000000,'+','data/series/texana/tx-peeking.jpg'),(93,277,0,18,73,1,0,0.0000,'+',0,'+',0.00000000,'+','data/series/texana/txs-peeking.jpg'),(101,280,69,19,82,5,0,0.0000,'+',0,'+',0.00000000,'+','data/products/images for ebay/texastech-tt.jpg'),(201,314,96,26,154,44,1,0.0000,'+',0,'+',0.00000000,'+','data/products/colored-dominoes/doublesixgreenVelvet.jpg'),(233,280,69,19,180,5,0,0.0000,'+',0,'+',0.00000000,'+','data/products/images for ebay/testing.jpg'),(95,280,69,19,76,5,0,0.0000,'+',0,'+',0.00000000,'+','data/products/images for ebay/universityofarkansas-uark.jpg'),(192,280,69,19,145,5,0,0.0000,'+',0,'+',0.00000000,'+','data/products/images for ebay/Texasatm.jpg'),(102,280,69,19,83,5,0,0.0000,'+',0,'+',0.00000000,'+','data/products/images for ebay/lousiniastatuniversity-lsu.jpg'),(394,439,204,49,242,500,0,0.0000,'+',0,'+',0.00000000,'+',''),(111,285,71,17,54,1,0,0.0000,'+',0,'+',0.00000000,'+',''),(104,281,70,20,85,19,1,0.0000,'+',0,'+',0.00000000,'+','data/products/images for ebay/Americana Series/hardrow-plow.jpg'),(108,281,70,20,89,6,1,0.0000,'+',0,'+',0.00000000,'+','data/products/images for ebay/Americana Series/godbless-bless.jpg'),(107,281,70,20,84,16,1,0.0000,'+',0,'+',0.00000000,'+','data/products/images for ebay/Americana Series/longhorn-steer.jpg'),(105,281,70,20,86,20,1,0.0000,'+',0,'+',0.00000000,'+','data/products/images for ebay/Americana Series/homerange-hotr.jpg'),(106,281,70,20,88,18,1,0.0000,'+',0,'+',0.00000000,'+','data/products/images for ebay/Americana Series/motorcycle-cycl.jpg'),(167,312,94,24,118,50,1,0.0000,'+',0,'+',0.00000000,'+','data/products/Fathers Day/fathersdaydominoe1.jpg'),(49,270,66,18,57,1,0,0.0000,'+',0,'+',0.00000000,'+','data/series/texana/bstr-peeking.jpg'),(164,311,93,24,118,50,1,0.0000,'+',0,'+',0.00000000,'+','data/products/Fathers Day/fathersdaydominoe1.jpg'),(165,311,93,24,119,50,1,0.0000,'+',0,'+',0.00000000,'+','data/products/Fathers Day/fathersdaydominoe10.jpg'),(154,303,90,14,50,0,1,0.0000,'+',0,'+',0.00000000,'+',''),(126,300,87,21,94,50,1,0.0000,'+',0,'+',0.00000000,'+','data/products/licensed/bostonbruins.jpg'),(128,300,87,21,91,49,1,0.0000,'+',0,'+',0.00000000,'+','data/products/licensed/destroitredwings.jpg'),(130,300,87,21,93,48,1,0.0000,'+',0,'+',0.00000000,'+','data/products/licensed/pittsburghpenguin.jpg'),(129,300,87,21,92,50,1,0.0000,'+',0,'+',0.00000000,'+','data/products/licensed/canadianteamdominoes.jpg'),(151,302,89,23,107,42,1,0.0000,'+',0,'+',0.00000000,'+','data/products/licensed/pittsburgh-steeler.jpg'),(140,301,88,22,100,48,1,0.0000,'+',0,'+',0.00000000,'+','data/products/licensed/st-louis.jpg'),(139,301,88,22,97,49,1,0.0000,'+',0,'+',0.00000000,'+','data/products/licensed/san-fransisco-giants.jpg'),(138,301,88,22,102,50,1,0.0000,'+',0,'+',0.00000000,'+','data/products/licensed/pittsburgh.jpg'),(136,301,88,22,99,50,1,0.0000,'+',0,'+',0.00000000,'+','data/products/licensed/minnesota-twins.jpg'),(135,301,88,22,98,50,1,0.0000,'+',0,'+',0.00000000,'+','data/products/licensed/kansas-city.jpg'),(137,301,88,22,104,48,1,0.0000,'+',0,'+',0.00000000,'+','data/products/licensed/newyorkyankies.jpg'),(134,301,88,22,95,49,1,0.0000,'+',0,'+',0.00000000,'+','data/products/licensed/detroit-tigers.jpg'),(132,301,88,22,96,49,1,0.0000,'+',0,'+',0.00000000,'+','data/products/licensed/boston-red-sox.jpg'),(133,301,88,22,101,47,1,0.0000,'+',0,'+',0.00000000,'+','data/products/licensed/chicago-clubs.jpg'),(127,300,87,21,90,50,1,0.0000,'+',0,'+',0.00000000,'+','data/products/licensed/blackhawkdominoes.jpg'),(131,301,88,22,103,50,1,0.0000,'+',0,'+',0.00000000,'+','data/products/licensed/atlanta-brave.jpg'),(148,302,89,23,111,48,1,0.0000,'+',0,'+',0.00000000,'+','data/products/licensed/minnoesote.jpg'),(146,302,89,23,117,50,1,0.0000,'+',0,'+',0.00000000,'+','data/products/licensed/indianapolis.jpg'),(147,302,89,23,108,48,1,0.0000,'+',0,'+',0.00000000,'+','data/products/licensed/kansas-city.jpg'),(144,302,89,23,115,45,1,0.0000,'+',0,'+',0.00000000,'+','data/products/licensed/denver.jpg'),(145,302,89,23,106,50,1,0.0000,'+',0,'+',0.00000000,'+','data/products/licensed/greenbay-packers.jpg'),(141,302,89,23,112,49,1,0.0000,'+',0,'+',0.00000000,'+','data/products/licensed/chicago-bears.jpg'),(143,302,89,23,113,29,1,0.0000,'+',0,'+',0.00000000,'+','data/products/licensed/dallas-cowboys.jpg'),(142,302,89,23,114,49,1,0.0000,'+',0,'+',0.00000000,'+','data/products/licensed/cincinaati.jpg'),(153,302,89,23,116,49,1,0.0000,'+',0,'+',0.00000000,'+','data/products/licensed/seattle.jpg'),(48,270,66,18,56,1,0,0.0000,'+',0,'+',0.00000000,'+','data/series/texana/austin-peeking.jpg'),(21,232,53,17,54,1,0,0.0000,'+',0,'+',0.00000000,'+',''),(67,270,66,18,74,1,0,0.0000,'+',0,'+',0.00000000,'+','data/series/texana/txw-peeking.jpg'),(170,312,94,24,121,50,1,0.0000,'+',0,'+',0.00000000,'+','data/products/Fathers Day/fathersdaydominoe12.jpg'),(169,312,94,24,120,49,1,0.0000,'+',0,'+',0.00000000,'+','data/products/Fathers Day/fathersdaydominoe11.jpg'),(168,312,94,24,119,50,1,0.0000,'+',0,'+',0.00000000,'+','data/products/Fathers Day/fathersdaydominoe10.jpg'),(171,312,94,24,122,50,1,0.0000,'+',0,'+',0.00000000,'+','data/products/Fathers Day/fathersdaydominoe13.jpg'),(172,312,94,24,123,49,1,0.0000,'+',0,'+',0.00000000,'+','data/products/Fathers Day/fathersdaydominoe2.jpg'),(173,312,94,24,124,50,1,0.0000,'+',0,'+',0.00000000,'+','data/products/Fathers Day/fathersdaydominoe3.jpg'),(174,312,94,24,125,50,1,0.0000,'+',0,'+',0.00000000,'+','data/products/Fathers Day/fathersdaydominoe4.jpg'),(175,312,94,24,126,50,1,0.0000,'+',0,'+',0.00000000,'+','data/products/Fathers Day/fathersdaydominoe5.jpg'),(176,312,94,24,127,50,1,0.0000,'+',0,'+',0.00000000,'+','data/products/Fathers Day/fathersdaydominoe6.jpg'),(178,312,94,24,129,50,1,0.0000,'+',0,'+',0.00000000,'+','data/products/Fathers Day/fathersdaydominoe8.jpg'),(179,312,94,24,130,50,1,0.0000,'+',0,'+',0.00000000,'+','data/products/Fathers Day/fathersdaydominoe9.jpg'),(177,312,94,24,128,49,1,0.0000,'+',0,'+',0.00000000,'+','data/products/Fathers Day/fathersdaydominoe7.jpg'),(152,302,89,23,105,47,1,0.0000,'+',0,'+',0.00000000,'+','data/products/licensed/san-fransisco.jpg'),(305,383,162,25,131,50,1,0.0000,'+',0,'+',0.00000000,'+','data/Gift Set/giftpack1.jpg'),(304,383,162,25,138,50,1,0.0000,'+',0,'+',0.00000000,'+','data/Gift Set/giftpack8.jpg'),(303,383,162,25,132,50,1,0.0000,'+',0,'+',0.00000000,'+','data/Gift Set/giftpack2.jpg'),(302,383,162,25,141,50,1,0.0000,'+',0,'+',0.00000000,'+','data/Gift Set/giftpack11.jpg'),(301,383,162,25,139,46,1,0.0000,'+',0,'+',0.00000000,'+','data/Gift Set/giftpack9.jpg'),(300,383,162,25,133,50,1,0.0000,'+',0,'+',0.00000000,'+','data/Gift Set/giftpack3.jpg'),(297,383,162,25,137,50,1,0.0000,'+',0,'+',0.00000000,'+','data/Gift Set/giftpack7.jpg'),(299,383,162,25,136,48,1,0.0000,'+',0,'+',0.00000000,'+','data/Gift Set/giftpack6.jpg'),(298,383,162,25,135,50,1,0.0000,'+',0,'+',0.00000000,'+','data/Gift Set/giftpack5.jpg'),(296,383,162,25,134,50,1,0.0000,'+',0,'+',0.00000000,'+','data/Gift Set/giftpack4.jpg'),(295,383,162,25,140,50,1,0.0000,'+',0,'+',0.00000000,'+','data/Gift Set/giftpack10.jpg'),(96,280,69,19,77,5,0,0.0000,'+',0,'+',0.00000000,'+','data/products/images for ebay/texaschristian-tcu.jpg'),(191,280,69,19,144,5,0,0.0000,'+',0,'+',0.00000000,'+','data/products/images for ebay/universityofalabama.jpg'),(203,314,96,26,156,47,1,0.0000,'+',0,'+',0.00000000,'+','data/products/colored-dominoes/Yellow__91285.1336163491.1280.1280.jpg'),(197,315,97,27,149,44,1,0.0000,'+',0,'+',0.00000000,'+','data/products/colored-dominoes/doublesixTwoTonesRedWhite.jpg'),(196,315,97,27,150,34,1,0.0000,'+',0,'+',0.00000000,'+','data/products/colored-dominoes/doublesixTwoTonesWhiteBlack.jpg'),(198,316,98,28,151,48,1,0.0000,'+',0,'+',0.00000000,'+','data/products/colored-dominoes/double9redarcadianbox.jpg'),(199,316,98,28,152,47,1,0.0000,'+',0,'+',0.00000000,'+','data/products/colored-dominoes/double9whitearcadianbox.jpg'),(200,316,98,28,153,49,1,0.0000,'+',0,'+',0.00000000,'+','data/products/colored-dominoes/double9blackarcadianbox.jpg'),(202,314,96,26,155,38,1,0.0000,'+',0,'+',0.00000000,'+','data/products/colored-dominoes/doublesixBlueVelvet.jpg'),(195,314,96,26,146,0,1,0.0000,'+',0,'+',0.00000000,'+','data/products/colored-dominoes/doublesixWhiteVelvet.jpg'),(194,314,96,26,147,29,1,0.0000,'+',0,'+',0.00000000,'+','data/products/colored-dominoes/doublesixRedVelvet.jpg'),(204,315,97,27,157,41,1,0.0000,'+',0,'+',0.00000000,'+','data/products/colored-dominoes/doublesixTwoTonesBlueWhite.jpg'),(409,317,99,29,263,44,1,0.0000,'+',0,'+',0.00000000,'+','data/20181123_111942.jpg'),(293,382,161,25,133,50,1,0.0000,'+',0,'+',0.00000000,'+','data/Gift Set/giftpack3.jpg'),(294,382,161,25,139,50,1,0.0000,'+',0,'+',0.00000000,'+','data/Gift Set/giftpack9.jpg'),(289,382,161,25,132,50,1,0.0000,'+',0,'+',0.00000000,'+','data/Gift Set/giftpack2.jpg'),(212,321,101,15,51,1,1,0.0000,'+',0,'+',0.00000000,'+',''),(211,320,101,14,50,1,0,0.0000,'+',0,'+',0.00000000,'+',''),(210,319,101,17,54,1,0,0.0000,'+',0,'+',0.00000000,'+',''),(155,304,90,15,51,1,0,0.0000,'+',0,'+',0.00000000,'+',''),(221,325,102,31,169,50,0,0.0000,'+',0,'+',0.00000000,'+','data/products/university gift set/arkansas.jpg'),(277,325,102,31,206,50,0,0.0000,'+',0,'+',0.00000000,'+','data/products/university gift set/texas-atm-university-box1.jpg'),(216,325,102,31,170,50,0,0.0000,'+',0,'+',0.00000000,'+','data/products/university gift set/lousisiana-university.jpg'),(219,325,102,31,165,50,0,0.0000,'+',0,'+',0.00000000,'+','data/products/university gift set/atm.jpg'),(217,325,102,31,166,50,0,0.0000,'+',0,'+',0.00000000,'+','data/products/university gift set/oklohamastateuniversity.jpg'),(220,325,102,31,168,50,0,0.0000,'+',0,'+',0.00000000,'+','data/products/university gift set/texastech.jpg'),(223,326,103,17,54,1,0,0.0000,'+',0,'+',0.00000000,'+',''),(225,328,104,14,50,1,0,0.0000,'+',0,'+',0.00000000,'+',''),(226,329,104,15,51,1,1,0.0000,'+',0,'+',0.00000000,'+',''),(227,331,106,32,173,37,1,0.0000,'+',0,'+',0.00000000,'+','data/products/double six new/doublsixstandard-blk.jpg'),(228,331,106,32,174,47,1,0.0000,'+',0,'+',0.00000000,'+','data/products/double six new/doublsixstandard.jpg'),(229,331,106,32,175,43,1,0.0000,'+',0,'+',0.00000000,'+','data/products/double six new/doublsixstandard-red.jpg'),(232,332,107,33,178,31,1,0.0000,'+',0,'+',0.00000000,'+','data/products/double six new/doublsixprofessional-red.jpg'),(408,317,99,29,262,47,1,0.0000,'+',0,'+',0.00000000,'+','data/20181123_112253.jpg'),(230,332,107,33,176,0,1,0.0000,'+',0,'+',0.00000000,'+','data/products/double six new/doublsixprofessional-blk.jpg'),(98,280,69,19,79,5,0,0.0000,'+',0,'+',0.00000000,'+','data/atm.png'),(247,333,135,34,194,50,1,0.0000,'+',0,'+',0.00000000,'+','data/products/licensed/wisconsin-dominoes.jpg'),(245,333,135,34,192,50,1,0.0000,'+',0,'+',0.00000000,'+','data/products/licensed/penn-state-dominoes.jpg'),(244,333,135,34,191,47,1,0.0000,'+',0,'+',0.00000000,'+','data/products/licensed/oregon-dominoes.jpg'),(242,333,135,34,189,50,1,0.0000,'+',0,'+',0.00000000,'+','data/products/licensed/nebraska-dominoes.jpg'),(243,333,135,34,190,50,1,0.0000,'+',0,'+',0.00000000,'+','data/products/licensed/ohio-state-dominoes.jpg'),(241,333,135,34,188,49,1,0.0000,'+',0,'+',0.00000000,'+','data/products/licensed/michigan-state-dominoes.jpg'),(240,333,135,34,187,50,1,0.0000,'+',0,'+',0.00000000,'+','data/products/licensed/michigan-dominoes.jpg'),(239,333,135,34,186,50,1,0.0000,'+',0,'+',0.00000000,'+','data/products/licensed/kentuchky-dominoes.jpg'),(238,333,135,34,185,50,1,0.0000,'+',0,'+',0.00000000,'+','data/products/licensed/kansas-dominoes.jpg'),(237,333,135,34,184,50,1,0.0000,'+',0,'+',0.00000000,'+','data/products/licensed/iowa-dominoes.jpg'),(236,333,135,34,183,50,1,0.0000,'+',0,'+',0.00000000,'+','data/products/licensed/georgia-dominoes.jpg'),(248,334,136,35,195,5,1,0.0000,'+',0,'+',0.00000000,'+','data/products/Kids Dominoes/frozen-dominoes.jpg'),(249,334,136,35,196,5,1,0.0000,'+',0,'+',0.00000000,'+','data/products/Kids Dominoes/finding-dory.jpg'),(251,334,136,35,197,3,1,0.0000,'+',0,'+',0.00000000,'+','data/products/Kids Dominoes/star-wars.jpg'),(250,334,136,35,198,5,1,0.0000,'+',0,'+',0.00000000,'+','data/products/Kids Dominoes/paw-patrol.jpg'),(260,344,147,14,50,1,1,0.0000,'+',0,'+',0.00000000,'+','data/categories/custom-piano-boxdbl12.jpg'),(252,335,145,36,199,3,1,0.0000,'+',0,'+',0.00000000,'+','data/categories/dbl6-pianofinish-box.jpg'),(254,335,145,36,201,9,1,55.0000,'+',0,'+',0.00000000,'+','data/categories/dbl12-pianofinish-box.jpg'),(259,342,146,15,51,5,1,0.0000,'+',0,'+',0.00000000,'+',''),(253,335,145,36,200,10,1,8.0000,'+',0,'+',0.00000000,'+','data/categories/dbl9-pianofinish-box.jpg'),(261,347,148,14,50,14,1,0.0000,'+',0,'+',0.00000000,'+','data/categories/custom-piano-boxdbl9.jpg'),(262,350,149,37,202,0,1,0.0000,'+',0,'+',0.00000000,'+','data/categories/Wooden cases/dbl6-indianwood-box.jpg'),(263,350,149,37,203,8,1,3.0000,'+',0,'+',0.00000000,'+','data/categories/Wooden cases/dbl9-indianwood-box.jpg'),(264,350,149,37,204,6,1,15.0000,'+',0,'+',0.00000000,'+','data/categories/Wooden cases/dbl12-indianwood-box.jpg'),(267,356,151,14,50,0,1,0.0000,'+',0,'+',0.00000000,'+','data/categories/dbl9-indianwood-box.jpg'),(265,351,150,14,50,0,1,0.0000,'+',0,'+',0.00000000,'+','data/categories/dbl6-indianwood-box.jpg'),(268,358,152,14,50,0,1,0.0000,'+',0,'+',0.00000000,'+','data/categories/dbl12-indianwood-box.jpg'),(269,360,153,14,50,0,1,0.0000,'+',0,'+',0.00000000,'+','data/categories/woodencase-printed-pic.jpg'),(235,333,135,34,182,50,1,0.0000,'+',0,'+',0.00000000,'+','data/products/licensed/aurburn-dominoes.jpg'),(234,333,135,34,181,48,1,0.0000,'+',0,'+',0.00000000,'+','data/products/licensed/albama-dominoes.jpg'),(272,365,156,14,50,0,1,0.0000,'+',0,'+',0.00000000,'+',''),(274,367,158,15,51,1,0,0.0000,'+',0,'+',0.00000000,'+',''),(271,364,156,15,51,1,1,0.0000,'+',0,'+',0.00000000,'+',''),(273,366,158,14,50,1,0,0.0000,'+',0,'+',0.00000000,'+',''),(275,369,159,14,50,1,0,0.0000,'+',0,'+',0.00000000,'+',''),(218,325,102,31,163,50,0,0.0000,'+',0,'+',0.00000000,'+','data/products/university gift set/tcu.jpg'),(292,382,161,25,141,48,1,0.0000,'+',0,'+',0.00000000,'+','data/Gift Set/giftpack11.jpg'),(207,318,100,30,160,41,1,0.0000,'+',0,'+',0.00000000,'+','data/products/colored-dominoes/frostedGreen.jpg'),(209,318,100,30,161,39,1,0.0000,'+',0,'+',0.00000000,'+','data/products/colored-dominoes/frostedBlue.jpg'),(208,318,100,30,162,32,1,0.0000,'+',0,'+',0.00000000,'+','data/products/colored-dominoes/frostedRed.jpg'),(287,382,161,25,135,50,1,0.0000,'+',0,'+',0.00000000,'+','data/Gift Set/giftpack5.jpg'),(288,382,161,25,137,50,1,0.0000,'+',0,'+',0.00000000,'+','data/Gift Set/giftpack7.jpg'),(286,382,161,25,136,49,1,0.0000,'+',0,'+',0.00000000,'+','data/Gift Set/giftpack6.jpg'),(291,382,161,25,138,50,1,0.0000,'+',0,'+',0.00000000,'+','data/Gift Set/giftpack8.jpg'),(284,382,161,25,134,50,1,0.0000,'+',0,'+',0.00000000,'+','data/Gift Set/giftpack4.jpg'),(308,385,163,30,160,42,1,0.0000,'+',0,'+',0.00000000,'+','data/products/colored-dominoes/frostedGreen.jpg'),(307,385,163,30,161,41,1,0.0000,'+',0,'+',0.00000000,'+','data/products/colored-dominoes/frostedBlue.jpg'),(306,385,163,30,162,33,1,0.0000,'+',0,'+',0.00000000,'+','data/products/colored-dominoes/frostedRed.jpg'),(403,393,169,29,262,47,1,0.0000,'+',0,'+',0.00000000,'+','data/20181123_112253.jpg'),(315,332,107,33,210,-5,1,0.0000,'+',0,'+',0.00000000,'+','data/products/double six new/doublsixprofessional-white.jpg'),(312,392,168,33,176,30,1,0.0000,'+',0,'+',0.00000000,'+','data/products/double six new/doublsixprofessional-blk.jpg'),(313,392,168,33,177,38,1,0.0000,'+',0,'+',0.00000000,'+','data/products/double six new/doublsixprofessional.jpg'),(314,392,168,33,178,40,1,0.0000,'+',0,'+',0.00000000,'+','data/products/double six new/doublsixprofessional-red.jpg'),(404,393,169,29,263,47,1,0.0000,'+',0,'+',0.00000000,'+','data/20181123_111942.jpg'),(320,397,172,28,153,46,1,0.0000,'+',0,'+',0.00000000,'+','data/20171129_112835.jpg'),(319,397,172,28,152,49,1,0.0000,'+',0,'+',0.00000000,'+','data/20171129_114952.jpg'),(318,397,172,28,151,47,1,0.0000,'+',0,'+',0.00000000,'+','data/20171129_114942.jpg'),(407,317,99,29,261,41,1,0.0000,'+',0,'+',0.00000000,'+','data/20181123_110307.jpg'),(321,400,174,27,157,29,1,0.0000,'+',0,'+',0.00000000,'+','data/products/colored-dominoes/doublesixTwoTonesBlueWhite.jpg'),(322,400,174,27,150,23,1,0.0000,'+',0,'+',0.00000000,'+','data/products/colored-dominoes/doublesixTwoTonesWhiteBlack.jpg'),(323,400,174,27,149,38,1,0.0000,'+',0,'+',0.00000000,'+','data/products/colored-dominoes/doublesixTwoTonesRedWhite.jpg'),(327,402,175,26,156,39,1,0.0000,'+',0,'+',0.00000000,'+','data/products/colored-dominoes/Yellow__91285.1336163491.1280.1280.jpg'),(326,402,175,26,154,34,1,0.0000,'+',0,'+',0.00000000,'+','data/products/colored-dominoes/doublesixgreenVelvet.jpg'),(325,402,175,26,155,36,1,0.0000,'+',0,'+',0.00000000,'+','data/products/colored-dominoes/doublesixBlueVelvet.jpg'),(328,402,175,26,147,36,1,0.0000,'+',0,'+',0.00000000,'+','data/products/colored-dominoes/doublesixRedVelvet.jpg'),(324,402,175,26,146,0,1,0.0000,'+',0,'+',0.00000000,'+','data/products/colored-dominoes/doublesixWhiteVelvet.jpg'),(329,402,175,26,148,27,1,0.0000,'+',0,'+',0.00000000,'+','data/products/colored-dominoes/doublesixBlackVelvet.jpg'),(331,405,178,14,53,0,1,0.0000,'+',0,'+',0.00000000,'+',''),(334,410,84,40,211,0,1,0.0000,'+',0,'+',0.00000000,'+','data/products/PND12T New.jpg'),(335,410,84,40,212,0,1,0.0000,'+',0,'+',0.00000000,'+','data/products/mexican-train-traditional-domino-det.jpeg'),(393,439,204,49,244,500,0,0.0000,'+',0,'+',0.00000000,'+',''),(392,439,204,49,243,500,0,0.0000,'+',0,'+',0.00000000,'+',''),(373,438,178,48,237,1000,1,25.0000,'+',0,'+',3.00000000,'+','data/spincasestained.jpg'),(39,258,54,14,50,1,0,0.0000,'+',0,'+',0.00000000,'+',''),(340,412,177,42,217,0,1,30.0000,'+',30,'+',0.00000000,'+','data/categories/pip-wooden.jpg'),(339,412,177,42,216,0,1,0.0000,'+',0,'+',0.00000000,'+','data/categories/pip.jpg'),(343,415,180,14,50,0,1,0.0000,'+',0,'+',0.00000000,'+',''),(344,417,181,14,50,0,1,0.0000,'+',0,'+',0.00000000,'+',''),(342,414,180,15,51,1,1,0.0000,'+',0,'+',0.00000000,'+',''),(346,419,182,17,54,4,1,0.0000,'+',0,'+',0.00000000,'+',''),(348,421,183,14,50,0,1,0.0000,'+',0,'+',0.00000000,'+',''),(349,422,183,15,51,5,1,0.0000,'+',0,'+',0.00000000,'+',''),(351,426,185,15,51,4,1,0.0000,'+',0,'+',0.00000000,'+',''),(350,425,185,14,50,0,1,0.0000,'+',0,'+',0.00000000,'+',''),(352,427,184,17,54,2,1,0.0000,'+',0,'+',0.00000000,'+',''),(246,333,135,34,193,50,1,0.0000,'+',0,'+',0.00000000,'+','data/products/licensed/tenesse-dominoes.jpg'),(353,429,188,14,50,0,1,0.0000,'+',0,'+',0.00000000,'+','data/categories/Wooden cases/semi-gloss1-withlogo.jpg'),(354,431,190,14,50,0,1,0.0000,'+',0,'+',0.00000000,'+','data/categories/Wooden cases/Natural-finish-custom-box3.jpg'),(345,418,181,15,51,1,1,0.0000,'+',0,'+',0.00000000,'+',''),(361,433,192,44,225,32,1,0.0000,'+',0,'+',0.00000000,'+','data/categories/paper-boxes/paper box with spinner/white-gold-spinner.jpg'),(356,432,191,43,219,34,1,0.0000,'+',0,'+',0.00000000,'+','data/categories/paper-boxes/red-gold.jpg'),(355,432,191,43,220,37,1,0.0000,'+',0,'+',0.00000000,'+','data/categories/paper-boxes/blue-gold.jpg'),(357,432,191,43,221,16,1,0.0000,'+',0,'+',0.00000000,'+','data/categories/paper-boxes/white-gold.jpg'),(358,432,191,43,222,0,1,0.0000,'+',0,'+',0.00000000,'+','data/categories/paper-boxes/black-gold.jpg'),(359,433,192,44,223,45,1,0.0000,'+',0,'+',0.00000000,'+','data/categories/paper-boxes/paper box with spinner/red-gold-spinner.jpg'),(360,433,192,44,224,38,1,0.0000,'+',0,'+',0.00000000,'+','data/categories/paper-boxes/paper box with spinner/blue-gold-spinner.jpg'),(362,433,192,44,226,45,1,0.0000,'+',0,'+',0.00000000,'+','data/categories/paper-boxes/paper box with spinner/blue-black-spinner.jpg'),(410,317,99,29,264,43,1,0.0000,'+',0,'+',0.00000000,'+','data/20181123_112706.jpg'),(363,434,193,45,227,96,1,0.0000,'+',0,'+',0.00000000,'+','data/categories/paper-boxes/black-copper.jpg'),(365,434,193,45,259,95,1,0.0000,'+',0,'+',0.00000000,'+','data/categories/paper-boxes/red-copper.jpg'),(366,434,193,45,230,82,1,0.0000,'+',0,'+',0.00000000,'+','data/categories/paper-boxes/white-copper.jpg'),(193,314,96,26,148,4,1,0.0000,'+',0,'+',0.00000000,'+','data/products/colored-dominoes/doublesixBlackVelvet.jpg'),(231,332,107,33,177,17,1,0.0000,'+',0,'+',0.00000000,'+','data/products/double six new/doublsixprofessional.jpg'),(150,302,89,23,109,47,1,0.0000,'+',0,'+',0.00000000,'+','data/products/licensed/newyork-giants.jpg'),(149,302,89,23,110,47,1,0.0000,'+',0,'+',0.00000000,'+','data/products/licensed/new-england.jpg'),(347,420,183,17,54,0,1,0.0000,'+',0,'+',0.00000000,'+',''),(371,435,195,46,234,100,1,0.0000,'+',0,'+',0.00000000,'+','data/categories/Valentines day/LoveYouHearts.jpg'),(370,435,195,46,232,99,1,0.0000,'+',0,'+',0.00000000,'+','data/categories/Valentines day/HeartArrow.jpg'),(369,435,195,46,231,99,1,0.0000,'+',0,'+',0.00000000,'+','data/categories/Valentines day/Heart.jpg'),(368,435,195,46,233,100,1,0.0000,'+',0,'+',0.00000000,'+','data/categories/Valentines day/HeartDesign.jpg'),(367,435,195,46,235,99,1,0.0000,'+',0,'+',0.00000000,'+','data/categories/Valentines day/3Roses.jpg'),(285,382,161,25,140,49,1,0.0000,'+',0,'+',0.00000000,'+','data/Gift Set/giftpack10.jpg'),(290,382,161,25,131,49,1,0.0000,'+',0,'+',0.00000000,'+','data/Gift Set/giftpack1.jpg'),(341,412,177,42,218,0,1,35.0000,'+',35,'+',0.00000000,'+','data/categories/pip-wooden2.jpg'),(395,439,204,49,241,500,0,0.0000,'+',0,'+',0.00000000,'+',''),(375,438,178,48,238,1000,1,0.0000,'+',0,'+',3.00000000,'+','data/categories/spinner-custom.jpg'),(374,438,178,48,236,1000,1,20.0000,'+',0,'+',3.00000000,'+','data/spincase.jpg'),(391,439,204,49,245,500,0,0.0000,'+',0,'+',0.00000000,'+',''),(390,439,204,49,247,500,0,0.0000,'+',0,'+',0.00000000,'+',''),(389,439,204,49,248,500,0,0.0000,'+',0,'+',0.00000000,'+',''),(388,439,204,49,249,500,0,0.0000,'+',0,'+',0.00000000,'+',''),(387,439,204,49,248,500,0,0.0000,'+',0,'+',0.00000000,'+',''),(386,439,204,49,250,500,0,0.0000,'+',0,'+',0.00000000,'+',''),(385,439,204,49,251,500,0,0.0000,'+',0,'+',0.00000000,'+',''),(384,439,204,49,252,500,0,0.0000,'+',0,'+',0.00000000,'+',''),(383,439,204,49,239,500,0,0.0000,'+',0,'+',0.00000000,'+',''),(382,439,204,49,252,500,0,0.0000,'+',0,'+',0.00000000,'+',''),(381,439,204,49,253,500,0,0.0000,'+',0,'+',0.00000000,'+',''),(377,439,204,49,258,500,0,0.0000,'+',0,'+',0.00000000,'+',''),(378,439,204,49,256,500,0,0.0000,'+',0,'+',0.00000000,'+',''),(376,439,204,49,239,500,0,0.0000,'+',0,'+',0.00000000,'+',''),(396,439,204,49,240,500,0,0.0000,'+',0,'+',0.00000000,'+',''),(379,439,204,49,255,500,0,0.0000,'+',0,'+',0.00000000,'+',''),(380,439,204,49,254,500,0,0.0000,'+',0,'+',0.00000000,'+',''),(397,442,179,15,51,1,0,0.0000,'+',0,'+',0.00000000,'+',''),(258,341,146,14,53,0,1,0.0000,'+',0,'+',0.00000000,'+','data/categories/custom-piano-box.jpg'),(99,280,69,19,80,5,0,0.0000,'+',0,'+',0.00000000,'+','data/products/images for ebay/oklahomastate-osu.jpg'),(103,281,70,20,87,11,1,0.0000,'+',0,'+',0.00000000,'+','data/products/images for ebay/Americana Series/drpepper-dpsun.jpg'),(52,270,66,18,59,1,0,0.0000,'+',0,'+',0.00000000,'+','data/series/texana/comeandtakeit-peeking.jpg'),(51,270,66,18,58,1,0,0.0000,'+',0,'+',0.00000000,'+','data/series/texana/cboy-peeking.jpg'),(330,404,178,15,51,1,1,0.0000,'+',0,'+',0.00000000,'+',''),(405,393,169,29,264,43,1,0.0000,'+',0,'+',0.00000000,'+','data/20181123_112706.jpg'),(364,434,193,45,228,95,1,0.0000,'+',0,'+',0.00000000,'+','data/categories/paper-boxes/blue-copper.jpg'),(402,393,169,29,261,45,1,0.0000,'+',0,'+',0.00000000,'+','data/20181123_110307.jpg'),(317,393,169,29,158,26,1,0.0000,'+',0,'+',0.00000000,'+','data/products/colored-dominoes/doublesixgold.jpg'),(316,393,169,29,159,43,1,0.0000,'+',0,'+',0.00000000,'+','data/products/colored-dominoes/doublesixsilverdominoes.jpg'),(401,393,169,29,260,46,1,0.0000,'+',0,'+',0.00000000,'+','data/20181123_102348.jpg'),(406,317,99,29,260,46,1,0.0000,'+',0,'+',0.00000000,'+','data/20181123_102348.jpg'),(205,317,99,29,158,29,1,0.0000,'+',0,'+',0.00000000,'+','data/products/colored-dominoes/doublesixgold.jpg'),(206,317,99,29,159,31,1,0.0000,'+',0,'+',0.00000000,'+','data/products/colored-dominoes/doublesixsilverdominoes.jpg'),(276,370,159,15,51,1,1,0.0000,'+',0,'+',0.00000000,'+',''),(224,327,104,17,54,1,0,0.0000,'+',0,'+',0.00000000,'+',''),(423,449,209,51,265,407,1,0.0000,'+',0,'+',0.00000000,'+','data/domino no spinner.jpg'),(419,448,209,52,270,46,1,4.0000,'+',0,'+',0.00000000,'+','data/20181123_112253.jpg'),(422,448,209,52,273,42,1,5.0000,'+',0,'+',0.00000000,'+','data/20190320_091951.jpg'),(418,448,209,52,268,38,1,4.0000,'+',0,'+',0.00000000,'+','data/20181123_111942.jpg'),(415,447,209,53,275,0,1,0.0000,'+',0,'+',2.20000000,'+',''),(424,449,209,51,266,474,1,2.0000,'+',0,'+',0.00000000,'+','data/domino with spinner.jpg'),(421,448,209,52,271,45,1,5.0000,'+',0,'+',0.00000000,'+','data/20181123_102348.jpg'),(420,448,209,52,269,42,1,4.0000,'+',0,'+',0.00000000,'+','data/20181123_110307.jpg'),(416,448,209,52,267,2,1,0.0000,'+',0,'+',0.00000000,'+','data/20181123_112706.jpg'),(425,450,209,54,276,480,0,0.0000,'+',0,'+',0.00000000,'+','data/green-copper-100x100.jpg'),(417,448,209,52,272,42,1,4.0000,'+',0,'+',0.00000000,'+','data/products/colored-dominoes/doublesixBlackVelvet.jpg'),(400,434,193,45,229,97,1,0.0000,'+',0,'+',0.00000000,'+','data/green-copper-100x100.jpg'),(426,450,209,54,278,480,0,9.0000,'+',0,'+',0.00000000,'+','data/products/double six new/velor-box-tournament.jpg'),(427,450,209,54,277,475,1,40.0000,'+',0,'+',0.00000000,'+','data/categories/Wooden cases/walnut-small.jpg');

--
-- Table structure for table `product_related`
--

CREATE TABLE `product_related` (
  `product_id` int(11) NOT NULL,
  `related_id` int(11) NOT NULL,
  PRIMARY KEY (`product_id`,`related_id`)
) ENGINE=MyISAM DEFAULT CHARSET=utf8;

--
-- Dumping data for table `product_related`
--

INSERT INTO `product_related` VALUES (50,53),(50,54),(50,71),(50,101),(50,103),(50,104),(52,55),(53,50),(53,58),(54,50),(54,58),(55,52),(55,59),(55,62),(55,67),(56,60),(56,61),(58,53),(58,54),(58,71),(58,101),(58,103),(58,104),(59,55),(60,56),(61,56),(62,55),(67,55),(71,50),(71,58),(101,50),(101,58),(103,50),(103,58),(104,50),(104,58);

--
-- Table structure for table `product_reward`
--

CREATE TABLE `product_reward` (
  `product_reward_id` int(11) NOT NULL AUTO_INCREMENT,
  `product_id` int(11) NOT NULL DEFAULT '0',
  `customer_group_id` int(11) NOT NULL DEFAULT '0',
  `points` int(8) NOT NULL DEFAULT '0',
  PRIMARY KEY (`product_reward_id`)
) ENGINE=MyISAM AUTO_INCREMENT=1994 DEFAULT CHARSET=utf8;

--
-- Dumping data for table `product_reward`
--

INSERT INTO `product_reward` VALUES (1537,71,1,0),(1981,69,1,0),(874,0,1,0),(1983,58,1,0),(1793,54,1,0),(1812,62,1,0),(1980,66,1,0),(1977,70,1,0),(1978,65,1,0),(1426,56,1,0),(1427,55,1,0),(1987,53,1,0),(1985,51,1,0),(1979,50,1,0),(1813,67,1,0),(1976,61,1,0),(1991,60,1,0),(1990,59,1,0),(1815,52,1,0),(1515,72,1,0),(1907,73,1,0),(1595,74,1,0),(1760,75,1,0),(1593,76,1,0),(1865,77,1,0),(1905,78,1,0),(1914,79,1,0),(1431,80,1,0),(1707,81,1,0),(1596,82,1,0),(1906,83,1,0),(1594,84,1,0),(1551,85,1,0),(1609,89,1,0),(1535,87,1,0),(1533,88,1,0),(1961,90,1,0),(1982,91,1,0),(1522,93,1,0),(1960,94,1,0),(1975,162,1,0),(1953,96,1,0),(1723,97,1,0),(1898,98,1,0),(1933,99,1,0),(1957,100,1,0),(1792,101,1,0),(1965,102,1,0),(1988,103,1,0),(1897,104,1,0),(1781,106,1,0),(1866,107,1,0),(1839,108,1,0),(1737,109,1,0),(1462,110,1,0),(1758,111,1,0),(1460,112,1,0),(1756,113,1,0),(1966,197,1,0),(1926,115,1,0),(1753,116,1,0),(1424,117,1,0),(1420,118,1,0),(1421,119,1,0),(1547,120,1,0),(1449,121,1,0),(1425,122,1,0),(1767,123,1,0),(1422,124,1,0),(1474,125,1,0),(1882,126,1,0),(1632,195,1,0),(1452,128,1,0),(1455,129,1,0),(1992,130,1,0),(1962,131,1,0),(1874,132,1,0),(1786,133,1,0),(1861,134,1,0),(1457,135,1,0),(1497,136,1,0),(1993,137,1,0),(1884,138,1,0),(1471,139,1,0),(1959,140,1,0),(1967,141,1,0),(1454,142,1,0),(1428,143,1,0),(1754,144,1,0),(1783,145,1,0),(1878,146,1,0),(1876,147,1,0),(1779,148,1,0),(1782,149,1,0),(1572,150,1,0),(1778,151,1,0),(1877,152,1,0),(1761,153,1,0),(1763,155,1,0),(1437,156,1,0),(1789,157,1,0),(1870,158,1,0),(1891,159,1,0),(1502,160,1,0),(1664,161,1,0),(1956,163,1,0),(1925,164,1,0),(1635,196,1,0),(1625,194,1,0),(1963,169,1,0),(1838,168,1,0),(1757,170,1,0),(1755,171,1,0),(1899,172,1,0),(1477,173,1,0),(1934,174,1,0),(1954,175,1,0),(1823,176,1,0),(1820,177,1,0),(1968,178,1,0),(1819,179,1,0),(1759,180,1,0),(1973,181,1,0),(1986,182,1,0),(1989,183,1,0),(1541,184,1,0),(1545,185,1,0),(1911,186,1,0),(1784,187,1,0),(1947,188,1,0),(1566,189,1,0),(1872,190,1,0),(1951,191,1,0),(1952,192,1,0),(1949,193,1,0),(1971,198,1,0),(1972,199,1,0),(1969,200,1,0),(1970,201,1,0),(1803,204,1,0),(1879,205,1,0),(1946,206,1,0),(1852,207,1,0),(1940,208,1,0),(1964,209,1,0);

--
-- Table structure for table `product_special`
--

CREATE TABLE `product_special` (
  `product_special_id` int(11) NOT NULL AUTO_INCREMENT,
  `product_id` int(11) NOT NULL,
  `customer_group_id` int(11) NOT NULL,
  `priority` int(5) NOT NULL DEFAULT '1',
  `price` decimal(15,4) NOT NULL DEFAULT '0.0000',
  `date_start` date NOT NULL DEFAULT '0000-00-00',
  `date_end` date NOT NULL DEFAULT '0000-00-00',
  PRIMARY KEY (`product_special_id`),
  KEY `product_id` (`product_id`)
) ENGINE=MyISAM AUTO_INCREMENT=470 DEFAULT CHARSET=utf8;

--
-- Dumping data for table `product_special`
--

INSERT INTO `product_special` VALUES (469,52,1,0,59.9500,'2014-09-02','2014-09-30');

--
-- Table structure for table `product_to_category`
--

CREATE TABLE `product_to_category` (
  `product_id` int(11) NOT NULL,
  `category_id` int(11) NOT NULL,
  PRIMARY KEY (`product_id`,`category_id`)
) ENGINE=MyISAM DEFAULT CHARSET=utf8;

--
-- Dumping data for table `product_to_category`
--

INSERT INTO `product_to_category` VALUES (0,75),(50,59),(51,59),(52,62),(53,64),(54,64),(55,65),(56,65),(58,59),(59,60),(60,61),(61,61),(62,60),(65,61),(66,75),(67,60),(69,76),(70,77),(71,64),(72,78),(73,78),(74,78),(75,79),(75,185),(76,78),(77,78),(77,186),(78,78),(79,78),(80,78),(81,220),(82,78),(83,78),(84,78),(84,187),(85,79),(87,82),(88,83),(89,84),(90,85),(91,64),(93,86),(94,86),(96,215),(97,214),(98,212),(99,208),(100,202),(101,64),(102,94),(103,64),(104,64),(106,102),(107,207),(108,107),(109,203),(110,109),(111,209),(112,111),(113,210),(115,114),(116,117),(117,118),(118,119),(119,121),(120,122),(120,188),(121,123),(122,124),(123,139),(124,126),(125,213),(126,129),(128,135),(129,138),(130,140),(131,101),(132,143),(133,144),(134,145),(135,146),(136,148),(137,149),(138,150),(139,152),(140,153),(141,155),(142,157),(143,158),(143,184),(144,159),(145,161),(146,163),(147,164),(148,165),(149,167),(150,169),(151,170),(152,171),(153,173),(155,192),(156,193),(157,194),(158,196),(159,197),(160,198),(161,200),(162,87),(163,93),(163,180),(164,108),(168,103),(169,101),(170,110),(171,112),(172,91),(172,182),(173,128),(174,101),(175,101),(176,220),(177,220),(178,220),(179,220),(180,221),(181,222),(182,64),(183,64),(184,64),(185,64),(186,139),(187,224),(188,225),(189,227),(190,228),(191,101),(192,230),(193,101),(194,124),(195,232),(197,220),(198,220),(199,220),(200,220),(201,220),(204,233),(205,161),(206,62),(206,78),(207,62),(208,131),(209,101);

--
-- Table structure for table `product_to_download`
--

CREATE TABLE `product_to_download` (
  `product_id` int(11) NOT NULL,
  `download_id` int(11) NOT NULL,
  PRIMARY KEY (`product_id`,`download_id`)
) ENGINE=MyISAM DEFAULT CHARSET=utf8;

--
-- Dumping data for table `product_to_download`
--


--
-- Table structure for table `product_to_layout`
--

CREATE TABLE `product_to_layout` (
  `product_id` int(11) NOT NULL,
  `store_id` int(11) NOT NULL,
  `layout_id` int(11) NOT NULL,
  PRIMARY KEY (`product_id`,`store_id`)
) ENGINE=MyISAM DEFAULT CHARSET=utf8;

--
-- Dumping data for table `product_to_layout`
--

INSERT INTO `product_to_layout` VALUES (50,2,2),(65,0,2),(56,0,2),(55,0,2),(52,0,2),(54,0,2),(62,0,2),(60,0,2),(58,0,2),(59,0,2),(51,0,2),(53,3,2),(66,2,2),(53,0,2),(67,0,2),(50,0,2),(66,3,2),(0,2,2),(0,3,2),(69,2,2),(69,3,2),(71,3,2),(71,0,2),(72,0,2),(73,0,2),(74,0,2),(75,0,2),(76,0,2),(77,0,2),(78,0,2),(80,0,2),(81,0,2),(82,0,2),(83,0,2),(84,0,2),(85,0,2),(101,0,2),(103,0,2),(87,2,2),(103,3,2),(104,0,2),(138,2,2),(79,0,2);

--
-- Table structure for table `product_to_store`
--

CREATE TABLE `product_to_store` (
  `product_id` int(11) NOT NULL,
  `store_id` int(11) NOT NULL DEFAULT '0',
  PRIMARY KEY (`product_id`,`store_id`)
) ENGINE=MyISAM DEFAULT CHARSET=utf8;

--
-- Dumping data for table `product_to_store`
--

INSERT INTO `product_to_store` VALUES (0,2),(0,3),(50,0),(50,2),(51,0),(51,2),(52,0),(52,2),(53,0),(53,2),(53,3),(54,0),(54,2),(55,0),(56,0),(58,0),(58,2),(59,0),(59,2),(60,0),(60,2),(61,0),(61,2),(62,0),(62,2),(65,0),(65,2),(66,2),(66,3),(67,0),(67,2),(69,2),(69,3),(70,2),(70,3),(71,0),(71,2),(71,3),(72,0),(72,2),(73,0),(73,2),(74,0),(74,2),(75,0),(75,2),(76,0),(76,2),(77,0),(77,2),(78,0),(78,2),(79,0),(79,2),(80,0),(80,2),(81,0),(81,2),(82,0),(82,2),(83,0),(83,2),(84,0),(84,2),(85,0),(85,2),(87,2),(88,2),(89,2),(90,2),(91,2),(93,2),(94,2),(96,0),(96,2),(97,0),(97,2),(98,0),(98,2),(99,0),(99,2),(100,0),(100,2),(101,0),(101,2),(102,2),(103,0),(103,2),(103,3),(104,0),(104,2),(106,2),(107,0),(107,2),(108,2),(109,0),(109,2),(110,2),(111,0),(111,2),(112,2),(113,0),(113,2),(115,2),(116,2),(117,2),(118,2),(119,2),(120,2),(121,2),(122,2),(123,2),(124,2),(125,0),(125,2),(126,2),(128,2),(129,2),(130,2),(131,2),(132,2),(133,2),(134,2),(135,2),(136,2),(137,2),(138,2),(139,2),(140,2),(141,2),(142,2),(143,2),(144,2),(145,2),(146,0),(146,2),(147,0),(147,2),(148,0),(148,2),(149,2),(150,0),(150,2),(151,0),(151,2),(152,0),(152,2),(153,0),(153,2),(155,2),(156,0),(156,2),(157,0),(157,2),(158,2),(159,2),(160,2),(161,0),(161,2),(162,2),(163,2),(164,2),(168,2),(169,2),(170,2),(171,2),(172,2),(173,2),(174,2),(175,2),(176,0),(176,2),(177,0),(177,2),(178,0),(178,2),(179,0),(179,2),(180,0),(180,2),(181,0),(181,2),(182,2),(183,0),(183,2),(184,2),(185,0),(185,2),(186,0),(186,2),(187,2),(188,0),(188,2),(189,0),(189,2),(190,0),(190,2),(191,2),(192,2),(193,2),(194,0),(195,0),(195,2),(196,0),(197,0),(197,2),(198,0),(198,2),(199,0),(199,2),(200,0),(200,2),(201,0),(201,2),(204,0),(204,2),(205,0),(205,2),(206,0),(206,2),(207,0),(207,2),(208,2),(209,2);

--
-- Table structure for table `return`
--

CREATE TABLE `return` (
  `return_id` int(11) NOT NULL AUTO_INCREMENT,
  `order_id` int(11) NOT NULL,
  `product_id` int(11) NOT NULL,
  `customer_id` int(11) NOT NULL,
  `firstname` varchar(32) NOT NULL,
  `lastname` varchar(32) NOT NULL,
  `email` varchar(96) NOT NULL,
  `telephone` varchar(32) NOT NULL,
  `product` varchar(255) NOT NULL,
  `model` varchar(64) NOT NULL,
  `quantity` int(4) NOT NULL,
  `opened` tinyint(1) NOT NULL,
  `return_reason_id` int(11) NOT NULL,
  `return_action_id` int(11) NOT NULL,
  `return_status_id` int(11) NOT NULL,
  `comment` text,
  `date_ordered` date NOT NULL,
  `date_added` datetime NOT NULL,
  `date_modified` datetime NOT NULL,
  PRIMARY KEY (`return_id`)
) ENGINE=MyISAM DEFAULT CHARSET=utf8;

--
-- Dumping data for table `return`
--


--
-- Table structure for table `return_action`
--

CREATE TABLE `return_action` (
  `return_action_id` int(11) NOT NULL AUTO_INCREMENT,
  `language_id` int(11) NOT NULL DEFAULT '0',
  `name` varchar(64) NOT NULL,
  PRIMARY KEY (`return_action_id`,`language_id`)
) ENGINE=MyISAM AUTO_INCREMENT=4 DEFAULT CHARSET=utf8;

--
-- Dumping data for table `return_action`
--

INSERT INTO `return_action` VALUES (1,1,'Refunded'),(2,1,'Credit Issued'),(3,1,'Replacement Sent');

--
-- Table structure for table `return_history`
--

CREATE TABLE `return_history` (
  `return_history_id` int(11) NOT NULL AUTO_INCREMENT,
  `return_id` int(11) NOT NULL,
  `return_status_id` int(11) NOT NULL,
  `notify` tinyint(1) NOT NULL,
  `comment` text NOT NULL,
  `date_added` datetime NOT NULL,
  PRIMARY KEY (`return_history_id`)
) ENGINE=MyISAM DEFAULT CHARSET=utf8;

--
-- Dumping data for table `return_history`
--


--
-- Table structure for table `return_reason`
--

CREATE TABLE `return_reason` (
  `return_reason_id` int(11) NOT NULL AUTO_INCREMENT,
  `language_id` int(11) NOT NULL DEFAULT '0',
  `name` varchar(128) NOT NULL,
  PRIMARY KEY (`return_reason_id`,`language_id`)
) ENGINE=MyISAM AUTO_INCREMENT=6 DEFAULT CHARSET=utf8;

--
-- Dumping data for table `return_reason`
--

INSERT INTO `return_reason` VALUES (1,1,'Dead On Arrival'),(2,1,'Received Wrong Item'),(3,1,'Order Error'),(4,1,'Faulty, please supply details'),(5,1,'Other, please supply details');

--
-- Table structure for table `return_status`
--

CREATE TABLE `return_status` (
  `return_status_id` int(11) NOT NULL AUTO_INCREMENT,
  `language_id` int(11) NOT NULL DEFAULT '0',
  `name` varchar(32) NOT NULL,
  PRIMARY KEY (`return_status_id`,`language_id`)
) ENGINE=MyISAM AUTO_INCREMENT=4 DEFAULT CHARSET=utf8;

--
-- Dumping data for table `return_status`
--

INSERT INTO `return_status` VALUES (1,1,'Pending'),(3,1,'Complete'),(2,1,'Awaiting Products');

--
-- Table structure for table `review`
--

CREATE TABLE `review` (
  `review_id` int(11) NOT NULL AUTO_INCREMENT,
  `product_id` int(11) NOT NULL,
  `customer_id` int(11) NOT NULL,
  `author` varchar(64) NOT NULL,
  `text` text NOT NULL,
  `rating` int(1) NOT NULL,
  `status` tinyint(1) NOT NULL DEFAULT '0',
  `date_added` datetime NOT NULL DEFAULT '0000-00-00 00:00:00',
  `date_modified` datetime NOT NULL DEFAULT '0000-00-00 00:00:00',
  PRIMARY KEY (`review_id`),
  KEY `product_id` (`product_id`)
) ENGINE=MyISAM AUTO_INCREMENT=28 DEFAULT CHARSET=utf8;

--
-- Dumping data for table `review`
--

INSERT INTO `review` VALUES (1,58,0,'Donna Baize','I need tournament size dominoes with out the spinner.  They are hard to find.',3,0,'2015-05-15 16:28:18','0000-00-00 00:00:00'),(2,50,309,'dbeard','Easy way to see up your own personal design  ',5,0,'2015-06-28 22:43:51','0000-00-00 00:00:00'),(3,50,0,'alfredo','gooooood gooooooooooooooood        goooooooooooooood',4,0,'2015-08-04 20:38:56','0000-00-00 00:00:00'),(4,61,0,'McKinley','I remember my Grandfather having a set of Puremco dominoes when I was young. He’s now past, but the dominoes are still in the family and we do break them out on special occasions. They are some of the best, highest quality, dominoes you can buy. I own a custom set myself and have purchased them as Christmas gifts for others.',5,0,'2015-10-09 08:35:46','0000-00-00 00:00:00'),(5,51,0,'kim','I have no review at the present moment\n',5,0,'2015-11-25 13:41:08','0000-00-00 00:00:00'),(6,51,0,'j.c. warden','sorry i am withdrawing my order ; because the shipping is way to high.',5,0,'2015-12-01 18:18:04','0000-00-00 00:00:00'),(7,50,1184,'West','just would like for West to be on the dominoes',5,0,'2015-12-17 21:08:50','0000-00-00 00:00:00'),(8,61,0,'Ron','The quality has significantly declined.  The size of the dimples and the colors are not uniform.  This is now the second set of dominos in 2 weeks.  Not happy at all with the quality.',1,0,'2016-01-01 18:45:34','0000-00-00 00:00:00'),(9,51,0,'Larry Bartek','This will be a duplicate order your company did for me week. I need this for the father and his wife so I thought I would give this to them as well. They are the original Nantz Cattle Company.    JN with bar over the N on the domino and the Nantz Cattle Company on the box with the brand just like the last order you did for me. Order ID was 1907 dated 3/22/2016.\nYour company did a great job and it looks fantastic.\nThank you Larry Bartek cell 214-213-6198',5,0,'2016-03-24 19:00:15','0000-00-00 00:00:00'),(10,50,0,'fran','i have not received the product to give a god feedback',3,0,'2016-06-06 11:58:31','0000-00-00 00:00:00'),(11,62,0,'keith','I am going to design a set for my Cuban wife, she will love them. Reasonable price. ',5,0,'2016-07-07 09:15:40','0000-00-00 00:00:00'),(12,107,2095,'ALEXIS','Great dominoe! GOOD QUALITY',5,0,'2016-07-31 17:41:50','0000-00-00 00:00:00'),(13,130,0,'Richard Muellet','Total ripoff nothing hard wood about it, it\'s PLASTIC. Order 2 sets and they all came red. Actual size is a lot smaller than I expected. Not happy at all.',1,0,'2016-09-23 16:31:42','0000-00-00 00:00:00'),(14,130,0,'Richard Mueller','Total ripeoff. Description says hardwood base. The whole thing is plastic. Got all red instead of one black and one red. Lot smallet than i thought',1,0,'2016-09-23 16:34:57','0000-00-00 00:00:00'),(15,130,0,'Richard','Not worth the money. Solid plastic. Lot smaller than expected. Only red ones sent.',1,0,'2016-09-25 06:26:02','0000-00-00 00:00:00'),(16,77,0,'Marita ','We have had our Mexican Train and Chickenfoot Combo Domino set for several years.  We have introduced this game to many friends and family members.  Their are other brands of Mexican Train, but this is the best one.  Now I am buying it as a gift for my daughter.  ',5,0,'2016-11-28 00:06:05','0000-00-00 00:00:00'),(17,50,0,'Willie','I ordered a set of these dominoes 2 yrs ago for a retirement gift. They was one of the best gifts at the event.',5,0,'2016-11-30 16:02:49','0000-00-00 00:00:00'),(18,75,0,'Hopefuls ants cluz','Shat sure the size of dominos',2,0,'2016-12-16 01:55:27','0000-00-00 00:00:00'),(19,51,0,'Kevin Torres','I would like to know if it can be customize as in put your own name in the back of the dominoes ',3,0,'2017-08-02 19:26:36','0000-00-00 00:00:00'),(20,50,0,'123','Ssdfjfkdjhdhdhdhshdgdggdhdhsh',1,0,'2018-10-01 00:36:05','0000-00-00 00:00:00'),(21,50,0,'123','Dvbnhfbsndndbdbffkdjrjdhdhsjdjdhhdjdhdhdhshdhdhdhdhdhdhhdhdhdhshshshshshdhdhfjfjf',1,0,'2018-10-01 00:36:50','0000-00-00 00:00:00'),(22,181,0,'Mrs. Q (Doubke Fives)','Good looking product.  Cannot wait to get my hand on it.',5,0,'2018-11-16 22:38:22','0000-00-00 00:00:00'),(23,62,0,'Tiffany Carter','I ordered these for my husband for Christmas. They turned out perfect.  Great quality on the custom lettering. Very fast and safe shipping.  I\'m very happy with this purchase.',5,0,'2018-12-18 09:13:44','0000-00-00 00:00:00'),(24,109,0,'Dena. Street','Nice looking set.havent received mine yet',2,0,'2019-02-09 15:07:13','0000-00-00 00:00:00'),(25,185,0,'David','Got this as a gift to go with a custom set of dominoes for a college roommate. They were so impressed at the beautiful box and dominoes they almost didn\'t want to play with them. They save them now for special occasions. \n\nThe box really added to the gift! It is beautiful.',5,0,'2019-02-27 08:30:36','0000-00-00 00:00:00'),(26,51,0,'What\'s Bones','These are just what the doctor ordered',5,0,'2019-07-26 17:35:52','0000-00-00 00:00:00'),(27,130,7297,'Tom ','Very disappointed in this product. It is plastic not hardwood and the beads do not &quot;slide comfortably&quot; at all. Sent back for a refund   ',1,0,'2019-08-14 15:41:30','0000-00-00 00:00:00');

--
-- Table structure for table `stock_status`
--

CREATE TABLE `stock_status` (
  `stock_status_id` int(11) NOT NULL AUTO_INCREMENT,
  `language_id` int(11) NOT NULL,
  `name` varchar(32) NOT NULL,
  PRIMARY KEY (`stock_status_id`,`language_id`)
) ENGINE=MyISAM AUTO_INCREMENT=9 DEFAULT CHARSET=utf8;

--
-- Dumping data for table `stock_status`
--

INSERT INTO `stock_status` VALUES (7,1,'In Stock'),(8,1,'Pre-Order'),(5,1,'Out Of Stock'),(6,1,'2 - 3 Days');

--
-- Table structure for table `store`
--

CREATE TABLE `store` (
  `store_id` int(11) NOT NULL AUTO_INCREMENT,
  `name` varchar(64) NOT NULL,
  `url` varchar(255) NOT NULL,
  `ssl` varchar(255) NOT NULL,
  PRIMARY KEY (`store_id`)
) ENGINE=MyISAM AUTO_INCREMENT=4 DEFAULT CHARSET=utf8;

--
-- Dumping data for table `store`
--

INSERT INTO `store` VALUES (1,'Domino Rules','http://www.dominorules.com/','https://www.dominorules.com/'),(2,'Dominoes.com','http://www.dominoes.com/','https://www.dominoes.com/'),(3,'Texas Dominoes','http://www.texasdominoes.com/','https://www.texasdominoes.com/');

--
-- Table structure for table `storelocator_group`
--

CREATE TABLE `storelocator_group` (
  `group_id` int(11) NOT NULL AUTO_INCREMENT,
  `group_name_backend` varchar(64) NOT NULL,
  `group_name` text NOT NULL,
  UNIQUE KEY `group_id` (`group_id`)
) ENGINE=InnoDB AUTO_INCREMENT=2 DEFAULT CHARSET=utf8;

--
-- Dumping data for table `storelocator_group`
--

INSERT INTO `storelocator_group` VALUES (1,'Domino Clubs','{\"en\":{\"text\":\"Domino Clubs\"}}');

--
-- Table structure for table `storelocator_product_to_store`
--

CREATE TABLE `storelocator_product_to_store` (
  `storelocator_id` int(11) NOT NULL,
  `product_id` int(11) NOT NULL,
  PRIMARY KEY (`storelocator_id`,`product_id`)
) ENGINE=InnoDB DEFAULT CHARSET=utf8;

--
-- Dumping data for table `storelocator_product_to_store`
--


--
-- Table structure for table `storelocator_search`
--

CREATE TABLE `storelocator_search` (
  `storesearch_id` int(11) NOT NULL AUTO_INCREMENT,
  `map_name` varchar(64) NOT NULL,
  `address` varchar(128) NOT NULL,
  `latitude` varchar(12) NOT NULL,
  `longitude` varchar(12) NOT NULL,
  `ip_address` varchar(32) NOT NULL,
  `search_time` timestamp NOT NULL DEFAULT CURRENT_TIMESTAMP,
  PRIMARY KEY (`storesearch_id`),
  KEY `latitude` (`latitude`),
  KEY `longitude` (`longitude`)
) ENGINE=InnoDB AUTO_INCREMENT=6 DEFAULT CHARSET=utf8;

--
-- Dumping data for table `storelocator_search`
--

INSERT INTO `storelocator_search` VALUES (1,'StoreLocator Page Configuration','location_by_browser','31.512380699','-97.2030186','67.198.34.43','2015-06-18 15:21:24'),(2,'StoreLocator Page Configuration','Waco, TX','31.549333','-97.14666950','67.198.34.43','2015-06-18 15:27:36'),(3,'StoreLocator Page Configuration','location_by_browser','31.512403799','-97.2030489','67.198.34.43','2015-06-19 16:47:00'),(4,'StoreLocator Page Configuration','location_by_browser','31.512403799','-97.2030489','67.198.34.43','2015-06-19 17:48:19'),(5,'StoreLocator Page Configuration','location_by_browser','31.512403799','-97.2030489','67.198.34.43','2015-06-19 18:52:16');

--
-- Table structure for table `storelocator_store`
--

CREATE TABLE `storelocator_store` (
  `storelocator_id` int(11) NOT NULL AUTO_INCREMENT,
  `store_name_backend` varchar(64) NOT NULL,
  `store_name` text NOT NULL,
  `store_street` varchar(64) NOT NULL,
  `store_city` varchar(32) NOT NULL,
  `store_zip` varchar(8) NOT NULL,
  `store_country` varchar(32) NOT NULL,
  `order` int(11) NOT NULL DEFAULT '0',
  `latitude` float(9,6) NOT NULL,
  `longitude` float(9,6) NOT NULL,
  `description` text NOT NULL,
  `icon` varchar(128) NOT NULL,
  PRIMARY KEY (`storelocator_id`),
  UNIQUE KEY `storelocator_id` (`storelocator_id`),
  KEY `latitude` (`latitude`),
  KEY `longitude` (`longitude`)
) ENGINE=InnoDB AUTO_INCREMENT=2 DEFAULT CHARSET=utf8;

--
-- Dumping data for table `storelocator_store`
--

INSERT INTO `storelocator_store` VALUES (1,'Austin 42 Club','{\"en\":{\"text\":\"Austin 42 Club\"}}',' ','Austin, TX','78613','United States',0,30.267153,-97.743057,'{\"en\":{\"text\":\"&lt;p&gt;The Austin 42 Club plays forty-two, the national game of Texas.&lt;br \\/&gt;\\r\\nSince 2004, A42C plays weekly (and more), holds leagues, monthly mini T&amp;#39;s, and tournaments.&lt;\\/p&gt;\\r\\n\\r\\n&lt;p&gt;Website: &lt;a href=&quot;http:\\/\\/www.austin42club.com&quot; target=&quot;_blank&quot;&gt;www.austin42club.com&lt;\\/a&gt;&lt;\\/p&gt;\\r\\n\"}}','data/storelocator/domino_marker.png');

--
-- Table structure for table `storelocator_store_to_group`
--

CREATE TABLE `storelocator_store_to_group` (
  `storelocator_id` int(11) NOT NULL,
  `group_id` int(11) NOT NULL,
  PRIMARY KEY (`storelocator_id`,`group_id`)
) ENGINE=InnoDB DEFAULT CHARSET=utf8;

--
-- Dumping data for table `storelocator_store_to_group`
--

INSERT INTO `storelocator_store_to_group` VALUES (1,1);

--
-- Table structure for table `storelocator_store_to_map`
--

CREATE TABLE `storelocator_store_to_map` (
  `storelocator_id` int(11) NOT NULL,
  `map_id` int(11) NOT NULL,
  PRIMARY KEY (`storelocator_id`,`map_id`)
) ENGINE=InnoDB DEFAULT CHARSET=utf8;

--
-- Dumping data for table `storelocator_store_to_map`
--

INSERT INTO `storelocator_store_to_map` VALUES (1,1);

--
-- Table structure for table `tax_class`
--

CREATE TABLE `tax_class` (
  `tax_class_id` int(11) NOT NULL AUTO_INCREMENT,
  `title` varchar(32) NOT NULL,
  `description` varchar(255) NOT NULL,
  `date_added` datetime NOT NULL DEFAULT '0000-00-00 00:00:00',
  `date_modified` datetime NOT NULL DEFAULT '0000-00-00 00:00:00',
  PRIMARY KEY (`tax_class_id`)
) ENGINE=MyISAM AUTO_INCREMENT=11 DEFAULT CHARSET=utf8;

--
-- Dumping data for table `tax_class`
--

INSERT INTO `tax_class` VALUES (9,'Taxable Goods','Texas-based Tax Class','2009-01-06 23:21:53','2015-01-23 07:13:03');

--
-- Table structure for table `tax_rate`
--

CREATE TABLE `tax_rate` (
  `tax_rate_id` int(11) NOT NULL AUTO_INCREMENT,
  `geo_zone_id` int(11) NOT NULL DEFAULT '0',
  `name` varchar(32) NOT NULL,
  `rate` decimal(15,4) NOT NULL DEFAULT '0.0000',
  `type` char(1) NOT NULL,
  `date_added` datetime NOT NULL DEFAULT '0000-00-00 00:00:00',
  `date_modified` datetime NOT NULL DEFAULT '0000-00-00 00:00:00',
  PRIMARY KEY (`tax_rate_id`)
) ENGINE=MyISAM AUTO_INCREMENT=89 DEFAULT CHARSET=utf8;

--
-- Dumping data for table `tax_rate`
--

INSERT INTO `tax_rate` VALUES (88,5,'Texas Tax Rate',8.2500,'P','2014-10-03 12:24:47','2014-10-03 12:24:47');

--
-- Table structure for table `tax_rate_to_customer_group`
--

CREATE TABLE `tax_rate_to_customer_group` (
  `tax_rate_id` int(11) NOT NULL,
  `customer_group_id` int(11) NOT NULL,
  PRIMARY KEY (`tax_rate_id`,`customer_group_id`)
) ENGINE=MyISAM DEFAULT CHARSET=utf8;

--
-- Dumping data for table `tax_rate_to_customer_group`
--

INSERT INTO `tax_rate_to_customer_group` VALUES (88,1);

--
-- Table structure for table `tax_rule`
--

CREATE TABLE `tax_rule` (
  `tax_rule_id` int(11) NOT NULL AUTO_INCREMENT,
  `tax_class_id` int(11) NOT NULL,
  `tax_rate_id` int(11) NOT NULL,
  `based` varchar(10) NOT NULL,
  `priority` int(5) NOT NULL DEFAULT '1',
  PRIMARY KEY (`tax_rule_id`)
) ENGINE=MyISAM AUTO_INCREMENT=133 DEFAULT CHARSET=utf8;

--
-- Dumping data for table `tax_rule`
--

INSERT INTO `tax_rule` VALUES (132,9,88,'shipping',1);

--
-- Table structure for table `tooniu_newsletter`
--

CREATE TABLE `tooniu_newsletter` (
  `id` int(10) unsigned NOT NULL AUTO_INCREMENT,
  `email` varchar(225) NOT NULL,
  PRIMARY KEY (`id`),
  UNIQUE KEY `Index_2` (`email`)
) ENGINE=InnoDB DEFAULT CHARSET=utf8 ROW_FORMAT=DYNAMIC;

--
-- Dumping data for table `tooniu_newsletter`
--


--
-- Table structure for table `url_alias`
--

CREATE TABLE `url_alias` (
  `url_alias_id` int(11) NOT NULL AUTO_INCREMENT,
  `query` varchar(255) NOT NULL,
  `keyword` varchar(255) NOT NULL,
  PRIMARY KEY (`url_alias_id`)
) ENGINE=MyISAM AUTO_INCREMENT=2666 DEFAULT CHARSET=utf8;

--
-- Dumping data for table `url_alias`
--

INSERT INTO `url_alias` VALUES (1405,'category_id=64','walnut'),(1750,'category_id=63','cases'),(1980,'category_id=65','basswood'),(2179,'information_id=4','about'),(2524,'product_id=52','mpc9'),(2431,'category_id=66','dominoes'),(2287,'category_id=61','double12'),(2293,'category_id=59','double6'),(2289,'category_id=60','double9'),(2504,'product_id=54','pwalp6'),(2652,'product_id=50','mpd6'),(2658,'product_id=51','mtd6'),(2660,'product_id=53','walp6'),(2482,'category_id=62','cardominoes'),(1754,'information_id=3','privacy'),(2656,'product_id=58','mpn6'),(2662,'product_id=59','mpn9'),(2663,'product_id=60','mpn12'),(2649,'product_id=61','mpd12'),(2521,'product_id=62','mpd9'),(1425,'information_id=5','terms'),(1423,'information_id=6','delivery'),(2186,'product_id=56','bwp12'),(2187,'product_id=55','bwp9'),(1041,'information_id=8','affiliate/terms'),(1199,'information_id=9','add-em-up-50'),(1200,'information_id=10','all-fives'),(1201,'information_id=11','all-threes'),(1203,'information_id=12','baronet'),(1204,'information_id=13','basic-draw-poker'),(1206,'information_id=14','bergen'),(1207,'information_id=15','bisley'),(1208,'information_id=16','blind-dominoes'),(1209,'information_id=17','block'),(1210,'information_id=18','blocking-games'),(1211,'information_id=19','bullfighting'),(1212,'information_id=20','castle-rock'),(1213,'information_id=21','chickenfoot'),(1214,'information_id=22','clock'),(1215,'information_id=23','collecting-tens'),(1216,'information_id=24','concentration'),(1217,'information_id=25','cross-dominoes'),(1286,'information_id=26','cuban-dominoes'),(1198,'information_id=27','cyprus'),(1197,'information_id=28','disputing-tens'),(1196,'information_id=29','domino-pool'),(1220,'information_id=30','doubles'),(1221,'information_id=31','draw'),(1222,'information_id=32','eighty'),(1223,'information_id=33','eighty-eight'),(1224,'information_id=34','eighty-four'),(1225,'information_id=35','fair-lucy'),(1226,'information_id=36','fishing'),(1227,'information_id=37','five-up'),(1228,'information_id=38','five-up-solitaire'),(1229,'information_id=39','fortress'),(1230,'information_id=40','forty-two'),(1231,'information_id=41','fours'),(1232,'information_id=42','games-for-one-player'),(1233,'information_id=43','gin-rummy'),(1234,'information_id=44','go-fish'),(1235,'information_id=45','good-neighbors'),(1236,'information_id=46','hearts'),(1237,'information_id=47','latin-american-match-dominoes'),(1239,'information_id=48','linger-longer'),(1240,'information_id=49','luzon'),(1241,'information_id=50','magic-7'),(1242,'information_id=51','maltese-cross'),(1243,'information_id=52','matador'),(1244,'information_id=53','merry-go-round'),(1246,'information_id=54','mexican-flip'),(1245,'information_id=55','mexican-train'),(1247,'information_id=56','moon'),(1248,'information_id=57','muggins'),(1249,'information_id=58','nel-o'),(1250,'information_id=59','old-maid'),(1251,'information_id=60','one-arm-joe'),(1252,'information_id=61','pai-gow'),(1253,'information_id=62','pass'),(1254,'information_id=63','patience'),(1255,'information_id=64','pip'),(1256,'information_id=65','plunge'),(1257,'information_id=66','polka-dots'),(1258,'information_id=67','racehorse'),(1259,'information_id=68','scoring-games'),(1260,'information_id=69','sebastopol'),(1261,'information_id=70','seven-toed-pete'),(1262,'information_id=71','sevens'),(1263,'information_id=72','seventy-nine'),(1264,'information_id=73','sniff'),(1265,'information_id=74','spades'),(1266,'information_id=75','spinner'),(1267,'information_id=76','spoiler'),(1268,'information_id=77','squeeze'),(1269,'information_id=78','stack'),(1270,'information_id=79','straight-dominoes'),(1271,'information_id=80','stretch'),(1272,'information_id=81','super-dominoes'),(1273,'information_id=82','super-train'),(1274,'information_id=83','sympathy'),(1275,'information_id=84','the-big-clock'),(1276,'information_id=85','the-buccaneer'),(1277,'information_id=86','the-jubilee'),(1278,'information_id=87','the-sultan'),(1279,'information_id=88','threes-and-fives'),(1280,'information_id=89','tiddle-a-wink'),(1281,'information_id=90','tien-gow'),(1282,'information_id=91','traffic'),(1283,'information_id=92','trump-and-trick-games'),(1284,'information_id=93','twister-dragon-dance'),(1285,'information_id=94','wildstar'),(1168,'information_id=95','glossary'),(1219,'information_id=96','the-basics'),(1364,'information_id=97','rules'),(1176,'information_id=98','introduction'),(1294,'information_id=99','events'),(2377,'category_id=68','mexicantrain'),(2651,'product_id=65','mpd12mex'),(1744,'category_id=69','double-6'),(2653,'product_id=66','mpd6-texana'),(2522,'product_id=67','mpd9bd'),(2125,'category_id=75','texana'),(1427,'information_id=100','ASI'),(2126,'category_id=76','University'),(2654,'product_id=69','PSDUSD99-University'),(2650,'product_id=70','PSDUSD200-Americana'),(1472,'category_id=77','Americana'),(2599,'product_id=73','Tournament Size Color dot'),(2613,'product_id=79','spinner'),(2609,'category_id=79','Front Porch Classics'),(2605,'category_id=80','Dominoes from all manufacturers'),(2607,'category_id=78','Dominoes from Puremco'),(1483,'category_id=84','NFL-Dominoes'),(1475,'category_id=81','NHL-Canadian'),(1476,'category_id=82','NHL-Dominoes'),(1478,'category_id=83','MLB-Dominoes'),(2262,'product_id=88','MLBDominoes'),(2347,'product_id=89','NFLDominoes'),(2284,'category_id=85','Happy Fathers Day'),(2642,'product_id=90','Fathers Day Dominoes'),(2655,'product_id=91','Walnut Engraved Box'),(2007,'category_id=86','Fathers Day Stock'),(2254,'product_id=93','professional-fathers-day-dominoes'),(2641,'product_id=94','Fathersdaydominoes'),(1542,'information_id=101','Fathers-day'),(2124,'category_id=87','Dominoes-Gift-Set'),(1749,'category_id=88','Colored-Dominoes'),(1912,'category_id=89','Velvet-box-with-spinners'),(1643,'category_id=90','Double-six-two-tones'),(2445,'product_id=97','Two-Tones-Colors-Dominoes'),(1639,'category_id=91','Double-Nine'),(2582,'product_id=98','Double-Nine-arcadian-eng'),(1641,'category_id=92','Double-six-wo-spinners'),(2623,'product_id=99','Double-six-eng-without-spinners'),(1642,'category_id=93','Frosted-dominoes'),(1603,'category_id=94','university-series-gift'),(2644,'product_id=102','university-dominoes-wooden-box'),(1746,'category_id=101','Double-Six'),(1665,'category_id=102','Double-Six-standard-size-dominoes-vinyl-case'),(2493,'product_id=106','dominoes-vinylcase'),(2331,'category_id=103','tournament-dominoes-vinylcase'),(2561,'product_id=107','double-six-tournament-dominoes-vinylcase'),(2626,'category_id=105','double-six-prof-dominoes'),(2630,'category_id=106','double-six-tourn-dominoes'),(2618,'category_id=104','double-six-std-domin'),(2332,'category_id=107','double-six-white-tour-vinylcase'),(2541,'product_id=108','dbl-6-white-tourn-vinylcase'),(2617,'category_id=108','Double-six-professional-size'),(2455,'product_id=109','dbl-6-prof-dom-eng-vinyl'),(1921,'category_id=109','double-six-prof-size-dominoes'),(2213,'product_id=110','dbl6-prof-dominoes-spinner'),(1682,'category_id=110','double-six-tournament-dominoes-woodcase'),(2474,'product_id=111','Double-Six-tournament-dominoes-woodencase-spinner'),(1922,'category_id=111','dbl6-prof-size-dom-wood-spinner'),(2211,'product_id=112','dbl6-proff-size-dom-wood-spinner'),(1685,'category_id=112','dbl-6-tourn-dominoes-2tones'),(2473,'product_id=113','dbl-6-tourn-dominoes-wooden-2tones-eng'),(2620,'category_id=113','dbl-6-tourn-dominoes-2tones-blkred'),(2361,'product_id=195','Valentines-Day-Professional-Size-Dominoes-Cat'),(2616,'category_id=114','dbl6-prof-size-dom-lasvegas'),(2615,'product_id=115','dbl6-prof-size-dom-lasvegas-box'),(2593,'category_id=115','domino Accessories'),(1959,'category_id=116','wooden-dominoes-holders'),(1698,'category_id=117','2pc-large-wooden-dominoes-holder'),(2471,'product_id=116','2pc-large-wooden-dominoes-holder-135'),(1700,'category_id=118','2pc-wooden-dominoes-holder'),(2184,'product_id=117','2pc-wooden-dominoes-holder-8'),(1706,'category_id=119','Chicken-markers'),(2180,'product_id=118','10-pcs-chicken-markers'),(1949,'category_id=120','Domino-markers'),(1707,'category_id=121','Domino-train-markers'),(2181,'product_id=119','10pcs-domino-train-markers'),(1950,'category_id=122','Whistling-train-keychain-category'),(2272,'product_id=120','Whistling-train-keychain-product'),(1763,'category_id=123','Round-train-hub-category'),(2203,'product_id=121','Round-train-hub-product'),(1957,'category_id=124','2-1-domino-hubtrain-category'),(2185,'product_id=122','2-1-domino-hubtrain-product'),(1770,'category_id=125','Domino-scoring-pad'),(2479,'product_id=123','Domino-scoring-pad-product'),(1718,'category_id=126','2-pc-wooden-domino-tile-holder-category'),(2182,'product_id=124','2-pc-wooden-domino-tile-holder-product'),(1747,'category_id=127','double-nine-dominoes'),(1926,'category_id=128','double-nine-dominoes-withspinner-category'),(2221,'product_id=125','dbl-9-tornament-white-spinner-eng'),(1732,'category_id=129','double-nine-dominoes-colordots-category'),(2574,'product_id=126','dbl-9-prof-colordot-dominoes'),(1733,'category_id=130','dbl-9-dom-blkred-case-category'),(2364,'category_id=232','Valentines-day-category'),(1730,'category_id=131','double-twelve-dominoes'),(1927,'category_id=132','double-nine-prof-dominoes-category'),(1929,'category_id=133','Double-nine-tournament-dominoes-category'),(1737,'category_id=134','double-size-professional-size-dominoes-category'),(1738,'category_id=135','Double-twelve-colored-number-dominoes-cate'),(2204,'product_id=128','dbl-12-color-dominoes'),(1748,'category_id=136','double-fifteen-dominoes-category'),(1741,'category_id=137','double-fifteen-professional-category'),(1742,'category_id=138','dbl15-professional-colored-numbered-category'),(2207,'product_id=129','dbl15-professional-colored-numbered-product'),(1771,'category_id=139','domino-scoring-pad-category'),(1773,'category_id=140','domino-scorekeeper-'),(2664,'product_id=130','domino-scorekeeper-product'),(2628,'category_id=141','super-premium-card-dominoes-cat'),(1776,'category_id=142','bicycle-card-back-dominoes-cat'),(2643,'product_id=131','bicycle-double-six-dominoes-product'),(1779,'category_id=143','bee-dominoes-cat'),(2567,'product_id=132','bee-dominoes-product'),(1893,'category_id=144','indian-rosewood-cat'),(2498,'product_id=133','indian-rosewood-product'),(1784,'category_id=145','Velour-box-cat'),(2558,'product_id=134','Velour-box-prod'),(1787,'category_id=146','NCAA-dominoes-cat'),(2209,'product_id=135','NCAA-dominoes-prod'),(1791,'information_id=103','personalize-option'),(2610,'category_id=147','kids-dominoes-maincat'),(2606,'category_id=148','kid-dominoes-tin-cat'),(2234,'product_id=136','kids-dominoes-intin-pro'),(1799,'category_id=149','Floor-dominoes-cat'),(2665,'product_id=137','froz-floor-dominoes-pro'),(1801,'category_id=150','color-dot-dominoes'),(2382,'category_id=220','specialty-dominoes'),(1806,'category_id=151','double-nine-std-dominoes-cat'),(1809,'category_id=152','double-9std-color-cat'),(2219,'product_id=139','dbl-9-color-std-dom-pro'),(1811,'category_id=153','double-9std-color-dot-cat'),(2640,'product_id=140','dbl-9-col-dom-pro'),(1813,'category_id=154','double-12-Std-Size-Dominoes-cat'),(1814,'category_id=155','double-12-mexican-train-color-cat'),(2646,'product_id=141','dbl-12-mex-train-pro'),(1816,'category_id=156','dbl15-std-dom-cat'),(1817,'category_id=157','dbl15-std-coldom-cat'),(2206,'product_id=142','dbl-15-col-dot-dom-pro'),(2608,'category_id=158','cardinal-mexican-train-dom-cat'),(2188,'product_id=143','cardinal-mexican-train-dom-pro'),(1931,'category_id=159','dbl-6-ivory-inboxcat'),(2472,'product_id=144','dbl6-ivory-color-dom-prod'),(2469,'category_id=160','Piano-finish-wooden-case-cat'),(2495,'product_id=145','Piano-finish-wooden-case-pro'),(1843,'category_id=161','Piano-finish-wooden-box-cat'),(1986,'category_id=162','Custom-piano-finish wooden-cat'),(1988,'category_id=163','dbl5-piano-finish-cat'),(2571,'product_id=146','dbl-6-piano-finish-pro'),(1987,'category_id=164','dbl-12-piano-finish-box-cat'),(2569,'product_id=147','dbl-12-piano-finish-box-prod'),(2458,'category_id=165','dbl-9-piano-finish-cat'),(2491,'product_id=148','dbl-9-piano-finish-prod'),(2280,'category_id=166','Rosewood-matte-finish-cat'),(1863,'category_id=167','Rosewood-matte-finish-plain-cat'),(2494,'product_id=149','matte-finish-wooden-case-pro'),(2428,'category_id=168','Rosewood-matte-finish-custom-cat'),(1996,'category_id=169','dbl-6-rosewood-matte-finish-cat'),(2311,'product_id=150','dbl6-rosewood-finish-pro'),(1995,'category_id=170','dbl-9-mattefinish-wooden-cat'),(2490,'product_id=151','dbl-9-mattefinish-wooden-pro'),(1997,'category_id=171','dbl12-matte-finish-wooden-cat'),(2570,'product_id=152','dbl-12-matte-finish-pro'),(1896,'category_id=172','printed-pic-wooden-case'),(1983,'category_id=173','printed-pic-wooden-case-cat'),(2475,'product_id=153','printed-pic-wooden-case-pro'),(2619,'category_id=174','double-six-dominoes-with-spinner'),(2629,'category_id=175','double-six-professional-dominoes-with-spinner'),(2631,'category_id=176','double-six-tournament-dominoes-with-spinner'),(1913,'category_id=177','double-six-dominoes-invelvetbox-cat'),(1915,'category_id=178','dbl-6-tour-size-spinner-color-cat'),(1917,'category_id=179','dbl-6-dom-velvetbox'),(2627,'category_id=180','dbl-6-fros-emerald-domin'),(1930,'category_id=181','dbl-9-tornament-dom-cat'),(1924,'category_id=182','dbl-9-tornament-dom-with-spinner-cat'),(2375,'category_id=183','mexican-train-dominoes-cat'),(1933,'category_id=184','cardinal-mexican-train-cat'),(1935,'category_id=185','better-front-porch-classic-cat'),(1936,'category_id=186','Mexican-Train-Chickenfoot-Combo-cat'),(1937,'category_id=187','Mexican-Train-Deluxe-domin-cat'),(1938,'category_id=188','mexican-train-keychain-cat'),(1958,'category_id=189','Dominoes-accessories-cat'),(2004,'category_id=190','Dominoes-table-cat'),(2005,'category_id=193','custom-domionoes-table-cat'),(1953,'category_id=192','stock-domino-tables-cat'),(2477,'product_id=155','Dominoes-table-prod'),(2192,'product_id=156','custom-domionoes-table-prod'),(1978,'category_id=194','sportster-leatherette-case-cat'),(2501,'product_id=157','sportster-leatherette-case-pro'),(2121,'category_id=195','christmas-special-cat'),(2009,'category_id=196','christmas-special-professional-cat'),(2563,'product_id=158','christmas-special-professional-pro'),(2013,'category_id=197','christmas-special-tournament-cat'),(2579,'product_id=159','christmas-special-tournament-pro'),(2157,'category_id=198','Meixcan-train-dominoe-markers-cat'),(2236,'product_id=160','Meixcan-train-dominoe-markers-pro'),(2432,'category_id=199','engraved-dominoes-cat'),(2083,'category_id=200','dbl-6-prof-size-eng-dom-cat'),(2078,'category_id=201','dbl-9-prof-engraved-dom'),(2086,'category_id=202','dbl-6-fros-emerald-engraved-domin-cat'),(2638,'product_id=100','Frosted-dominoes-emerald-engraved'),(2085,'category_id=203','dbl-6-prof-size-eng-dom-vinylcase-cat'),(2395,'category_id=204','dbl-6-pro-2tones-eng-dom-cat'),(2080,'category_id=205','dbl-9-prof-engraved-dom-cat'),(2087,'category_id=206','dbl-6-tour-size-eng-dom'),(2118,'category_id=207','dbl6-tournament-size-engraveddom-cat'),(2115,'category_id=208','dbl6-tournament-size-engraveddom-velvet-cat'),(2117,'category_id=209','dbl6-tournament-size-engraveddom-wooden-cat'),(2116,'category_id=210','dbl6-tournament-size-engraveddom-wooden-spinner-cat'),(2079,'category_id=211','dbl9-tournament-size-eng-domi-cat'),(2082,'category_id=212','dbl9-tournament-size-eng-domi-arcadian-cat'),(2081,'category_id=213','dbl9-tournament-size-white-eng-domi-cat'),(2113,'category_id=214','dbl6-tournament-size-engraveddom-2sidescat'),(2114,'category_id=215','dbl6-eng-dom-velvet-box'),(2637,'product_id=96','Colored-Velvet-Box-eng'),(2127,'category_id=216','spinner-dominoes-cat'),(2530,'product_id=176','spinner-dominoes-pro'),(2130,'category_id=217','pip-dominoes-cat'),(2529,'product_id=177','pip-dominoes-pro'),(2150,'category_id=218','spinner-dominoes-custom-cat'),(2647,'product_id=178','custom-pip-dominoes'),(2149,'category_id=219','pip-dominoes-custom-cat'),(2528,'product_id=179','pip-custom-dominoes-pro'),(2290,'category_id=221','dbl-6-wooden-dominoes'),(2285,'category_id=222','custom-keychains'),(2659,'product_id=182','dbl9walnut'),(2661,'product_id=183','dbl9-eng-walnut'),(2267,'product_id=184','dbl12walnut'),(2270,'product_id=185','dbl12engwalnut'),(2604,'category_id=223','dominoe-spinner-pad-cat'),(2603,'product_id=186','domspin-scopad'),(2281,'category_id=224','rosewood-semigloss-cat'),(2496,'product_id=187','semi-gloss-finish-wooden-prod'),(2296,'category_id=225','rosewood-semigloss-custom-cat'),(2632,'product_id=188','rosewood-semigloss-custom-prod'),(2301,'category_id=226','natural-finish-wooden-box-cat'),(2304,'category_id=227','natural-finish-wooden-box-subcat'),(2303,'category_id=228','natural-finish-custom-wooden-box-cat'),(2307,'product_id=189','natural-finish-custom-wooden-box-pro'),(2565,'product_id=190','dbl6-natural-custom-box-pro'),(2321,'category_id=229','dbl-6-tournament-size-dominoes-gold-box'),(2635,'product_id=191','dbl-6-tournament-size-dominoes-gold-box-prod'),(2324,'category_id=230','dbl-6-tournament-size-dominoes-spinner-gold-box'),(2636,'product_id=192','dbl-6-tournament-size-dominoes-spinner-gold-box-prod'),(2333,'category_id=231','dbl-6-tournament-size-dominoes-copper-box-cat'),(2633,'product_id=193','dbl-6-tournament-size-dominoes-copper-box-prod'),(2645,'product_id=197','dompip-scopad'),(2556,'category_id=233','Mother\'s-Day-Category'),(2512,'product_id=204','Mother\'s-Day-Dominoes'),(2572,'product_id=205','dbl-6-piano-finish');

--
-- Table structure for table `user_group`
--

CREATE TABLE `user_group` (
  `user_group_id` int(11) NOT NULL AUTO_INCREMENT,
  `name` varchar(64) NOT NULL,
  `permission` longtext NOT NULL,
  PRIMARY KEY (`user_group_id`)
) ENGINE=MyISAM AUTO_INCREMENT=14 DEFAULT CHARSET=utf8;

--
-- Dumping data for table `user_group`
--

INSERT INTO `user_group` VALUES (13,'Administrator','a:2:{s:6:\"access\";a:156:{i:0;s:17:\"catalog/attribute\";i:1;s:23:\"catalog/attribute_group\";i:2;s:16:\"catalog/category\";i:3;s:16:\"catalog/download\";i:4;s:20:\"catalog/eventmanager\";i:5;s:14:\"catalog/filter\";i:6;s:19:\"catalog/information\";i:7;s:20:\"catalog/manufacturer\";i:8;s:14:\"catalog/option\";i:9;s:15:\"catalog/product\";i:10;s:19:\"catalog/product_old\";i:11;s:14:\"catalog/review\";i:12;s:38:\"common/admin_circloid_dashboard_editor\";i:13;s:35:\"common/admin_circloid_widget_editor\";i:14;s:18:\"common/filemanager\";i:15;s:13:\"design/banner\";i:16;s:19:\"design/custom_field\";i:17;s:13:\"design/layout\";i:18;s:14:\"extension/feed\";i:19;s:17:\"extension/manager\";i:20;s:16:\"extension/module\";i:21;s:17:\"extension/payment\";i:22;s:18:\"extension/shipping\";i:23;s:15:\"extension/total\";i:24;s:16:\"feed/google_base\";i:25;s:19:\"feed/google_sitemap\";i:26;s:20:\"localisation/country\";i:27;s:21:\"localisation/currency\";i:28;s:21:\"localisation/geo_zone\";i:29;s:21:\"localisation/language\";i:30;s:25:\"localisation/length_class\";i:31;s:25:\"localisation/order_status\";i:32;s:26:\"localisation/return_action\";i:33;s:26:\"localisation/return_reason\";i:34;s:26:\"localisation/return_status\";i:35;s:25:\"localisation/stock_status\";i:36;s:22:\"localisation/tax_class\";i:37;s:21:\"localisation/tax_rate\";i:38;s:25:\"localisation/weight_class\";i:39;s:17:\"localisation/zone\";i:40;s:14:\"module/account\";i:41;s:16:\"module/affiliate\";i:42;s:13:\"module/banner\";i:43;s:17:\"module/bestseller\";i:44;s:15:\"module/carousel\";i:45;s:15:\"module/category\";i:46;s:19:\"module/eventmanager\";i:47;s:15:\"module/featured\";i:48;s:14:\"module/fftheme\";i:49;s:13:\"module/filter\";i:50;s:18:\"module/google_talk\";i:51;s:18:\"module/information\";i:52;s:21:\"module/insignia_about\";i:53;s:23:\"module/insignia_banners\";i:54;s:24:\"module/insignia_category\";i:55;s:25:\"module/insignia_configure\";i:56;s:22:\"module/insignia_custom\";i:57;s:24:\"module/insignia_megamenu\";i:58;s:26:\"module/insignia_newsletter\";i:59;s:26:\"module/insigniarevo_slider\";i:60;s:13:\"module/latest\";i:61;s:26:\"module/mmos_popup_add_cart\";i:62;s:20:\"module/ocoptionimage\";i:63;s:14:\"module/pavblog\";i:64;s:22:\"module/pavblogcategory\";i:65;s:21:\"module/pavblogcomment\";i:66;s:20:\"module/pavbloglatest\";i:67;s:11:\"module/pcpb\";i:68;s:17:\"module/producttab\";i:69;s:15:\"module/qbexport\";i:70;s:16:\"module/slideshow\";i:71;s:14:\"module/special\";i:72;s:24:\"module/split_information\";i:73;s:12:\"module/store\";i:74;s:19:\"module/storelocator\";i:75;s:14:\"module/welcome\";i:76;s:24:\"payment/authorizenet_aim\";i:77;s:21:\"payment/bank_transfer\";i:78;s:14:\"payment/cheque\";i:79;s:11:\"payment/cod\";i:80;s:21:\"payment/free_checkout\";i:81;s:22:\"payment/klarna_account\";i:82;s:22:\"payment/klarna_invoice\";i:83;s:14:\"payment/liqpay\";i:84;s:20:\"payment/moneybookers\";i:85;s:14:\"payment/nochex\";i:86;s:15:\"payment/paymate\";i:87;s:16:\"payment/paypoint\";i:88;s:13:\"payment/payza\";i:89;s:26:\"payment/perpetual_payments\";i:90;s:14:\"payment/pp_pro\";i:91;s:17:\"payment/pp_pro_uk\";i:92;s:19:\"payment/pp_standard\";i:93;s:15:\"payment/sagepay\";i:94;s:22:\"payment/sagepay_direct\";i:95;s:18:\"payment/sagepay_us\";i:96;s:19:\"payment/twocheckout\";i:97;s:28:\"payment/web_payment_software\";i:98;s:16:\"payment/worldpay\";i:99;s:27:\"report/affiliate_commission\";i:100;s:22:\"report/customer_credit\";i:101;s:22:\"report/customer_online\";i:102;s:21:\"report/customer_order\";i:103;s:22:\"report/customer_reward\";i:104;s:24:\"report/product_purchased\";i:105;s:21:\"report/product_viewed\";i:106;s:18:\"report/sale_coupon\";i:107;s:17:\"report/sale_order\";i:108;s:18:\"report/sale_return\";i:109;s:20:\"report/sale_shipping\";i:110;s:15:\"report/sale_tax\";i:111;s:14:\"sale/affiliate\";i:112;s:12:\"sale/contact\";i:113;s:11:\"sale/coupon\";i:114;s:13:\"sale/customer\";i:115;s:20:\"sale/customer_ban_ip\";i:116;s:19:\"sale/customer_group\";i:117;s:10:\"sale/order\";i:118;s:11:\"sale/return\";i:119;s:12:\"sale/voucher\";i:120;s:18:\"sale/voucher_theme\";i:121;s:15:\"setting/setting\";i:122;s:13:\"setting/store\";i:123;s:16:\"shipping/auspost\";i:124;s:17:\"shipping/citylink\";i:125;s:14:\"shipping/fedex\";i:126;s:13:\"shipping/flat\";i:127;s:13:\"shipping/free\";i:128;s:13:\"shipping/item\";i:129;s:23:\"shipping/parcelforce_48\";i:130;s:15:\"shipping/pickup\";i:131;s:19:\"shipping/royal_mail\";i:132;s:12:\"shipping/ups\";i:133;s:13:\"shipping/usps\";i:134;s:15:\"shipping/weight\";i:135;s:26:\"storelocator/configuration\";i:136;s:18:\"storelocator/group\";i:137;s:16:\"storelocator/map\";i:138;s:19:\"storelocator/search\";i:139;s:18:\"storelocator/store\";i:140;s:20:\"storelocator/upgrade\";i:141;s:11:\"tool/backup\";i:142;s:14:\"tool/error_log\";i:143;s:12:\"total/coupon\";i:144;s:12:\"total/credit\";i:145;s:14:\"total/handling\";i:146;s:16:\"total/klarna_fee\";i:147;s:19:\"total/low_order_fee\";i:148;s:12:\"total/reward\";i:149;s:14:\"total/shipping\";i:150;s:15:\"total/sub_total\";i:151;s:9:\"total/tax\";i:152;s:11:\"total/total\";i:153;s:13:\"total/voucher\";i:154;s:9:\"user/user\";i:155;s:20:\"user/user_permission\";}s:6:\"modify\";a:156:{i:0;s:17:\"catalog/attribute\";i:1;s:23:\"catalog/attribute_group\";i:2;s:16:\"catalog/category\";i:3;s:16:\"catalog/download\";i:4;s:20:\"catalog/eventmanager\";i:5;s:14:\"catalog/filter\";i:6;s:19:\"catalog/information\";i:7;s:20:\"catalog/manufacturer\";i:8;s:14:\"catalog/option\";i:9;s:15:\"catalog/product\";i:10;s:19:\"catalog/product_old\";i:11;s:14:\"catalog/review\";i:12;s:38:\"common/admin_circloid_dashboard_editor\";i:13;s:35:\"common/admin_circloid_widget_editor\";i:14;s:18:\"common/filemanager\";i:15;s:13:\"design/banner\";i:16;s:19:\"design/custom_field\";i:17;s:13:\"design/layout\";i:18;s:14:\"extension/feed\";i:19;s:17:\"extension/manager\";i:20;s:16:\"extension/module\";i:21;s:17:\"extension/payment\";i:22;s:18:\"extension/shipping\";i:23;s:15:\"extension/total\";i:24;s:16:\"feed/google_base\";i:25;s:19:\"feed/google_sitemap\";i:26;s:20:\"localisation/country\";i:27;s:21:\"localisation/currency\";i:28;s:21:\"localisation/geo_zone\";i:29;s:21:\"localisation/language\";i:30;s:25:\"localisation/length_class\";i:31;s:25:\"localisation/order_status\";i:32;s:26:\"localisation/return_action\";i:33;s:26:\"localisation/return_reason\";i:34;s:26:\"localisation/return_status\";i:35;s:25:\"localisation/stock_status\";i:36;s:22:\"localisation/tax_class\";i:37;s:21:\"localisation/tax_rate\";i:38;s:25:\"localisation/weight_class\";i:39;s:17:\"localisation/zone\";i:40;s:14:\"module/account\";i:41;s:16:\"module/affiliate\";i:42;s:13:\"module/banner\";i:43;s:17:\"module/bestseller\";i:44;s:15:\"module/carousel\";i:45;s:15:\"module/category\";i:46;s:19:\"module/eventmanager\";i:47;s:15:\"module/featured\";i:48;s:14:\"module/fftheme\";i:49;s:13:\"module/filter\";i:50;s:18:\"module/google_talk\";i:51;s:18:\"module/information\";i:52;s:21:\"module/insignia_about\";i:53;s:23:\"module/insignia_banners\";i:54;s:24:\"module/insignia_category\";i:55;s:25:\"module/insignia_configure\";i:56;s:22:\"module/insignia_custom\";i:57;s:24:\"module/insignia_megamenu\";i:58;s:26:\"module/insignia_newsletter\";i:59;s:26:\"module/insigniarevo_slider\";i:60;s:13:\"module/latest\";i:61;s:26:\"module/mmos_popup_add_cart\";i:62;s:20:\"module/ocoptionimage\";i:63;s:14:\"module/pavblog\";i:64;s:22:\"module/pavblogcategory\";i:65;s:21:\"module/pavblogcomment\";i:66;s:20:\"module/pavbloglatest\";i:67;s:11:\"module/pcpb\";i:68;s:17:\"module/producttab\";i:69;s:15:\"module/qbexport\";i:70;s:16:\"module/slideshow\";i:71;s:14:\"module/special\";i:72;s:24:\"module/split_information\";i:73;s:12:\"module/store\";i:74;s:19:\"module/storelocator\";i:75;s:14:\"module/welcome\";i:76;s:24:\"payment/authorizenet_aim\";i:77;s:21:\"payment/bank_transfer\";i:78;s:14:\"payment/cheque\";i:79;s:11:\"payment/cod\";i:80;s:21:\"payment/free_checkout\";i:81;s:22:\"payment/klarna_account\";i:82;s:22:\"payment/klarna_invoice\";i:83;s:14:\"payment/liqpay\";i:84;s:20:\"payment/moneybookers\";i:85;s:14:\"payment/nochex\";i:86;s:15:\"payment/paymate\";i:87;s:16:\"payment/paypoint\";i:88;s:13:\"payment/payza\";i:89;s:26:\"payment/perpetual_payments\";i:90;s:14:\"payment/pp_pro\";i:91;s:17:\"payment/pp_pro_uk\";i:92;s:19:\"payment/pp_standard\";i:93;s:15:\"payment/sagepay\";i:94;s:22:\"payment/sagepay_direct\";i:95;s:18:\"payment/sagepay_us\";i:96;s:19:\"payment/twocheckout\";i:97;s:28:\"payment/web_payment_software\";i:98;s:16:\"payment/worldpay\";i:99;s:27:\"report/affiliate_commission\";i:100;s:22:\"report/customer_credit\";i:101;s:22:\"report/customer_online\";i:102;s:21:\"report/customer_order\";i:103;s:22:\"report/customer_reward\";i:104;s:24:\"report/product_purchased\";i:105;s:21:\"report/product_viewed\";i:106;s:18:\"report/sale_coupon\";i:107;s:17:\"report/sale_order\";i:108;s:18:\"report/sale_return\";i:109;s:20:\"report/sale_shipping\";i:110;s:15:\"report/sale_tax\";i:111;s:14:\"sale/affiliate\";i:112;s:12:\"sale/contact\";i:113;s:11:\"sale/coupon\";i:114;s:13:\"sale/customer\";i:115;s:20:\"sale/customer_ban_ip\";i:116;s:19:\"sale/customer_group\";i:117;s:10:\"sale/order\";i:118;s:11:\"sale/return\";i:119;s:12:\"sale/voucher\";i:120;s:18:\"sale/voucher_theme\";i:121;s:15:\"setting/setting\";i:122;s:13:\"setting/store\";i:123;s:16:\"shipping/auspost\";i:124;s:17:\"shipping/citylink\";i:125;s:14:\"shipping/fedex\";i:126;s:13:\"shipping/flat\";i:127;s:13:\"shipping/free\";i:128;s:13:\"shipping/item\";i:129;s:23:\"shipping/parcelforce_48\";i:130;s:15:\"shipping/pickup\";i:131;s:19:\"shipping/royal_mail\";i:132;s:12:\"shipping/ups\";i:133;s:13:\"shipping/usps\";i:134;s:15:\"shipping/weight\";i:135;s:26:\"storelocator/configuration\";i:136;s:18:\"storelocator/group\";i:137;s:16:\"storelocator/map\";i:138;s:19:\"storelocator/search\";i:139;s:18:\"storelocator/store\";i:140;s:20:\"storelocator/upgrade\";i:141;s:11:\"tool/backup\";i:142;s:14:\"tool/error_log\";i:143;s:12:\"total/coupon\";i:144;s:12:\"total/credit\";i:145;s:14:\"total/handling\";i:146;s:16:\"total/klarna_fee\";i:147;s:19:\"total/low_order_fee\";i:148;s:12:\"total/reward\";i:149;s:14:\"total/shipping\";i:150;s:15:\"total/sub_total\";i:151;s:9:\"total/tax\";i:152;s:11:\"total/total\";i:153;s:13:\"total/voucher\";i:154;s:9:\"user/user\";i:155;s:20:\"user/user_permission\";}}');

--
-- Table structure for table `voucher`
--

CREATE TABLE `voucher` (
  `voucher_id` int(11) NOT NULL AUTO_INCREMENT,
  `order_id` int(11) NOT NULL,
  `code` varchar(10) NOT NULL,
  `from_name` varchar(64) NOT NULL,
  `from_email` varchar(96) NOT NULL,
  `to_name` varchar(64) NOT NULL,
  `to_email` varchar(96) NOT NULL,
  `voucher_theme_id` int(11) NOT NULL,
  `message` text NOT NULL,
  `amount` decimal(15,4) NOT NULL,
  `status` tinyint(1) NOT NULL,
  `date_added` datetime NOT NULL DEFAULT '0000-00-00 00:00:00',
  PRIMARY KEY (`voucher_id`)
) ENGINE=MyISAM AUTO_INCREMENT=2 DEFAULT CHARSET=utf8;

--
-- Dumping data for table `voucher`
--

INSERT INTO `voucher` VALUES (1,1543,'e8cf6605a1','Kathryn Jenkins','Dr.jenkins@comcast.net','Jay Jenkins','Dr.jenkins@comcast.net',6,'We love you,\r\nK.K., Maddie, Jax &amp; Syd\r\n\r\nCreate your own personalized dominoes and custom box!',100.0000,1,'2015-12-19 15:11:50');

--
-- Table structure for table `voucher_history`
--

CREATE TABLE `voucher_history` (
  `voucher_history_id` int(11) NOT NULL AUTO_INCREMENT,
  `voucher_id` int(11) NOT NULL,
  `order_id` int(11) NOT NULL,
  `amount` decimal(15,4) NOT NULL,
  `date_added` datetime NOT NULL,
  PRIMARY KEY (`voucher_history_id`)
) ENGINE=MyISAM DEFAULT CHARSET=utf8;

--
-- Dumping data for table `voucher_history`
--


--
-- Table structure for table `voucher_theme`
--

CREATE TABLE `voucher_theme` (
  `voucher_theme_id` int(11) NOT NULL AUTO_INCREMENT,
  `image` varchar(255) NOT NULL,
  PRIMARY KEY (`voucher_theme_id`)
) ENGINE=MyISAM AUTO_INCREMENT=9 DEFAULT CHARSET=utf8;

--
-- Dumping data for table `voucher_theme`
--

INSERT INTO `voucher_theme` VALUES (8,'data/demo/canon_eos_5d_2.jpg'),(7,'data/demo/gift-voucher-birthday.jpg'),(6,'data/demo/apple_logo.jpg');

--
-- Table structure for table `voucher_theme_description`
--

CREATE TABLE `voucher_theme_description` (
  `voucher_theme_id` int(11) NOT NULL,
  `language_id` int(11) NOT NULL,
  `name` varchar(32) NOT NULL,
  PRIMARY KEY (`voucher_theme_id`,`language_id`)
) ENGINE=MyISAM DEFAULT CHARSET=utf8;

--
-- Dumping data for table `voucher_theme_description`
--

INSERT INTO `voucher_theme_description` VALUES (6,1,'Christmas'),(7,1,'Birthday'),(8,1,'General');

--
-- Table structure for table `weight_class`
--

CREATE TABLE `weight_class` (
  `weight_class_id` int(11) NOT NULL AUTO_INCREMENT,
  `value` decimal(15,8) NOT NULL DEFAULT '0.00000000',
  PRIMARY KEY (`weight_class_id`)
) ENGINE=MyISAM AUTO_INCREMENT=7 DEFAULT CHARSET=utf8;

--
-- Dumping data for table `weight_class`
--

INSERT INTO `weight_class` VALUES (1,1.00000000),(2,1000.00000000),(5,2.20460000),(6,35.27400000);

--
-- Table structure for table `weight_class_description`
--

CREATE TABLE `weight_class_description` (
  `weight_class_id` int(11) NOT NULL AUTO_INCREMENT,
  `language_id` int(11) NOT NULL,
  `title` varchar(32) NOT NULL,
  `unit` varchar(4) NOT NULL,
  PRIMARY KEY (`weight_class_id`,`language_id`)
) ENGINE=MyISAM AUTO_INCREMENT=7 DEFAULT CHARSET=utf8;

--
-- Dumping data for table `weight_class_description`
--

INSERT INTO `weight_class_description` VALUES (1,1,'Kilogram','kg'),(2,1,'Gram','g'),(5,1,'Pound ','lb'),(6,1,'Ounce','oz');

--
-- Table structure for table `wkevent`
--

CREATE TABLE `wkevent` (
  `id` int(11) NOT NULL AUTO_INCREMENT,
  `name` varchar(150) DEFAULT NULL,
  `date` varchar(100) DEFAULT NULL,
  `descs` text,
  PRIMARY KEY (`id`)
) ENGINE=MyISAM AUTO_INCREMENT=4 DEFAULT CHARSET=latin1;

--
-- Dumping data for table `wkevent`
--


--
-- Table structure for table `zone`
--

CREATE TABLE `zone` (
  `zone_id` int(11) NOT NULL AUTO_INCREMENT,
  `country_id` int(11) NOT NULL,
  `name` varchar(128) NOT NULL,
  `code` varchar(32) NOT NULL,
  `status` tinyint(1) NOT NULL DEFAULT '1',
  PRIMARY KEY (`zone_id`)
) ENGINE=MyISAM AUTO_INCREMENT=4033 DEFAULT CHARSET=utf8;

--
-- Dumping data for table `zone`
--

INSERT INTO `zone` VALUES (1,1,'Badakhshan','BDS',1),(2,1,'Badghis','BDG',1),(3,1,'Baghlan','BGL',1),(4,1,'Balkh','BAL',1),(5,1,'Bamian','BAM',1),(6,1,'Farah','FRA',1),(7,1,'Faryab','FYB',1),(8,1,'Ghazni','GHA',1),(9,1,'Ghowr','GHO',1),(10,1,'Helmand','HEL',1),(11,1,'Herat','HER',1),(12,1,'Jowzjan','JOW',1),(13,1,'Kabul','KAB',1),(14,1,'Kandahar','KAN',1),(15,1,'Kapisa','KAP',1),(16,1,'Khost','KHO',1),(17,1,'Konar','KNR',1),(18,1,'Kondoz','KDZ',1),(19,1,'Laghman','LAG',1),(20,1,'Lowgar','LOW',1),(21,1,'Nangrahar','NAN',1),(22,1,'Nimruz','NIM',1),(23,1,'Nurestan','NUR',1),(24,1,'Oruzgan','ORU',1),(25,1,'Paktia','PIA',1),(26,1,'Paktika','PKA',1),(27,1,'Parwan','PAR',1),(28,1,'Samangan','SAM',1),(29,1,'Sar-e Pol','SAR',1),(30,1,'Takhar','TAK',1),(31,1,'Wardak','WAR',1),(32,1,'Zabol','ZAB',1),(33,2,'Berat','BR',1),(34,2,'Bulqize','BU',1),(35,2,'Delvine','DL',1),(36,2,'Devoll','DV',1),(37,2,'Diber','DI',1),(38,2,'Durres','DR',1),(39,2,'Elbasan','EL',1),(40,2,'Kolonje','ER',1),(41,2,'Fier','FR',1),(42,2,'Gjirokaster','GJ',1),(43,2,'Gramsh','GR',1),(44,2,'Has','HA',1),(45,2,'Kavaje','KA',1),(46,2,'Kurbin','KB',1),(47,2,'Kucove','KC',1),(48,2,'Korce','KO',1),(49,2,'Kruje','KR',1),(50,2,'Kukes','KU',1),(51,2,'Librazhd','LB',1),(52,2,'Lezhe','LE',1),(53,2,'Lushnje','LU',1),(54,2,'Malesi e Madhe','MM',1),(55,2,'Mallakaster','MK',1),(56,2,'Mat','MT',1),(57,2,'Mirdite','MR',1),(58,2,'Peqin','PQ',1),(59,2,'Permet','PR',1),(60,2,'Pogradec','PG',1),(61,2,'Puke','PU',1),(62,2,'Shkoder','SH',1),(63,2,'Skrapar','SK',1),(64,2,'Sarande','SR',1),(65,2,'Tepelene','TE',1),(66,2,'Tropoje','TP',1),(67,2,'Tirane','TR',1),(68,2,'Vlore','VL',1),(69,3,'Adrar','ADR',1),(70,3,'Ain Defla','ADE',1),(71,3,'Ain Temouchent','ATE',1),(72,3,'Alger','ALG',1),(73,3,'Annaba','ANN',1),(74,3,'Batna','BAT',1),(75,3,'Bechar','BEC',1),(76,3,'Bejaia','BEJ',1),(77,3,'Biskra','BIS',1),(78,3,'Blida','BLI',1),(79,3,'Bordj Bou Arreridj','BBA',1),(80,3,'Bouira','BOA',1),(81,3,'Boumerdes','BMD',1),(82,3,'Chlef','CHL',1),(83,3,'Constantine','CON',1),(84,3,'Djelfa','DJE',1),(85,3,'El Bayadh','EBA',1),(86,3,'El Oued','EOU',1),(87,3,'El Tarf','ETA',1),(88,3,'Ghardaia','GHA',1),(89,3,'Guelma','GUE',1),(90,3,'Illizi','ILL',1),(91,3,'Jijel','JIJ',1),(92,3,'Khenchela','KHE',1),(93,3,'Laghouat','LAG',1),(94,3,'Muaskar','MUA',1),(95,3,'Medea','MED',1),(96,3,'Mila','MIL',1),(97,3,'Mostaganem','MOS',1),(98,3,'M\'Sila','MSI',1),(99,3,'Naama','NAA',1),(100,3,'Oran','ORA',1),(101,3,'Ouargla','OUA',1),(102,3,'Oum el-Bouaghi','OEB',1),(103,3,'Relizane','REL',1),(104,3,'Saida','SAI',1),(105,3,'Setif','SET',1),(106,3,'Sidi Bel Abbes','SBA',1),(107,3,'Skikda','SKI',1),(108,3,'Souk Ahras','SAH',1),(109,3,'Tamanghasset','TAM',1),(110,3,'Tebessa','TEB',1),(111,3,'Tiaret','TIA',1),(112,3,'Tindouf','TIN',1),(113,3,'Tipaza','TIP',1),(114,3,'Tissemsilt','TIS',1),(115,3,'Tizi Ouzou','TOU',1),(116,3,'Tlemcen','TLE',1),(117,4,'Eastern','E',1),(118,4,'Manu\'a','M',1),(119,4,'Rose Island','R',1),(120,4,'Swains Island','S',1),(121,4,'Western','W',1),(122,5,'Andorra la Vella','ALV',1),(123,5,'Canillo','CAN',1),(124,5,'Encamp','ENC',1),(125,5,'Escaldes-Engordany','ESE',1),(126,5,'La Massana','LMA',1),(127,5,'Ordino','ORD',1),(128,5,'Sant Julia de Loria','SJL',1),(129,6,'Bengo','BGO',1),(130,6,'Benguela','BGU',1),(131,6,'Bie','BIE',1),(132,6,'Cabinda','CAB',1),(133,6,'Cuando-Cubango','CCU',1),(134,6,'Cuanza Norte','CNO',1),(135,6,'Cuanza Sul','CUS',1),(136,6,'Cunene','CNN',1),(137,6,'Huambo','HUA',1),(138,6,'Huila','HUI',1),(139,6,'Luanda','LUA',1),(140,6,'Lunda Norte','LNO',1),(141,6,'Lunda Sul','LSU',1),(142,6,'Malange','MAL',1),(143,6,'Moxico','MOX',1),(144,6,'Namibe','NAM',1),(145,6,'Uige','UIG',1),(146,6,'Zaire','ZAI',1),(147,9,'Saint George','ASG',1),(148,9,'Saint John','ASJ',1),(149,9,'Saint Mary','ASM',1),(150,9,'Saint Paul','ASL',1),(151,9,'Saint Peter','ASR',1),(152,9,'Saint Philip','ASH',1),(153,9,'Barbuda','BAR',1),(154,9,'Redonda','RED',1),(155,10,'Antartida e Islas del Atlantico','AN',1),(156,10,'Buenos Aires','BA',1),(157,10,'Catamarca','CA',1),(158,10,'Chaco','CH',1),(159,10,'Chubut','CU',1),(160,10,'Cordoba','CO',1),(161,10,'Corrientes','CR',1),(162,10,'Distrito Federal','DF',1),(163,10,'Entre Rios','ER',1),(164,10,'Formosa','FO',1),(165,10,'Jujuy','JU',1),(166,10,'La Pampa','LP',1),(167,10,'La Rioja','LR',1),(168,10,'Mendoza','ME',1),(169,10,'Misiones','MI',1),(170,10,'Neuquen','NE',1),(171,10,'Rio Negro','RN',1),(172,10,'Salta','SA',1),(173,10,'San Juan','SJ',1),(174,10,'San Luis','SL',1),(175,10,'Santa Cruz','SC',1),(176,10,'Santa Fe','SF',1),(177,10,'Santiago del Estero','SD',1),(178,10,'Tierra del Fuego','TF',1),(179,10,'Tucuman','TU',1),(180,11,'Aragatsotn','AGT',1),(181,11,'Ararat','ARR',1),(182,11,'Armavir','ARM',1),(183,11,'Geghark\'unik\'','GEG',1),(184,11,'Kotayk\'','KOT',1),(185,11,'Lorri','LOR',1),(186,11,'Shirak','SHI',1),(187,11,'Syunik\'','SYU',1),(188,11,'Tavush','TAV',1),(189,11,'Vayots\' Dzor','VAY',1),(190,11,'Yerevan','YER',1),(191,13,'Australian Capital Territory','ACT',1),(192,13,'New South Wales','NSW',1),(193,13,'Northern Territory','NT',1),(194,13,'Queensland','QLD',1),(195,13,'South Australia','SA',1),(196,13,'Tasmania','TAS',1),(197,13,'Victoria','VIC',1),(198,13,'Western Australia','WA',1),(199,14,'Burgenland','BUR',1),(200,14,'Kärnten','KAR',1),(201,14,'Nieder&ouml;sterreich','NOS',1),(202,14,'Ober&ouml;sterreich','OOS',1),(203,14,'Salzburg','SAL',1),(204,14,'Steiermark','STE',1),(205,14,'Tirol','TIR',1),(206,14,'Vorarlberg','VOR',1),(207,14,'Wien','WIE',1),(208,15,'Ali Bayramli','AB',1),(209,15,'Abseron','ABS',1),(210,15,'AgcabAdi','AGC',1),(211,15,'Agdam','AGM',1),(212,15,'Agdas','AGS',1),(213,15,'Agstafa','AGA',1),(214,15,'Agsu','AGU',1),(215,15,'Astara','AST',1),(216,15,'Baki','BA',1),(217,15,'BabAk','BAB',1),(218,15,'BalakAn','BAL',1),(219,15,'BArdA','BAR',1),(220,15,'Beylaqan','BEY',1),(221,15,'Bilasuvar','BIL',1),(222,15,'Cabrayil','CAB',1),(223,15,'Calilabab','CAL',1),(224,15,'Culfa','CUL',1),(225,15,'Daskasan','DAS',1),(226,15,'Davaci','DAV',1),(227,15,'Fuzuli','FUZ',1),(228,15,'Ganca','GA',1),(229,15,'Gadabay','GAD',1),(230,15,'Goranboy','GOR',1),(231,15,'Goycay','GOY',1),(232,15,'Haciqabul','HAC',1),(233,15,'Imisli','IMI',1),(234,15,'Ismayilli','ISM',1),(235,15,'Kalbacar','KAL',1),(236,15,'Kurdamir','KUR',1),(237,15,'Lankaran','LA',1),(238,15,'Lacin','LAC',1),(239,15,'Lankaran','LAN',1),(240,15,'Lerik','LER',1),(241,15,'Masalli','MAS',1),(242,15,'Mingacevir','MI',1),(243,15,'Naftalan','NA',1),(244,15,'Neftcala','NEF',1),(245,15,'Oguz','OGU',1),(246,15,'Ordubad','ORD',1),(247,15,'Qabala','QAB',1),(248,15,'Qax','QAX',1),(249,15,'Qazax','QAZ',1),(250,15,'Qobustan','QOB',1),(251,15,'Quba','QBA',1),(252,15,'Qubadli','QBI',1),(253,15,'Qusar','QUS',1),(254,15,'Saki','SA',1),(255,15,'Saatli','SAT',1),(256,15,'Sabirabad','SAB',1),(257,15,'Sadarak','SAD',1),(258,15,'Sahbuz','SAH',1),(259,15,'Saki','SAK',1),(260,15,'Salyan','SAL',1),(261,15,'Sumqayit','SM',1),(262,15,'Samaxi','SMI',1),(263,15,'Samkir','SKR',1),(264,15,'Samux','SMX',1),(265,15,'Sarur','SAR',1),(266,15,'Siyazan','SIY',1),(267,15,'Susa','SS',1),(268,15,'Susa','SUS',1),(269,15,'Tartar','TAR',1),(270,15,'Tovuz','TOV',1),(271,15,'Ucar','UCA',1),(272,15,'Xankandi','XA',1),(273,15,'Xacmaz','XAC',1),(274,15,'Xanlar','XAN',1),(275,15,'Xizi','XIZ',1),(276,15,'Xocali','XCI',1),(277,15,'Xocavand','XVD',1),(278,15,'Yardimli','YAR',1),(279,15,'Yevlax','YEV',1),(280,15,'Zangilan','ZAN',1),(281,15,'Zaqatala','ZAQ',1),(282,15,'Zardab','ZAR',1),(283,15,'Naxcivan','NX',1),(284,16,'Acklins','ACK',1),(285,16,'Berry Islands','BER',1),(286,16,'Bimini','BIM',1),(287,16,'Black Point','BLK',1),(288,16,'Cat Island','CAT',1),(289,16,'Central Abaco','CAB',1),(290,16,'Central Andros','CAN',1),(291,16,'Central Eleuthera','CEL',1),(292,16,'City of Freeport','FRE',1),(293,16,'Crooked Island','CRO',1),(294,16,'East Grand Bahama','EGB',1),(295,16,'Exuma','EXU',1),(296,16,'Grand Cay','GRD',1),(297,16,'Harbour Island','HAR',1),(298,16,'Hope Town','HOP',1),(299,16,'Inagua','INA',1),(300,16,'Long Island','LNG',1),(301,16,'Mangrove Cay','MAN',1),(302,16,'Mayaguana','MAY',1),(303,16,'Moore\'s Island','MOO',1),(304,16,'North Abaco','NAB',1),(305,16,'North Andros','NAN',1),(306,16,'North Eleuthera','NEL',1),(307,16,'Ragged Island','RAG',1),(308,16,'Rum Cay','RUM',1),(309,16,'San Salvador','SAL',1),(310,16,'South Abaco','SAB',1),(311,16,'South Andros','SAN',1),(312,16,'South Eleuthera','SEL',1),(313,16,'Spanish Wells','SWE',1),(314,16,'West Grand Bahama','WGB',1),(315,17,'Capital','CAP',1),(316,17,'Central','CEN',1),(317,17,'Muharraq','MUH',1),(318,17,'Northern','NOR',1),(319,17,'Southern','SOU',1),(320,18,'Barisal','BAR',1),(321,18,'Chittagong','CHI',1),(322,18,'Dhaka','DHA',1),(323,18,'Khulna','KHU',1),(324,18,'Rajshahi','RAJ',1),(325,18,'Sylhet','SYL',1),(326,19,'Christ Church','CC',1),(327,19,'Saint Andrew','AND',1),(328,19,'Saint George','GEO',1),(329,19,'Saint James','JAM',1),(330,19,'Saint John','JOH',1),(331,19,'Saint Joseph','JOS',1),(332,19,'Saint Lucy','LUC',1),(333,19,'Saint Michael','MIC',1),(334,19,'Saint Peter','PET',1),(335,19,'Saint Philip','PHI',1),(336,19,'Saint Thomas','THO',1),(337,20,'Brestskaya (Brest)','BR',1),(338,20,'Homyel\'skaya (Homyel\')','HO',1),(339,20,'Horad Minsk','HM',1),(340,20,'Hrodzyenskaya (Hrodna)','HR',1),(341,20,'Mahilyowskaya (Mahilyow)','MA',1),(342,20,'Minskaya','MI',1),(343,20,'Vitsyebskaya (Vitsyebsk)','VI',1),(344,21,'Antwerpen','VAN',1),(345,21,'Brabant Wallon','WBR',1),(346,21,'Hainaut','WHT',1),(347,21,'Liège','WLG',1),(348,21,'Limburg','VLI',1),(349,21,'Luxembourg','WLX',1),(350,21,'Namur','WNA',1),(351,21,'Oost-Vlaanderen','VOV',1),(352,21,'Vlaams Brabant','VBR',1),(353,21,'West-Vlaanderen','VWV',1),(354,22,'Belize','BZ',1),(355,22,'Cayo','CY',1),(356,22,'Corozal','CR',1),(357,22,'Orange Walk','OW',1),(358,22,'Stann Creek','SC',1),(359,22,'Toledo','TO',1),(360,23,'Alibori','AL',1),(361,23,'Atakora','AK',1),(362,23,'Atlantique','AQ',1),(363,23,'Borgou','BO',1),(364,23,'Collines','CO',1),(365,23,'Donga','DO',1),(366,23,'Kouffo','KO',1),(367,23,'Littoral','LI',1),(368,23,'Mono','MO',1),(369,23,'Oueme','OU',1),(370,23,'Plateau','PL',1),(371,23,'Zou','ZO',1),(372,24,'Devonshire','DS',1),(373,24,'Hamilton City','HC',1),(374,24,'Hamilton','HA',1),(375,24,'Paget','PG',1),(376,24,'Pembroke','PB',1),(377,24,'Saint George City','GC',1),(378,24,'Saint George\'s','SG',1),(379,24,'Sandys','SA',1),(380,24,'Smith\'s','SM',1),(381,24,'Southampton','SH',1),(382,24,'Warwick','WA',1),(383,25,'Bumthang','BUM',1),(384,25,'Chukha','CHU',1),(385,25,'Dagana','DAG',1),(386,25,'Gasa','GAS',1),(387,25,'Haa','HAA',1),(388,25,'Lhuntse','LHU',1),(389,25,'Mongar','MON',1),(390,25,'Paro','PAR',1),(391,25,'Pemagatshel','PEM',1),(392,25,'Punakha','PUN',1),(393,25,'Samdrup Jongkhar','SJO',1),(394,25,'Samtse','SAT',1),(395,25,'Sarpang','SAR',1),(396,25,'Thimphu','THI',1),(397,25,'Trashigang','TRG',1),(398,25,'Trashiyangste','TRY',1),(399,25,'Trongsa','TRO',1),(400,25,'Tsirang','TSI',1),(401,25,'Wangdue Phodrang','WPH',1),(402,25,'Zhemgang','ZHE',1),(403,26,'Beni','BEN',1),(404,26,'Chuquisaca','CHU',1),(405,26,'Cochabamba','COC',1),(406,26,'La Paz','LPZ',1),(407,26,'Oruro','ORU',1),(408,26,'Pando','PAN',1),(409,26,'Potosi','POT',1),(410,26,'Santa Cruz','SCZ',1),(411,26,'Tarija','TAR',1),(412,27,'Brcko district','BRO',1),(413,27,'Unsko-Sanski Kanton','FUS',1),(414,27,'Posavski Kanton','FPO',1),(415,27,'Tuzlanski Kanton','FTU',1),(416,27,'Zenicko-Dobojski Kanton','FZE',1),(417,27,'Bosanskopodrinjski Kanton','FBP',1),(418,27,'Srednjebosanski Kanton','FSB',1),(419,27,'Hercegovacko-neretvanski Kanton','FHN',1),(420,27,'Zapadnohercegovacka Zupanija','FZH',1),(421,27,'Kanton Sarajevo','FSA',1),(422,27,'Zapadnobosanska','FZA',1),(423,27,'Banja Luka','SBL',1),(424,27,'Doboj','SDO',1),(425,27,'Bijeljina','SBI',1),(426,27,'Vlasenica','SVL',1),(427,27,'Sarajevo-Romanija or Sokolac','SSR',1),(428,27,'Foca','SFO',1),(429,27,'Trebinje','STR',1),(430,28,'Central','CE',1),(431,28,'Ghanzi','GH',1),(432,28,'Kgalagadi','KD',1),(433,28,'Kgatleng','KT',1),(434,28,'Kweneng','KW',1),(435,28,'Ngamiland','NG',1),(436,28,'North East','NE',1),(437,28,'North West','NW',1),(438,28,'South East','SE',1),(439,28,'Southern','SO',1),(440,30,'Acre','AC',1),(441,30,'Alagoas','AL',1),(442,30,'Amapá','AP',1),(443,30,'Amazonas','AM',1),(444,30,'Bahia','BA',1),(445,30,'Ceará','CE',1),(446,30,'Distrito Federal','DF',1),(447,30,'Espírito Santo','ES',1),(448,30,'Goiás','GO',1),(449,30,'Maranhão','MA',1),(450,30,'Mato Grosso','MT',1),(451,30,'Mato Grosso do Sul','MS',1),(452,30,'Minas Gerais','MG',1),(453,30,'Pará','PA',1),(454,30,'Paraíba','PB',1),(455,30,'Paraná','PR',1),(456,30,'Pernambuco','PE',1),(457,30,'Piauí','PI',1),(458,30,'Rio de Janeiro','RJ',1),(459,30,'Rio Grande do Norte','RN',1),(460,30,'Rio Grande do Sul','RS',1),(461,30,'Rondônia','RO',1),(462,30,'Roraima','RR',1),(463,30,'Santa Catarina','SC',1),(464,30,'São Paulo','SP',1),(465,30,'Sergipe','SE',1),(466,30,'Tocantins','TO',1),(467,31,'Peros Banhos','PB',1),(468,31,'Salomon Islands','SI',1),(469,31,'Nelsons Island','NI',1),(470,31,'Three Brothers','TB',1),(471,31,'Eagle Islands','EA',1),(472,31,'Danger Island','DI',1),(473,31,'Egmont Islands','EG',1),(474,31,'Diego Garcia','DG',1),(475,32,'Belait','BEL',1),(476,32,'Brunei and Muara','BRM',1),(477,32,'Temburong','TEM',1),(478,32,'Tutong','TUT',1),(479,33,'Blagoevgrad','',1),(480,33,'Burgas','',1),(481,33,'Dobrich','',1),(482,33,'Gabrovo','',1),(483,33,'Haskovo','',1),(484,33,'Kardjali','',1),(485,33,'Kyustendil','',1),(486,33,'Lovech','',1),(487,33,'Montana','',1),(488,33,'Pazardjik','',1),(489,33,'Pernik','',1),(490,33,'Pleven','',1),(491,33,'Plovdiv','',1),(492,33,'Razgrad','',1),(493,33,'Shumen','',1),(494,33,'Silistra','',1),(495,33,'Sliven','',1),(496,33,'Smolyan','',1),(497,33,'Sofia','',1),(498,33,'Sofia - town','',1),(499,33,'Stara Zagora','',1),(500,33,'Targovishte','',1),(501,33,'Varna','',1),(502,33,'Veliko Tarnovo','',1),(503,33,'Vidin','',1),(504,33,'Vratza','',1),(505,33,'Yambol','',1),(506,34,'Bale','BAL',1),(507,34,'Bam','BAM',1),(508,34,'Banwa','BAN',1),(509,34,'Bazega','BAZ',1),(510,34,'Bougouriba','BOR',1),(511,34,'Boulgou','BLG',1),(512,34,'Boulkiemde','BOK',1),(513,34,'Comoe','COM',1),(514,34,'Ganzourgou','GAN',1),(515,34,'Gnagna','GNA',1),(516,34,'Gourma','GOU',1),(517,34,'Houet','HOU',1),(518,34,'Ioba','IOA',1),(519,34,'Kadiogo','KAD',1),(520,34,'Kenedougou','KEN',1),(521,34,'Komondjari','KOD',1),(522,34,'Kompienga','KOP',1),(523,34,'Kossi','KOS',1),(524,34,'Koulpelogo','KOL',1),(525,34,'Kouritenga','KOT',1),(526,34,'Kourweogo','KOW',1),(527,34,'Leraba','LER',1),(528,34,'Loroum','LOR',1),(529,34,'Mouhoun','MOU',1),(530,34,'Nahouri','NAH',1),(531,34,'Namentenga','NAM',1),(532,34,'Nayala','NAY',1),(533,34,'Noumbiel','NOU',1),(534,34,'Oubritenga','OUB',1),(535,34,'Oudalan','OUD',1),(536,34,'Passore','PAS',1),(537,34,'Poni','PON',1),(538,34,'Sanguie','SAG',1),(539,34,'Sanmatenga','SAM',1),(540,34,'Seno','SEN',1),(541,34,'Sissili','SIS',1),(542,34,'Soum','SOM',1),(543,34,'Sourou','SOR',1),(544,34,'Tapoa','TAP',1),(545,34,'Tuy','TUY',1),(546,34,'Yagha','YAG',1),(547,34,'Yatenga','YAT',1),(548,34,'Ziro','ZIR',1),(549,34,'Zondoma','ZOD',1),(550,34,'Zoundweogo','ZOW',1),(551,35,'Bubanza','BB',1),(552,35,'Bujumbura','BJ',1),(553,35,'Bururi','BR',1),(554,35,'Cankuzo','CA',1),(555,35,'Cibitoke','CI',1),(556,35,'Gitega','GI',1),(557,35,'Karuzi','KR',1),(558,35,'Kayanza','KY',1),(559,35,'Kirundo','KI',1),(560,35,'Makamba','MA',1),(561,35,'Muramvya','MU',1),(562,35,'Muyinga','MY',1),(563,35,'Mwaro','MW',1),(564,35,'Ngozi','NG',1),(565,35,'Rutana','RT',1),(566,35,'Ruyigi','RY',1),(567,36,'Phnom Penh','PP',1),(568,36,'Preah Seihanu (Kompong Som or Sihanoukville)','PS',1),(569,36,'Pailin','PA',1),(570,36,'Keb','KB',1),(571,36,'Banteay Meanchey','BM',1),(572,36,'Battambang','BA',1),(573,36,'Kampong Cham','KM',1),(574,36,'Kampong Chhnang','KN',1),(575,36,'Kampong Speu','KU',1),(576,36,'Kampong Som','KO',1),(577,36,'Kampong Thom','KT',1),(578,36,'Kampot','KP',1),(579,36,'Kandal','KL',1),(580,36,'Kaoh Kong','KK',1),(581,36,'Kratie','KR',1),(582,36,'Mondul Kiri','MK',1),(583,36,'Oddar Meancheay','OM',1),(584,36,'Pursat','PU',1),(585,36,'Preah Vihear','PR',1),(586,36,'Prey Veng','PG',1),(587,36,'Ratanak Kiri','RK',1),(588,36,'Siemreap','SI',1),(589,36,'Stung Treng','ST',1),(590,36,'Svay Rieng','SR',1),(591,36,'Takeo','TK',1),(592,37,'Adamawa (Adamaoua)','ADA',1),(593,37,'Centre','CEN',1),(594,37,'East (Est)','EST',1),(595,37,'Extreme North (Extreme-Nord)','EXN',1),(596,37,'Littoral','LIT',1),(597,37,'North (Nord)','NOR',1),(598,37,'Northwest (Nord-Ouest)','NOT',1),(599,37,'West (Ouest)','OUE',1),(600,37,'South (Sud)','SUD',1),(601,37,'Southwest (Sud-Ouest).','SOU',1),(602,38,'Alberta','AB',1),(603,38,'British Columbia','BC',1),(604,38,'Manitoba','MB',1),(605,38,'New Brunswick','NB',1),(606,38,'Newfoundland and Labrador','NL',1),(607,38,'Northwest Territories','NT',1),(608,38,'Nova Scotia','NS',1),(609,38,'Nunavut','NU',1),(610,38,'Ontario','ON',1),(611,38,'Prince Edward Island','PE',1),(612,38,'Qu&eacute;bec','QC',1),(613,38,'Saskatchewan','SK',1),(614,38,'Yukon Territory','YT',1),(615,39,'Boa Vista','BV',1),(616,39,'Brava','BR',1),(617,39,'Calheta de Sao Miguel','CS',1),(618,39,'Maio','MA',1),(619,39,'Mosteiros','MO',1),(620,39,'Paul','PA',1),(621,39,'Porto Novo','PN',1),(622,39,'Praia','PR',1),(623,39,'Ribeira Grande','RG',1),(624,39,'Sal','SL',1),(625,39,'Santa Catarina','CA',1),(626,39,'Santa Cruz','CR',1),(627,39,'Sao Domingos','SD',1),(628,39,'Sao Filipe','SF',1),(629,39,'Sao Nicolau','SN',1),(630,39,'Sao Vicente','SV',1),(631,39,'Tarrafal','TA',1),(632,40,'Creek','CR',1),(633,40,'Eastern','EA',1),(634,40,'Midland','ML',1),(635,40,'South Town','ST',1),(636,40,'Spot Bay','SP',1),(637,40,'Stake Bay','SK',1),(638,40,'West End','WD',1),(639,40,'Western','WN',1),(640,41,'Bamingui-Bangoran','BBA',1),(641,41,'Basse-Kotto','BKO',1),(642,41,'Haute-Kotto','HKO',1),(643,41,'Haut-Mbomou','HMB',1),(644,41,'Kemo','KEM',1),(645,41,'Lobaye','LOB',1),(646,41,'Mambere-KadeÔ','MKD',1),(647,41,'Mbomou','MBO',1),(648,41,'Nana-Mambere','NMM',1),(649,41,'Ombella-M\'Poko','OMP',1),(650,41,'Ouaka','OUK',1),(651,41,'Ouham','OUH',1),(652,41,'Ouham-Pende','OPE',1),(653,41,'Vakaga','VAK',1),(654,41,'Nana-Grebizi','NGR',1),(655,41,'Sangha-Mbaere','SMB',1),(656,41,'Bangui','BAN',1),(657,42,'Batha','BA',1),(658,42,'Biltine','BI',1),(659,42,'Borkou-Ennedi-Tibesti','BE',1),(660,42,'Chari-Baguirmi','CB',1),(661,42,'Guera','GU',1),(662,42,'Kanem','KA',1),(663,42,'Lac','LA',1),(664,42,'Logone Occidental','LC',1),(665,42,'Logone Oriental','LR',1),(666,42,'Mayo-Kebbi','MK',1),(667,42,'Moyen-Chari','MC',1),(668,42,'Ouaddai','OU',1),(669,42,'Salamat','SA',1),(670,42,'Tandjile','TA',1),(671,43,'Aisen del General Carlos Ibanez','AI',1),(672,43,'Antofagasta','AN',1),(673,43,'Araucania','AR',1),(674,43,'Atacama','AT',1),(675,43,'Bio-Bio','BI',1),(676,43,'Coquimbo','CO',1),(677,43,'Libertador General Bernardo O\'Hi','LI',1),(678,43,'Los Lagos','LL',1),(679,43,'Magallanes y de la Antartica Chi','MA',1),(680,43,'Maule','ML',1),(681,43,'Region Metropolitana','RM',1),(682,43,'Tarapaca','TA',1),(683,43,'Valparaiso','VS',1),(684,44,'Anhui','AN',1),(685,44,'Beijing','BE',1),(686,44,'Chongqing','CH',1),(687,44,'Fujian','FU',1),(688,44,'Gansu','GA',1),(689,44,'Guangdong','GU',1),(690,44,'Guangxi','GX',1),(691,44,'Guizhou','GZ',1),(692,44,'Hainan','HA',1),(693,44,'Hebei','HB',1),(694,44,'Heilongjiang','HL',1),(695,44,'Henan','HE',1),(696,44,'Hong Kong','HK',1),(697,44,'Hubei','HU',1),(698,44,'Hunan','HN',1),(699,44,'Inner Mongolia','IM',1),(700,44,'Jiangsu','JI',1),(701,44,'Jiangxi','JX',1),(702,44,'Jilin','JL',1),(703,44,'Liaoning','LI',1),(704,44,'Macau','MA',1),(705,44,'Ningxia','NI',1),(706,44,'Shaanxi','SH',1),(707,44,'Shandong','SA',1),(708,44,'Shanghai','SG',1),(709,44,'Shanxi','SX',1),(710,44,'Sichuan','SI',1),(711,44,'Tianjin','TI',1),(712,44,'Xinjiang','XI',1),(713,44,'Yunnan','YU',1),(714,44,'Zhejiang','ZH',1),(715,46,'Direction Island','D',1),(716,46,'Home Island','H',1),(717,46,'Horsburgh Island','O',1),(718,46,'South Island','S',1),(719,46,'West Island','W',1),(720,47,'Amazonas','AMZ',1),(721,47,'Antioquia','ANT',1),(722,47,'Arauca','ARA',1),(723,47,'Atlantico','ATL',1),(724,47,'Bogota D.C.','BDC',1),(725,47,'Bolivar','BOL',1),(726,47,'Boyaca','BOY',1),(727,47,'Caldas','CAL',1),(728,47,'Caqueta','CAQ',1),(729,47,'Casanare','CAS',1),(730,47,'Cauca','CAU',1),(731,47,'Cesar','CES',1),(732,47,'Choco','CHO',1),(733,47,'Cordoba','COR',1),(734,47,'Cundinamarca','CAM',1),(735,47,'Guainia','GNA',1),(736,47,'Guajira','GJR',1),(737,47,'Guaviare','GVR',1),(738,47,'Huila','HUI',1),(739,47,'Magdalena','MAG',1),(740,47,'Meta','MET',1),(741,47,'Narino','NAR',1),(742,47,'Norte de Santander','NDS',1),(743,47,'Putumayo','PUT',1),(744,47,'Quindio','QUI',1),(745,47,'Risaralda','RIS',1),(746,47,'San Andres y Providencia','SAP',1),(747,47,'Santander','SAN',1),(748,47,'Sucre','SUC',1),(749,47,'Tolima','TOL',1),(750,47,'Valle del Cauca','VDC',1),(751,47,'Vaupes','VAU',1),(752,47,'Vichada','VIC',1),(753,48,'Grande Comore','G',1),(754,48,'Anjouan','A',1),(755,48,'Moheli','M',1),(756,49,'Bouenza','BO',1),(757,49,'Brazzaville','BR',1),(758,49,'Cuvette','CU',1),(759,49,'Cuvette-Ouest','CO',1),(760,49,'Kouilou','KO',1),(761,49,'Lekoumou','LE',1),(762,49,'Likouala','LI',1),(763,49,'Niari','NI',1),(764,49,'Plateaux','PL',1),(765,49,'Pool','PO',1),(766,49,'Sangha','SA',1),(767,50,'Pukapuka','PU',1),(768,50,'Rakahanga','RK',1),(769,50,'Manihiki','MK',1),(770,50,'Penrhyn','PE',1),(771,50,'Nassau Island','NI',1),(772,50,'Surwarrow','SU',1),(773,50,'Palmerston','PA',1),(774,50,'Aitutaki','AI',1),(775,50,'Manuae','MA',1),(776,50,'Takutea','TA',1),(777,50,'Mitiaro','MT',1),(778,50,'Atiu','AT',1),(779,50,'Mauke','MU',1),(780,50,'Rarotonga','RR',1),(781,50,'Mangaia','MG',1),(782,51,'Alajuela','AL',1),(783,51,'Cartago','CA',1),(784,51,'Guanacaste','GU',1),(785,51,'Heredia','HE',1),(786,51,'Limon','LI',1),(787,51,'Puntarenas','PU',1),(788,51,'San Jose','SJ',1),(789,52,'Abengourou','ABE',1),(790,52,'Abidjan','ABI',1),(791,52,'Aboisso','ABO',1),(792,52,'Adiake','ADI',1),(793,52,'Adzope','ADZ',1),(794,52,'Agboville','AGB',1),(795,52,'Agnibilekrou','AGN',1),(796,52,'Alepe','ALE',1),(797,52,'Bocanda','BOC',1),(798,52,'Bangolo','BAN',1),(799,52,'Beoumi','BEO',1),(800,52,'Biankouma','BIA',1),(801,52,'Bondoukou','BDK',1),(802,52,'Bongouanou','BGN',1),(803,52,'Bouafle','BFL',1),(804,52,'Bouake','BKE',1),(805,52,'Bouna','BNA',1),(806,52,'Boundiali','BDL',1),(807,52,'Dabakala','DKL',1),(808,52,'Dabou','DBU',1),(809,52,'Daloa','DAL',1),(810,52,'Danane','DAN',1),(811,52,'Daoukro','DAO',1),(812,52,'Dimbokro','DIM',1),(813,52,'Divo','DIV',1),(814,52,'Duekoue','DUE',1),(815,52,'Ferkessedougou','FER',1),(816,52,'Gagnoa','GAG',1),(817,52,'Grand-Bassam','GBA',1),(818,52,'Grand-Lahou','GLA',1),(819,52,'Guiglo','GUI',1),(820,52,'Issia','ISS',1),(821,52,'Jacqueville','JAC',1),(822,52,'Katiola','KAT',1),(823,52,'Korhogo','KOR',1),(824,52,'Lakota','LAK',1),(825,52,'Man','MAN',1),(826,52,'Mankono','MKN',1),(827,52,'Mbahiakro','MBA',1),(828,52,'Odienne','ODI',1),(829,52,'Oume','OUM',1),(830,52,'Sakassou','SAK',1),(831,52,'San-Pedro','SPE',1),(832,52,'Sassandra','SAS',1),(833,52,'Seguela','SEG',1),(834,52,'Sinfra','SIN',1),(835,52,'Soubre','SOU',1),(836,52,'Tabou','TAB',1),(837,52,'Tanda','TAN',1),(838,52,'Tiebissou','TIE',1),(839,52,'Tingrela','TIN',1),(840,52,'Tiassale','TIA',1),(841,52,'Touba','TBA',1),(842,52,'Toulepleu','TLP',1),(843,52,'Toumodi','TMD',1),(844,52,'Vavoua','VAV',1),(845,52,'Yamoussoukro','YAM',1),(846,52,'Zuenoula','ZUE',1),(847,53,'Bjelovar-Bilogora','BB',1),(848,53,'City of Zagreb','CZ',1),(849,53,'Dubrovnik-Neretva','DN',1),(850,53,'Istra','IS',1),(851,53,'Karlovac','KA',1),(852,53,'Koprivnica-Krizevci','KK',1),(853,53,'Krapina-Zagorje','KZ',1),(854,53,'Lika-Senj','LS',1),(855,53,'Medimurje','ME',1),(856,53,'Osijek-Baranja','OB',1),(857,53,'Pozega-Slavonia','PS',1),(858,53,'Primorje-Gorski Kotar','PG',1),(859,53,'Sibenik','SI',1),(860,53,'Sisak-Moslavina','SM',1),(861,53,'Slavonski Brod-Posavina','SB',1),(862,53,'Split-Dalmatia','SD',1),(863,53,'Varazdin','VA',1),(864,53,'Virovitica-Podravina','VP',1),(865,53,'Vukovar-Srijem','VS',1),(866,53,'Zadar-Knin','ZK',1),(867,53,'Zagreb','ZA',1),(868,54,'Camaguey','CA',1),(869,54,'Ciego de Avila','CD',1),(870,54,'Cienfuegos','CI',1),(871,54,'Ciudad de La Habana','CH',1),(872,54,'Granma','GR',1),(873,54,'Guantanamo','GU',1),(874,54,'Holguin','HO',1),(875,54,'Isla de la Juventud','IJ',1),(876,54,'La Habana','LH',1),(877,54,'Las Tunas','LT',1),(878,54,'Matanzas','MA',1),(879,54,'Pinar del Rio','PR',1),(880,54,'Sancti Spiritus','SS',1),(881,54,'Santiago de Cuba','SC',1),(882,54,'Villa Clara','VC',1),(883,55,'Famagusta','F',1),(884,55,'Kyrenia','K',1),(885,55,'Larnaca','A',1),(886,55,'Limassol','I',1),(887,55,'Nicosia','N',1),(888,55,'Paphos','P',1),(889,56,'Ústecký','U',1),(890,56,'Jihočeský','C',1),(891,56,'Jihomoravský','B',1),(892,56,'Karlovarský','K',1),(893,56,'Královehradecký','H',1),(894,56,'Liberecký','L',1),(895,56,'Moravskoslezský','T',1),(896,56,'Olomoucký','M',1),(897,56,'Pardubický','E',1),(898,56,'Plzeňský','P',1),(899,56,'Praha','A',1),(900,56,'Středočeský','S',1),(901,56,'Vysočina','J',1),(902,56,'Zlínský','Z',1),(903,57,'Arhus','AR',1),(904,57,'Bornholm','BH',1),(905,57,'Copenhagen','CO',1),(906,57,'Faroe Islands','FO',1),(907,57,'Frederiksborg','FR',1),(908,57,'Fyn','FY',1),(909,57,'Kobenhavn','KO',1),(910,57,'Nordjylland','NO',1),(911,57,'Ribe','RI',1),(912,57,'Ringkobing','RK',1),(913,57,'Roskilde','RO',1),(914,57,'Sonderjylland','SO',1),(915,57,'Storstrom','ST',1),(916,57,'Vejle','VK',1),(917,57,'Vestj&aelig;lland','VJ',1),(918,57,'Viborg','VB',1),(919,58,'\'Ali Sabih','S',1),(920,58,'Dikhil','K',1),(921,58,'Djibouti','J',1),(922,58,'Obock','O',1),(923,58,'Tadjoura','T',1),(924,59,'Saint Andrew Parish','AND',1),(925,59,'Saint David Parish','DAV',1),(926,59,'Saint George Parish','GEO',1),(927,59,'Saint John Parish','JOH',1),(928,59,'Saint Joseph Parish','JOS',1),(929,59,'Saint Luke Parish','LUK',1),(930,59,'Saint Mark Parish','MAR',1),(931,59,'Saint Patrick Parish','PAT',1),(932,59,'Saint Paul Parish','PAU',1),(933,59,'Saint Peter Parish','PET',1),(934,60,'Distrito Nacional','DN',1),(935,60,'Azua','AZ',1),(936,60,'Baoruco','BC',1),(937,60,'Barahona','BH',1),(938,60,'Dajabon','DJ',1),(939,60,'Duarte','DU',1),(940,60,'Elias Pina','EL',1),(941,60,'El Seybo','SY',1),(942,60,'Espaillat','ET',1),(943,60,'Hato Mayor','HM',1),(944,60,'Independencia','IN',1),(945,60,'La Altagracia','AL',1),(946,60,'La Romana','RO',1),(947,60,'La Vega','VE',1),(948,60,'Maria Trinidad Sanchez','MT',1),(949,60,'Monsenor Nouel','MN',1),(950,60,'Monte Cristi','MC',1),(951,60,'Monte Plata','MP',1),(952,60,'Pedernales','PD',1),(953,60,'Peravia (Bani)','PR',1),(954,60,'Puerto Plata','PP',1),(955,60,'Salcedo','SL',1),(956,60,'Samana','SM',1),(957,60,'Sanchez Ramirez','SH',1),(958,60,'San Cristobal','SC',1),(959,60,'San Jose de Ocoa','JO',1),(960,60,'San Juan','SJ',1),(961,60,'San Pedro de Macoris','PM',1),(962,60,'Santiago','SA',1),(963,60,'Santiago Rodriguez','ST',1),(964,60,'Santo Domingo','SD',1),(965,60,'Valverde','VA',1),(966,61,'Aileu','AL',1),(967,61,'Ainaro','AN',1),(968,61,'Baucau','BA',1),(969,61,'Bobonaro','BO',1),(970,61,'Cova Lima','CO',1),(971,61,'Dili','DI',1),(972,61,'Ermera','ER',1),(973,61,'Lautem','LA',1),(974,61,'Liquica','LI',1),(975,61,'Manatuto','MT',1),(976,61,'Manufahi','MF',1),(977,61,'Oecussi','OE',1),(978,61,'Viqueque','VI',1),(979,62,'Azuay','AZU',1),(980,62,'Bolivar','BOL',1),(981,62,'Ca&ntilde;ar','CAN',1),(982,62,'Carchi','CAR',1),(983,62,'Chimborazo','CHI',1),(984,62,'Cotopaxi','COT',1),(985,62,'El Oro','EOR',1),(986,62,'Esmeraldas','ESM',1),(987,62,'Gal&aacute;pagos','GPS',1),(988,62,'Guayas','GUA',1),(989,62,'Imbabura','IMB',1),(990,62,'Loja','LOJ',1),(991,62,'Los Rios','LRO',1),(992,62,'Manab&iacute;','MAN',1),(993,62,'Morona Santiago','MSA',1),(994,62,'Napo','NAP',1),(995,62,'Orellana','ORE',1),(996,62,'Pastaza','PAS',1),(997,62,'Pichincha','PIC',1),(998,62,'Sucumb&iacute;os','SUC',1),(999,62,'Tungurahua','TUN',1),(1000,62,'Zamora Chinchipe','ZCH',1),(1001,63,'Ad Daqahliyah','DHY',1),(1002,63,'Al Bahr al Ahmar','BAM',1),(1003,63,'Al Buhayrah','BHY',1),(1004,63,'Al Fayyum','FYM',1),(1005,63,'Al Gharbiyah','GBY',1),(1006,63,'Al Iskandariyah','IDR',1),(1007,63,'Al Isma\'iliyah','IML',1),(1008,63,'Al Jizah','JZH',1),(1009,63,'Al Minufiyah','MFY',1),(1010,63,'Al Minya','MNY',1),(1011,63,'Al Qahirah','QHR',1),(1012,63,'Al Qalyubiyah','QLY',1),(1013,63,'Al Wadi al Jadid','WJD',1),(1014,63,'Ash Sharqiyah','SHQ',1),(1015,63,'As Suways','SWY',1),(1016,63,'Aswan','ASW',1),(1017,63,'Asyut','ASY',1),(1018,63,'Bani Suwayf','BSW',1),(1019,63,'Bur Sa\'id','BSD',1),(1020,63,'Dumyat','DMY',1),(1021,63,'Janub Sina\'','JNS',1),(1022,63,'Kafr ash Shaykh','KSH',1),(1023,63,'Matruh','MAT',1),(1024,63,'Qina','QIN',1),(1025,63,'Shamal Sina\'','SHS',1),(1026,63,'Suhaj','SUH',1),(1027,64,'Ahuachapan','AH',1),(1028,64,'Cabanas','CA',1),(1029,64,'Chalatenango','CH',1),(1030,64,'Cuscatlan','CU',1),(1031,64,'La Libertad','LB',1),(1032,64,'La Paz','PZ',1),(1033,64,'La Union','UN',1),(1034,64,'Morazan','MO',1),(1035,64,'San Miguel','SM',1),(1036,64,'San Salvador','SS',1),(1037,64,'San Vicente','SV',1),(1038,64,'Santa Ana','SA',1),(1039,64,'Sonsonate','SO',1),(1040,64,'Usulutan','US',1),(1041,65,'Provincia Annobon','AN',1),(1042,65,'Provincia Bioko Norte','BN',1),(1043,65,'Provincia Bioko Sur','BS',1),(1044,65,'Provincia Centro Sur','CS',1),(1045,65,'Provincia Kie-Ntem','KN',1),(1046,65,'Provincia Litoral','LI',1),(1047,65,'Provincia Wele-Nzas','WN',1),(1048,66,'Central (Maekel)','MA',1),(1049,66,'Anseba (Keren)','KE',1),(1050,66,'Southern Red Sea (Debub-Keih-Bahri)','DK',1),(1051,66,'Northern Red Sea (Semien-Keih-Bahri)','SK',1),(1052,66,'Southern (Debub)','DE',1),(1053,66,'Gash-Barka (Barentu)','BR',1),(1054,67,'Harjumaa (Tallinn)','HA',1),(1055,67,'Hiiumaa (Kardla)','HI',1),(1056,67,'Ida-Virumaa (Johvi)','IV',1),(1057,67,'Jarvamaa (Paide)','JA',1),(1058,67,'Jogevamaa (Jogeva)','JO',1),(1059,67,'Laane-Virumaa (Rakvere)','LV',1),(1060,67,'Laanemaa (Haapsalu)','LA',1),(1061,67,'Parnumaa (Parnu)','PA',1),(1062,67,'Polvamaa (Polva)','PO',1),(1063,67,'Raplamaa (Rapla)','RA',1),(1064,67,'Saaremaa (Kuessaare)','SA',1),(1065,67,'Tartumaa (Tartu)','TA',1),(1066,67,'Valgamaa (Valga)','VA',1),(1067,67,'Viljandimaa (Viljandi)','VI',1),(1068,67,'Vorumaa (Voru)','VO',1),(1069,68,'Afar','AF',1),(1070,68,'Amhara','AH',1),(1071,68,'Benishangul-Gumaz','BG',1),(1072,68,'Gambela','GB',1),(1073,68,'Hariai','HR',1),(1074,68,'Oromia','OR',1),(1075,68,'Somali','SM',1),(1076,68,'Southern Nations - Nationalities and Peoples Region','SN',1),(1077,68,'Tigray','TG',1),(1078,68,'Addis Ababa','AA',1),(1079,68,'Dire Dawa','DD',1),(1080,71,'Central Division','C',1),(1081,71,'Northern Division','N',1),(1082,71,'Eastern Division','E',1),(1083,71,'Western Division','W',1),(1084,71,'Rotuma','R',1),(1085,72,'Ahvenanmaan Laani','AL',1),(1086,72,'Etela-Suomen Laani','ES',1),(1087,72,'Ita-Suomen Laani','IS',1),(1088,72,'Lansi-Suomen Laani','LS',1),(1089,72,'Lapin Lanani','LA',1),(1090,72,'Oulun Laani','OU',1),(1114,74,'Ain','01',1),(1115,74,'Aisne','02',1),(1116,74,'Allier','03',1),(1117,74,'Alpes de Haute Provence','04',1),(1118,74,'Hautes-Alpes','05',1),(1119,74,'Alpes Maritimes','06',1),(1120,74,'Ard&egrave;che','07',1),(1121,74,'Ardennes','08',1),(1122,74,'Ari&egrave;ge','09',1),(1123,74,'Aube','10',1),(1124,74,'Aude','11',1),(1125,74,'Aveyron','12',1),(1126,74,'Bouches du Rh&ocirc;ne','13',1),(1127,74,'Calvados','14',1),(1128,74,'Cantal','15',1),(1129,74,'Charente','16',1),(1130,74,'Charente Maritime','17',1),(1131,74,'Cher','18',1),(1132,74,'Corr&egrave;ze','19',1),(1133,74,'Corse du Sud','2A',1),(1134,74,'Haute Corse','2B',1),(1135,74,'C&ocirc;te d&#039;or','21',1),(1136,74,'C&ocirc;tes d&#039;Armor','22',1),(1137,74,'Creuse','23',1),(1138,74,'Dordogne','24',1),(1139,74,'Doubs','25',1),(1140,74,'Dr&ocirc;me','26',1),(1141,74,'Eure','27',1),(1142,74,'Eure et Loir','28',1),(1143,74,'Finist&egrave;re','29',1),(1144,74,'Gard','30',1),(1145,74,'Haute Garonne','31',1),(1146,74,'Gers','32',1),(1147,74,'Gironde','33',1),(1148,74,'H&eacute;rault','34',1),(1149,74,'Ille et Vilaine','35',1),(1150,74,'Indre','36',1),(1151,74,'Indre et Loire','37',1),(1152,74,'Is&eacute;re','38',1),(1153,74,'Jura','39',1),(1154,74,'Landes','40',1),(1155,74,'Loir et Cher','41',1),(1156,74,'Loire','42',1),(1157,74,'Haute Loire','43',1),(1158,74,'Loire Atlantique','44',1),(1159,74,'Loiret','45',1),(1160,74,'Lot','46',1),(1161,74,'Lot et Garonne','47',1),(1162,74,'Loz&egrave;re','48',1),(1163,74,'Maine et Loire','49',1),(1164,74,'Manche','50',1),(1165,74,'Marne','51',1),(1166,74,'Haute Marne','52',1),(1167,74,'Mayenne','53',1),(1168,74,'Meurthe et Moselle','54',1),(1169,74,'Meuse','55',1),(1170,74,'Morbihan','56',1),(1171,74,'Moselle','57',1),(1172,74,'Ni&egrave;vre','58',1),(1173,74,'Nord','59',1),(1174,74,'Oise','60',1),(1175,74,'Orne','61',1),(1176,74,'Pas de Calais','62',1),(1177,74,'Puy de D&ocirc;me','63',1),(1178,74,'Pyr&eacute;n&eacute;es Atlantiques','64',1),(1179,74,'Hautes Pyr&eacute;n&eacute;es','65',1),(1180,74,'Pyr&eacute;n&eacute;es Orientales','66',1),(1181,74,'Bas Rhin','67',1),(1182,74,'Haut Rhin','68',1),(1183,74,'Rh&ocirc;ne','69',1),(1184,74,'Haute Sa&ocirc;ne','70',1),(1185,74,'Sa&ocirc;ne et Loire','71',1),(1186,74,'Sarthe','72',1),(1187,74,'Savoie','73',1),(1188,74,'Haute Savoie','74',1),(1189,74,'Paris','75',1),(1190,74,'Seine Maritime','76',1),(1191,74,'Seine et Marne','77',1),(1192,74,'Yvelines','78',1),(1193,74,'Deux S&egrave;vres','79',1),(1194,74,'Somme','80',1),(1195,74,'Tarn','81',1),(1196,74,'Tarn et Garonne','82',1),(1197,74,'Var','83',1),(1198,74,'Vaucluse','84',1),(1199,74,'Vend&eacute;e','85',1),(1200,74,'Vienne','86',1),(1201,74,'Haute Vienne','87',1),(1202,74,'Vosges','88',1),(1203,74,'Yonne','89',1),(1204,74,'Territoire de Belfort','90',1),(1205,74,'Essonne','91',1),(1206,74,'Hauts de Seine','92',1),(1207,74,'Seine St-Denis','93',1),(1208,74,'Val de Marne','94',1),(1209,74,'Val d\'Oise','95',1),(1210,76,'Archipel des Marquises','M',1),(1211,76,'Archipel des Tuamotu','T',1),(1212,76,'Archipel des Tubuai','I',1),(1213,76,'Iles du Vent','V',1),(1214,76,'Iles Sous-le-Vent','S',1),(1215,77,'Iles Crozet','C',1),(1216,77,'Iles Kerguelen','K',1),(1217,77,'Ile Amsterdam','A',1),(1218,77,'Ile Saint-Paul','P',1),(1219,77,'Adelie Land','D',1),(1220,78,'Estuaire','ES',1),(1221,78,'Haut-Ogooue','HO',1),(1222,78,'Moyen-Ogooue','MO',1),(1223,78,'Ngounie','NG',1),(1224,78,'Nyanga','NY',1),(1225,78,'Ogooue-Ivindo','OI',1),(1226,78,'Ogooue-Lolo','OL',1),(1227,78,'Ogooue-Maritime','OM',1),(1228,78,'Woleu-Ntem','WN',1),(1229,79,'Banjul','BJ',1),(1230,79,'Basse','BS',1),(1231,79,'Brikama','BR',1),(1232,79,'Janjangbure','JA',1),(1233,79,'Kanifeng','KA',1),(1234,79,'Kerewan','KE',1),(1235,79,'Kuntaur','KU',1),(1236,79,'Mansakonko','MA',1),(1237,79,'Lower River','LR',1),(1238,79,'Central River','CR',1),(1239,79,'North Bank','NB',1),(1240,79,'Upper River','UR',1),(1241,79,'Western','WE',1),(1242,80,'Abkhazia','AB',1),(1243,80,'Ajaria','AJ',1),(1244,80,'Tbilisi','TB',1),(1245,80,'Guria','GU',1),(1246,80,'Imereti','IM',1),(1247,80,'Kakheti','KA',1),(1248,80,'Kvemo Kartli','KK',1),(1249,80,'Mtskheta-Mtianeti','MM',1),(1250,80,'Racha Lechkhumi and Kvemo Svanet','RL',1),(1251,80,'Samegrelo-Zemo Svaneti','SZ',1),(1252,80,'Samtskhe-Javakheti','SJ',1),(1253,80,'Shida Kartli','SK',1),(1254,81,'Baden-W&uuml;rttemberg','BAW',1),(1255,81,'Bayern','BAY',1),(1256,81,'Berlin','BER',1),(1257,81,'Brandenburg','BRG',1),(1258,81,'Bremen','BRE',1),(1259,81,'Hamburg','HAM',1),(1260,81,'Hessen','HES',1),(1261,81,'Mecklenburg-Vorpommern','MEC',1),(1262,81,'Niedersachsen','NDS',1),(1263,81,'Nordrhein-Westfalen','NRW',1),(1264,81,'Rheinland-Pfalz','RHE',1),(1265,81,'Saarland','SAR',1),(1266,81,'Sachsen','SAS',1),(1267,81,'Sachsen-Anhalt','SAC',1),(1268,81,'Schleswig-Holstein','SCN',1),(1269,81,'Th&uuml;ringen','THE',1),(1270,82,'Ashanti Region','AS',1),(1271,82,'Brong-Ahafo Region','BA',1),(1272,82,'Central Region','CE',1),(1273,82,'Eastern Region','EA',1),(1274,82,'Greater Accra Region','GA',1),(1275,82,'Northern Region','NO',1),(1276,82,'Upper East Region','UE',1),(1277,82,'Upper West Region','UW',1),(1278,82,'Volta Region','VO',1),(1279,82,'Western Region','WE',1),(1280,84,'Attica','AT',1),(1281,84,'Central Greece','CN',1),(1282,84,'Central Macedonia','CM',1),(1283,84,'Crete','CR',1),(1284,84,'East Macedonia and Thrace','EM',1),(1285,84,'Epirus','EP',1),(1286,84,'Ionian Islands','II',1),(1287,84,'North Aegean','NA',1),(1288,84,'Peloponnesos','PP',1),(1289,84,'South Aegean','SA',1),(1290,84,'Thessaly','TH',1),(1291,84,'West Greece','WG',1),(1292,84,'West Macedonia','WM',1),(1293,85,'Avannaa','A',1),(1294,85,'Tunu','T',1),(1295,85,'Kitaa','K',1),(1296,86,'Saint Andrew','A',1),(1297,86,'Saint David','D',1),(1298,86,'Saint George','G',1),(1299,86,'Saint John','J',1),(1300,86,'Saint Mark','M',1),(1301,86,'Saint Patrick','P',1),(1302,86,'Carriacou','C',1),(1303,86,'Petit Martinique','Q',1),(1304,89,'Alta Verapaz','AV',1),(1305,89,'Baja Verapaz','BV',1),(1306,89,'Chimaltenango','CM',1),(1307,89,'Chiquimula','CQ',1),(1308,89,'El Peten','PE',1),(1309,89,'El Progreso','PR',1),(1310,89,'El Quiche','QC',1),(1311,89,'Escuintla','ES',1),(1312,89,'Guatemala','GU',1),(1313,89,'Huehuetenango','HU',1),(1314,89,'Izabal','IZ',1),(1315,89,'Jalapa','JA',1),(1316,89,'Jutiapa','JU',1),(1317,89,'Quetzaltenango','QZ',1),(1318,89,'Retalhuleu','RE',1),(1319,89,'Sacatepequez','ST',1),(1320,89,'San Marcos','SM',1),(1321,89,'Santa Rosa','SR',1),(1322,89,'Solola','SO',1),(1323,89,'Suchitepequez','SU',1),(1324,89,'Totonicapan','TO',1),(1325,89,'Zacapa','ZA',1),(1326,90,'Conakry','CNK',1),(1327,90,'Beyla','BYL',1),(1328,90,'Boffa','BFA',1),(1329,90,'Boke','BOK',1),(1330,90,'Coyah','COY',1),(1331,90,'Dabola','DBL',1),(1332,90,'Dalaba','DLB',1),(1333,90,'Dinguiraye','DGR',1),(1334,90,'Dubreka','DBR',1),(1335,90,'Faranah','FRN',1),(1336,90,'Forecariah','FRC',1),(1337,90,'Fria','FRI',1),(1338,90,'Gaoual','GAO',1),(1339,90,'Gueckedou','GCD',1),(1340,90,'Kankan','KNK',1),(1341,90,'Kerouane','KRN',1),(1342,90,'Kindia','KND',1),(1343,90,'Kissidougou','KSD',1),(1344,90,'Koubia','KBA',1),(1345,90,'Koundara','KDA',1),(1346,90,'Kouroussa','KRA',1),(1347,90,'Labe','LAB',1),(1348,90,'Lelouma','LLM',1),(1349,90,'Lola','LOL',1),(1350,90,'Macenta','MCT',1),(1351,90,'Mali','MAL',1),(1352,90,'Mamou','MAM',1),(1353,90,'Mandiana','MAN',1),(1354,90,'Nzerekore','NZR',1),(1355,90,'Pita','PIT',1),(1356,90,'Siguiri','SIG',1),(1357,90,'Telimele','TLM',1),(1358,90,'Tougue','TOG',1),(1359,90,'Yomou','YOM',1),(1360,91,'Bafata Region','BF',1),(1361,91,'Biombo Region','BB',1),(1362,91,'Bissau Region','BS',1),(1363,91,'Bolama Region','BL',1),(1364,91,'Cacheu Region','CA',1),(1365,91,'Gabu Region','GA',1),(1366,91,'Oio Region','OI',1),(1367,91,'Quinara Region','QU',1),(1368,91,'Tombali Region','TO',1),(1369,92,'Barima-Waini','BW',1),(1370,92,'Cuyuni-Mazaruni','CM',1),(1371,92,'Demerara-Mahaica','DM',1),(1372,92,'East Berbice-Corentyne','EC',1),(1373,92,'Essequibo Islands-West Demerara','EW',1),(1374,92,'Mahaica-Berbice','MB',1),(1375,92,'Pomeroon-Supenaam','PM',1),(1376,92,'Potaro-Siparuni','PI',1),(1377,92,'Upper Demerara-Berbice','UD',1),(1378,92,'Upper Takutu-Upper Essequibo','UT',1),(1379,93,'Artibonite','AR',1),(1380,93,'Centre','CE',1),(1381,93,'Grand\'Anse','GA',1),(1382,93,'Nord','ND',1),(1383,93,'Nord-Est','NE',1),(1384,93,'Nord-Ouest','NO',1),(1385,93,'Ouest','OU',1),(1386,93,'Sud','SD',1),(1387,93,'Sud-Est','SE',1),(1388,94,'Flat Island','F',1),(1389,94,'McDonald Island','M',1),(1390,94,'Shag Island','S',1),(1391,94,'Heard Island','H',1),(1392,95,'Atlantida','AT',1),(1393,95,'Choluteca','CH',1),(1394,95,'Colon','CL',1),(1395,95,'Comayagua','CM',1),(1396,95,'Copan','CP',1),(1397,95,'Cortes','CR',1),(1398,95,'El Paraiso','PA',1),(1399,95,'Francisco Morazan','FM',1),(1400,95,'Gracias a Dios','GD',1),(1401,95,'Intibuca','IN',1),(1402,95,'Islas de la Bahia (Bay Islands)','IB',1),(1403,95,'La Paz','PZ',1),(1404,95,'Lempira','LE',1),(1405,95,'Ocotepeque','OC',1),(1406,95,'Olancho','OL',1),(1407,95,'Santa Barbara','SB',1),(1408,95,'Valle','VA',1),(1409,95,'Yoro','YO',1),(1410,96,'Central and Western Hong Kong Island','HCW',1),(1411,96,'Eastern Hong Kong Island','HEA',1),(1412,96,'Southern Hong Kong Island','HSO',1),(1413,96,'Wan Chai Hong Kong Island','HWC',1),(1414,96,'Kowloon City Kowloon','KKC',1),(1415,96,'Kwun Tong Kowloon','KKT',1),(1416,96,'Sham Shui Po Kowloon','KSS',1),(1417,96,'Wong Tai Sin Kowloon','KWT',1),(1418,96,'Yau Tsim Mong Kowloon','KYT',1),(1419,96,'Islands New Territories','NIS',1),(1420,96,'Kwai Tsing New Territories','NKT',1),(1421,96,'North New Territories','NNO',1),(1422,96,'Sai Kung New Territories','NSK',1),(1423,96,'Sha Tin New Territories','NST',1),(1424,96,'Tai Po New Territories','NTP',1),(1425,96,'Tsuen Wan New Territories','NTW',1),(1426,96,'Tuen Mun New Territories','NTM',1),(1427,96,'Yuen Long New Territories','NYL',1),(1428,97,'Bacs-Kiskun','BK',1),(1429,97,'Baranya','BA',1),(1430,97,'Bekes','BE',1),(1431,97,'Bekescsaba','BS',1),(1432,97,'Borsod-Abauj-Zemplen','BZ',1),(1433,97,'Budapest','BU',1),(1434,97,'Csongrad','CS',1),(1435,97,'Debrecen','DE',1),(1436,97,'Dunaujvaros','DU',1),(1437,97,'Eger','EG',1),(1438,97,'Fejer','FE',1),(1439,97,'Gyor','GY',1),(1440,97,'Gyor-Moson-Sopron','GM',1),(1441,97,'Hajdu-Bihar','HB',1),(1442,97,'Heves','HE',1),(1443,97,'Hodmezovasarhely','HO',1),(1444,97,'Jasz-Nagykun-Szolnok','JN',1),(1445,97,'Kaposvar','KA',1),(1446,97,'Kecskemet','KE',1),(1447,97,'Komarom-Esztergom','KO',1),(1448,97,'Miskolc','MI',1),(1449,97,'Nagykanizsa','NA',1),(1450,97,'Nograd','NO',1),(1451,97,'Nyiregyhaza','NY',1),(1452,97,'Pecs','PE',1),(1453,97,'Pest','PS',1),(1454,97,'Somogy','SO',1),(1455,97,'Sopron','SP',1),(1456,97,'Szabolcs-Szatmar-Bereg','SS',1),(1457,97,'Szeged','SZ',1),(1458,97,'Szekesfehervar','SE',1),(1459,97,'Szolnok','SL',1),(1460,97,'Szombathely','SM',1),(1461,97,'Tatabanya','TA',1),(1462,97,'Tolna','TO',1),(1463,97,'Vas','VA',1),(1464,97,'Veszprem','VE',1),(1465,97,'Zala','ZA',1),(1466,97,'Zalaegerszeg','ZZ',1),(1467,98,'Austurland','AL',1),(1468,98,'Hofuoborgarsvaeoi','HF',1),(1469,98,'Norourland eystra','NE',1),(1470,98,'Norourland vestra','NV',1),(1471,98,'Suourland','SL',1),(1472,98,'Suournes','SN',1),(1473,98,'Vestfiroir','VF',1),(1474,98,'Vesturland','VL',1),(1475,99,'Andaman and Nicobar Islands','AN',1),(1476,99,'Andhra Pradesh','AP',1),(1477,99,'Arunachal Pradesh','AR',1),(1478,99,'Assam','AS',1),(1479,99,'Bihar','BI',1),(1480,99,'Chandigarh','CH',1),(1481,99,'Dadra and Nagar Haveli','DA',1),(1482,99,'Daman and Diu','DM',1),(1483,99,'Delhi','DE',1),(1484,99,'Goa','GO',1),(1485,99,'Gujarat','GU',1),(1486,99,'Haryana','HA',1),(1487,99,'Himachal Pradesh','HP',1),(1488,99,'Jammu and Kashmir','JA',1),(1489,99,'Karnataka','KA',1),(1490,99,'Kerala','KE',1),(1491,99,'Lakshadweep Islands','LI',1),(1492,99,'Madhya Pradesh','MP',1),(1493,99,'Maharashtra','MA',1),(1494,99,'Manipur','MN',1),(1495,99,'Meghalaya','ME',1),(1496,99,'Mizoram','MI',1),(1497,99,'Nagaland','NA',1),(1498,99,'Orissa','OR',1),(1499,99,'Pondicherry','PO',1),(1500,99,'Punjab','PU',1),(1501,99,'Rajasthan','RA',1),(1502,99,'Sikkim','SI',1),(1503,99,'Tamil Nadu','TN',1),(1504,99,'Tripura','TR',1),(1505,99,'Uttar Pradesh','UP',1),(1506,99,'West Bengal','WB',1),(1507,100,'Aceh','AC',1),(1508,100,'Bali','BA',1),(1509,100,'Banten','BT',1),(1510,100,'Bengkulu','BE',1),(1511,100,'BoDeTaBek','BD',1),(1512,100,'Gorontalo','GO',1),(1513,100,'Jakarta Raya','JK',1),(1514,100,'Jambi','JA',1),(1515,100,'Jawa Barat','JB',1),(1516,100,'Jawa Tengah','JT',1),(1517,100,'Jawa Timur','JI',1),(1518,100,'Kalimantan Barat','KB',1),(1519,100,'Kalimantan Selatan','KS',1),(1520,100,'Kalimantan Tengah','KT',1),(1521,100,'Kalimantan Timur','KI',1),(1522,100,'Kepulauan Bangka Belitung','BB',1),(1523,100,'Lampung','LA',1),(1524,100,'Maluku','MA',1),(1525,100,'Maluku Utara','MU',1),(1526,100,'Nusa Tenggara Barat','NB',1),(1527,100,'Nusa Tenggara Timur','NT',1),(1528,100,'Papua','PA',1),(1529,100,'Riau','RI',1),(1530,100,'Sulawesi Selatan','SN',1),(1531,100,'Sulawesi Tengah','ST',1),(1532,100,'Sulawesi Tenggara','SG',1),(1533,100,'Sulawesi Utara','SA',1),(1534,100,'Sumatera Barat','SB',1),(1535,100,'Sumatera Selatan','SS',1),(1536,100,'Sumatera Utara','SU',1),(1537,100,'Yogyakarta','YO',1),(1538,101,'Tehran','TEH',1),(1539,101,'Qom','QOM',1),(1540,101,'Markazi','MKZ',1),(1541,101,'Qazvin','QAZ',1),(1542,101,'Gilan','GIL',1),(1543,101,'Ardabil','ARD',1),(1544,101,'Zanjan','ZAN',1),(1545,101,'East Azarbaijan','EAZ',1),(1546,101,'West Azarbaijan','WEZ',1),(1547,101,'Kurdistan','KRD',1),(1548,101,'Hamadan','HMD',1),(1549,101,'Kermanshah','KRM',1),(1550,101,'Ilam','ILM',1),(1551,101,'Lorestan','LRS',1),(1552,101,'Khuzestan','KZT',1),(1553,101,'Chahar Mahaal and Bakhtiari','CMB',1),(1554,101,'Kohkiluyeh and Buyer Ahmad','KBA',1),(1555,101,'Bushehr','BSH',1),(1556,101,'Fars','FAR',1),(1557,101,'Hormozgan','HRM',1),(1558,101,'Sistan and Baluchistan','SBL',1),(1559,101,'Kerman','KRB',1),(1560,101,'Yazd','YZD',1),(1561,101,'Esfahan','EFH',1),(1562,101,'Semnan','SMN',1),(1563,101,'Mazandaran','MZD',1),(1564,101,'Golestan','GLS',1),(1565,101,'North Khorasan','NKH',1),(1566,101,'Razavi Khorasan','RKH',1),(1567,101,'South Khorasan','SKH',1),(1568,102,'Baghdad','BD',1),(1569,102,'Salah ad Din','SD',1),(1570,102,'Diyala','DY',1),(1571,102,'Wasit','WS',1),(1572,102,'Maysan','MY',1),(1573,102,'Al Basrah','BA',1),(1574,102,'Dhi Qar','DQ',1),(1575,102,'Al Muthanna','MU',1),(1576,102,'Al Qadisyah','QA',1),(1577,102,'Babil','BB',1),(1578,102,'Al Karbala','KB',1),(1579,102,'An Najaf','NJ',1),(1580,102,'Al Anbar','AB',1),(1581,102,'Ninawa','NN',1),(1582,102,'Dahuk','DH',1),(1583,102,'Arbil','AL',1),(1584,102,'At Ta\'mim','TM',1),(1585,102,'As Sulaymaniyah','SL',1),(1586,103,'Carlow','CA',1),(1587,103,'Cavan','CV',1),(1588,103,'Clare','CL',1),(1589,103,'Cork','CO',1),(1590,103,'Donegal','DO',1),(1591,103,'Dublin','DU',1),(1592,103,'Galway','GA',1),(1593,103,'Kerry','KE',1),(1594,103,'Kildare','KI',1),(1595,103,'Kilkenny','KL',1),(1596,103,'Laois','LA',1),(1597,103,'Leitrim','LE',1),(1598,103,'Limerick','LI',1),(1599,103,'Longford','LO',1),(1600,103,'Louth','LU',1),(1601,103,'Mayo','MA',1),(1602,103,'Meath','ME',1),(1603,103,'Monaghan','MO',1),(1604,103,'Offaly','OF',1),(1605,103,'Roscommon','RO',1),(1606,103,'Sligo','SL',1),(1607,103,'Tipperary','TI',1),(1608,103,'Waterford','WA',1),(1609,103,'Westmeath','WE',1),(1610,103,'Wexford','WX',1),(1611,103,'Wicklow','WI',1),(1612,104,'Be\'er Sheva','BS',1),(1613,104,'Bika\'at Hayarden','BH',1),(1614,104,'Eilat and Arava','EA',1),(1615,104,'Galil','GA',1),(1616,104,'Haifa','HA',1),(1617,104,'Jehuda Mountains','JM',1),(1618,104,'Jerusalem','JE',1),(1619,104,'Negev','NE',1),(1620,104,'Semaria','SE',1),(1621,104,'Sharon','SH',1),(1622,104,'Tel Aviv (Gosh Dan)','TA',1),(3860,105,'Caltanissetta','CL',1),(3842,105,'Agrigento','AG',1),(3843,105,'Alessandria','AL',1),(3844,105,'Ancona','AN',1),(3845,105,'Aosta','AO',1),(3846,105,'Arezzo','AR',1),(3847,105,'Ascoli Piceno','AP',1),(3848,105,'Asti','AT',1),(3849,105,'Avellino','AV',1),(3850,105,'Bari','BA',1),(3851,105,'Belluno','BL',1),(3852,105,'Benevento','BN',1),(3853,105,'Bergamo','BG',1),(3854,105,'Biella','BI',1),(3855,105,'Bologna','BO',1),(3856,105,'Bolzano','BZ',1),(3857,105,'Brescia','BS',1),(3858,105,'Brindisi','BR',1),(3859,105,'Cagliari','CA',1),(1643,106,'Clarendon Parish','CLA',1),(1644,106,'Hanover Parish','HAN',1),(1645,106,'Kingston Parish','KIN',1),(1646,106,'Manchester Parish','MAN',1),(1647,106,'Portland Parish','POR',1),(1648,106,'Saint Andrew Parish','AND',1),(1649,106,'Saint Ann Parish','ANN',1),(1650,106,'Saint Catherine Parish','CAT',1),(1651,106,'Saint Elizabeth Parish','ELI',1),(1652,106,'Saint James Parish','JAM',1),(1653,106,'Saint Mary Parish','MAR',1),(1654,106,'Saint Thomas Parish','THO',1),(1655,106,'Trelawny Parish','TRL',1),(1656,106,'Westmoreland Parish','WML',1),(1657,107,'Aichi','AI',1),(1658,107,'Akita','AK',1),(1659,107,'Aomori','AO',1),(1660,107,'Chiba','CH',1),(1661,107,'Ehime','EH',1),(1662,107,'Fukui','FK',1),(1663,107,'Fukuoka','FU',1),(1664,107,'Fukushima','FS',1),(1665,107,'Gifu','GI',1),(1666,107,'Gumma','GU',1),(1667,107,'Hiroshima','HI',1),(1668,107,'Hokkaido','HO',1),(1669,107,'Hyogo','HY',1),(1670,107,'Ibaraki','IB',1),(1671,107,'Ishikawa','IS',1),(1672,107,'Iwate','IW',1),(1673,107,'Kagawa','KA',1),(1674,107,'Kagoshima','KG',1),(1675,107,'Kanagawa','KN',1),(1676,107,'Kochi','KO',1),(1677,107,'Kumamoto','KU',1),(1678,107,'Kyoto','KY',1),(1679,107,'Mie','MI',1),(1680,107,'Miyagi','MY',1),(1681,107,'Miyazaki','MZ',1),(1682,107,'Nagano','NA',1),(1683,107,'Nagasaki','NG',1),(1684,107,'Nara','NR',1),(1685,107,'Niigata','NI',1),(1686,107,'Oita','OI',1),(1687,107,'Okayama','OK',1),(1688,107,'Okinawa','ON',1),(1689,107,'Osaka','OS',1),(1690,107,'Saga','SA',1),(1691,107,'Saitama','SI',1),(1692,107,'Shiga','SH',1),(1693,107,'Shimane','SM',1),(1694,107,'Shizuoka','SZ',1),(1695,107,'Tochigi','TO',1),(1696,107,'Tokushima','TS',1),(1697,107,'Tokyo','TK',1),(1698,107,'Tottori','TT',1),(1699,107,'Toyama','TY',1),(1700,107,'Wakayama','WA',1),(1701,107,'Yamagata','YA',1),(1702,107,'Yamaguchi','YM',1),(1703,107,'Yamanashi','YN',1),(1704,108,'\'Amman','AM',1),(1705,108,'Ajlun','AJ',1),(1706,108,'Al \'Aqabah','AA',1),(1707,108,'Al Balqa\'','AB',1),(1708,108,'Al Karak','AK',1),(1709,108,'Al Mafraq','AL',1),(1710,108,'At Tafilah','AT',1),(1711,108,'Az Zarqa\'','AZ',1),(1712,108,'Irbid','IR',1),(1713,108,'Jarash','JA',1),(1714,108,'Ma\'an','MA',1),(1715,108,'Madaba','MD',1),(1716,109,'Almaty','AL',1),(1717,109,'Almaty City','AC',1),(1718,109,'Aqmola','AM',1),(1719,109,'Aqtobe','AQ',1),(1720,109,'Astana City','AS',1),(1721,109,'Atyrau','AT',1),(1722,109,'Batys Qazaqstan','BA',1),(1723,109,'Bayqongyr City','BY',1),(1724,109,'Mangghystau','MA',1),(1725,109,'Ongtustik Qazaqstan','ON',1),(1726,109,'Pavlodar','PA',1),(1727,109,'Qaraghandy','QA',1),(1728,109,'Qostanay','QO',1),(1729,109,'Qyzylorda','QY',1),(1730,109,'Shyghys Qazaqstan','SH',1),(1731,109,'Soltustik Qazaqstan','SO',1),(1732,109,'Zhambyl','ZH',1),(1733,110,'Central','CE',1),(1734,110,'Coast','CO',1),(1735,110,'Eastern','EA',1),(1736,110,'Nairobi Area','NA',1),(1737,110,'North Eastern','NE',1),(1738,110,'Nyanza','NY',1),(1739,110,'Rift Valley','RV',1),(1740,110,'Western','WE',1),(1741,111,'Abaiang','AG',1),(1742,111,'Abemama','AM',1),(1743,111,'Aranuka','AK',1),(1744,111,'Arorae','AO',1),(1745,111,'Banaba','BA',1),(1746,111,'Beru','BE',1),(1747,111,'Butaritari','bT',1),(1748,111,'Kanton','KA',1),(1749,111,'Kiritimati','KR',1),(1750,111,'Kuria','KU',1),(1751,111,'Maiana','MI',1),(1752,111,'Makin','MN',1),(1753,111,'Marakei','ME',1),(1754,111,'Nikunau','NI',1),(1755,111,'Nonouti','NO',1),(1756,111,'Onotoa','ON',1),(1757,111,'Tabiteuea','TT',1),(1758,111,'Tabuaeran','TR',1),(1759,111,'Tamana','TM',1),(1760,111,'Tarawa','TW',1),(1761,111,'Teraina','TE',1),(1762,112,'Chagang-do','CHA',1),(1763,112,'Hamgyong-bukto','HAB',1),(1764,112,'Hamgyong-namdo','HAN',1),(1765,112,'Hwanghae-bukto','HWB',1),(1766,112,'Hwanghae-namdo','HWN',1),(1767,112,'Kangwon-do','KAN',1),(1768,112,'P\'yongan-bukto','PYB',1),(1769,112,'P\'yongan-namdo','PYN',1),(1770,112,'Ryanggang-do (Yanggang-do)','YAN',1),(1771,112,'Rason Directly Governed City','NAJ',1),(1772,112,'P\'yongyang Special City','PYO',1),(1773,113,'Ch\'ungch\'ong-bukto','CO',1),(1774,113,'Ch\'ungch\'ong-namdo','CH',1),(1775,113,'Cheju-do','CD',1),(1776,113,'Cholla-bukto','CB',1),(1777,113,'Cholla-namdo','CN',1),(1778,113,'Inch\'on-gwangyoksi','IG',1),(1779,113,'Kangwon-do','KA',1),(1780,113,'Kwangju-gwangyoksi','KG',1),(1781,113,'Kyonggi-do','KD',1),(1782,113,'Kyongsang-bukto','KB',1),(1783,113,'Kyongsang-namdo','KN',1),(1784,113,'Pusan-gwangyoksi','PG',1),(1785,113,'Soul-t\'ukpyolsi','SO',1),(1786,113,'Taegu-gwangyoksi','TA',1),(1787,113,'Taejon-gwangyoksi','TG',1),(1788,114,'Al \'Asimah','AL',1),(1789,114,'Al Ahmadi','AA',1),(1790,114,'Al Farwaniyah','AF',1),(1791,114,'Al Jahra\'','AJ',1),(1792,114,'Hawalli','HA',1),(1793,115,'Bishkek','GB',1),(1794,115,'Batken','B',1),(1795,115,'Chu','C',1),(1796,115,'Jalal-Abad','J',1),(1797,115,'Naryn','N',1),(1798,115,'Osh','O',1),(1799,115,'Talas','T',1),(1800,115,'Ysyk-Kol','Y',1),(1801,116,'Vientiane','VT',1),(1802,116,'Attapu','AT',1),(1803,116,'Bokeo','BK',1),(1804,116,'Bolikhamxai','BL',1),(1805,116,'Champasak','CH',1),(1806,116,'Houaphan','HO',1),(1807,116,'Khammouan','KH',1),(1808,116,'Louang Namtha','LM',1),(1809,116,'Louangphabang','LP',1),(1810,116,'Oudomxai','OU',1),(1811,116,'Phongsali','PH',1),(1812,116,'Salavan','SL',1),(1813,116,'Savannakhet','SV',1),(1814,116,'Vientiane','VI',1),(1815,116,'Xaignabouli','XA',1),(1816,116,'Xekong','XE',1),(1817,116,'Xiangkhoang','XI',1),(1818,116,'Xaisomboun','XN',1),(1819,117,'Aizkraukles Rajons','AIZ',1),(1820,117,'Aluksnes Rajons','ALU',1),(1821,117,'Balvu Rajons','BAL',1),(1822,117,'Bauskas Rajons','BAU',1),(1823,117,'Cesu Rajons','CES',1),(1824,117,'Daugavpils Rajons','DGR',1),(1825,117,'Dobeles Rajons','DOB',1),(1826,117,'Gulbenes Rajons','GUL',1),(1827,117,'Jekabpils Rajons','JEK',1),(1828,117,'Jelgavas Rajons','JGR',1),(1829,117,'Kraslavas Rajons','KRA',1),(1830,117,'Kuldigas Rajons','KUL',1),(1831,117,'Liepajas Rajons','LPR',1),(1832,117,'Limbazu Rajons','LIM',1),(1833,117,'Ludzas Rajons','LUD',1),(1834,117,'Madonas Rajons','MAD',1),(1835,117,'Ogres Rajons','OGR',1),(1836,117,'Preilu Rajons','PRE',1),(1837,117,'Rezeknes Rajons','RZR',1),(1838,117,'Rigas Rajons','RGR',1),(1839,117,'Saldus Rajons','SAL',1),(1840,117,'Talsu Rajons','TAL',1),(1841,117,'Tukuma Rajons','TUK',1),(1842,117,'Valkas Rajons','VLK',1),(1843,117,'Valmieras Rajons','VLM',1),(1844,117,'Ventspils Rajons','VSR',1),(1845,117,'Daugavpils','DGV',1),(1846,117,'Jelgava','JGV',1),(1847,117,'Jurmala','JUR',1),(1848,117,'Liepaja','LPK',1),(1849,117,'Rezekne','RZK',1),(1850,117,'Riga','RGA',1),(1851,117,'Ventspils','VSL',1),(1852,119,'Berea','BE',1),(1853,119,'Butha-Buthe','BB',1),(1854,119,'Leribe','LE',1),(1855,119,'Mafeteng','MF',1),(1856,119,'Maseru','MS',1),(1857,119,'Mohale\'s Hoek','MH',1),(1858,119,'Mokhotlong','MK',1),(1859,119,'Qacha\'s Nek','QN',1),(1860,119,'Quthing','QT',1),(1861,119,'Thaba-Tseka','TT',1),(1862,120,'Bomi','BI',1),(1863,120,'Bong','BG',1),(1864,120,'Grand Bassa','GB',1),(1865,120,'Grand Cape Mount','CM',1),(1866,120,'Grand Gedeh','GG',1),(1867,120,'Grand Kru','GK',1),(1868,120,'Lofa','LO',1),(1869,120,'Margibi','MG',1),(1870,120,'Maryland','ML',1),(1871,120,'Montserrado','MS',1),(1872,120,'Nimba','NB',1),(1873,120,'River Cess','RC',1),(1874,120,'Sinoe','SN',1),(1875,121,'Ajdabiya','AJ',1),(1876,121,'Al \'Aziziyah','AZ',1),(1877,121,'Al Fatih','FA',1),(1878,121,'Al Jabal al Akhdar','JA',1),(1879,121,'Al Jufrah','JU',1),(1880,121,'Al Khums','KH',1),(1881,121,'Al Kufrah','KU',1),(1882,121,'An Nuqat al Khams','NK',1),(1883,121,'Ash Shati\'','AS',1),(1884,121,'Awbari','AW',1),(1885,121,'Az Zawiyah','ZA',1),(1886,121,'Banghazi','BA',1),(1887,121,'Darnah','DA',1),(1888,121,'Ghadamis','GD',1),(1889,121,'Gharyan','GY',1),(1890,121,'Misratah','MI',1),(1891,121,'Murzuq','MZ',1),(1892,121,'Sabha','SB',1),(1893,121,'Sawfajjin','SW',1),(1894,121,'Surt','SU',1),(1895,121,'Tarabulus (Tripoli)','TL',1),(1896,121,'Tarhunah','TH',1),(1897,121,'Tubruq','TU',1),(1898,121,'Yafran','YA',1),(1899,121,'Zlitan','ZL',1),(1900,122,'Vaduz','V',1),(1901,122,'Schaan','A',1),(1902,122,'Balzers','B',1),(1903,122,'Triesen','N',1),(1904,122,'Eschen','E',1),(1905,122,'Mauren','M',1),(1906,122,'Triesenberg','T',1),(1907,122,'Ruggell','R',1),(1908,122,'Gamprin','G',1),(1909,122,'Schellenberg','L',1),(1910,122,'Planken','P',1),(1911,123,'Alytus','AL',1),(1912,123,'Kaunas','KA',1),(1913,123,'Klaipeda','KL',1),(1914,123,'Marijampole','MA',1),(1915,123,'Panevezys','PA',1),(1916,123,'Siauliai','SI',1),(1917,123,'Taurage','TA',1),(1918,123,'Telsiai','TE',1),(1919,123,'Utena','UT',1),(1920,123,'Vilnius','VI',1),(1921,124,'Diekirch','DD',1),(1922,124,'Clervaux','DC',1),(1923,124,'Redange','DR',1),(1924,124,'Vianden','DV',1),(1925,124,'Wiltz','DW',1),(1926,124,'Grevenmacher','GG',1),(1927,124,'Echternach','GE',1),(1928,124,'Remich','GR',1),(1929,124,'Luxembourg','LL',1),(1930,124,'Capellen','LC',1),(1931,124,'Esch-sur-Alzette','LE',1),(1932,124,'Mersch','LM',1),(1933,125,'Our Lady Fatima Parish','OLF',1),(1934,125,'St. Anthony Parish','ANT',1),(1935,125,'St. Lazarus Parish','LAZ',1),(1936,125,'Cathedral Parish','CAT',1),(1937,125,'St. Lawrence Parish','LAW',1),(1938,127,'Antananarivo','AN',1),(1939,127,'Antsiranana','AS',1),(1940,127,'Fianarantsoa','FN',1),(1941,127,'Mahajanga','MJ',1),(1942,127,'Toamasina','TM',1),(1943,127,'Toliara','TL',1),(1944,128,'Balaka','BLK',1),(1945,128,'Blantyre','BLT',1),(1946,128,'Chikwawa','CKW',1),(1947,128,'Chiradzulu','CRD',1),(1948,128,'Chitipa','CTP',1),(1949,128,'Dedza','DDZ',1),(1950,128,'Dowa','DWA',1),(1951,128,'Karonga','KRG',1),(1952,128,'Kasungu','KSG',1),(1953,128,'Likoma','LKM',1),(1954,128,'Lilongwe','LLG',1),(1955,128,'Machinga','MCG',1),(1956,128,'Mangochi','MGC',1),(1957,128,'Mchinji','MCH',1),(1958,128,'Mulanje','MLJ',1),(1959,128,'Mwanza','MWZ',1),(1960,128,'Mzimba','MZM',1),(1961,128,'Ntcheu','NTU',1),(1962,128,'Nkhata Bay','NKB',1),(1963,128,'Nkhotakota','NKH',1),(1964,128,'Nsanje','NSJ',1),(1965,128,'Ntchisi','NTI',1),(1966,128,'Phalombe','PHL',1),(1967,128,'Rumphi','RMP',1),(1968,128,'Salima','SLM',1),(1969,128,'Thyolo','THY',1),(1970,128,'Zomba','ZBA',1),(1971,129,'Johor','JO',1),(1972,129,'Kedah','KE',1),(1973,129,'Kelantan','KL',1),(1974,129,'Labuan','LA',1),(1975,129,'Melaka','ME',1),(1976,129,'Negeri Sembilan','NS',1),(1977,129,'Pahang','PA',1),(1978,129,'Perak','PE',1),(1979,129,'Perlis','PR',1),(1980,129,'Pulau Pinang','PP',1),(1981,129,'Sabah','SA',1),(1982,129,'Sarawak','SR',1),(1983,129,'Selangor','SE',1),(1984,129,'Terengganu','TE',1),(1985,129,'Wilayah Persekutuan','WP',1),(1986,130,'Thiladhunmathi Uthuru','THU',1),(1987,130,'Thiladhunmathi Dhekunu','THD',1),(1988,130,'Miladhunmadulu Uthuru','MLU',1),(1989,130,'Miladhunmadulu Dhekunu','MLD',1),(1990,130,'Maalhosmadulu Uthuru','MAU',1),(1991,130,'Maalhosmadulu Dhekunu','MAD',1),(1992,130,'Faadhippolhu','FAA',1),(1993,130,'Male Atoll','MAA',1),(1994,130,'Ari Atoll Uthuru','AAU',1),(1995,130,'Ari Atoll Dheknu','AAD',1),(1996,130,'Felidhe Atoll','FEA',1),(1997,130,'Mulaku Atoll','MUA',1),(1998,130,'Nilandhe Atoll Uthuru','NAU',1),(1999,130,'Nilandhe Atoll Dhekunu','NAD',1),(2000,130,'Kolhumadulu','KLH',1),(2001,130,'Hadhdhunmathi','HDH',1),(2002,130,'Huvadhu Atoll Uthuru','HAU',1),(2003,130,'Huvadhu Atoll Dhekunu','HAD',1),(2004,130,'Fua Mulaku','FMU',1),(2005,130,'Addu','ADD',1),(2006,131,'Gao','GA',1),(2007,131,'Kayes','KY',1),(2008,131,'Kidal','KD',1),(2009,131,'Koulikoro','KL',1),(2010,131,'Mopti','MP',1),(2011,131,'Segou','SG',1),(2012,131,'Sikasso','SK',1),(2013,131,'Tombouctou','TB',1),(2014,131,'Bamako Capital District','CD',1),(2015,132,'Attard','ATT',1),(2016,132,'Balzan','BAL',1),(2017,132,'Birgu','BGU',1),(2018,132,'Birkirkara','BKK',1),(2019,132,'Birzebbuga','BRZ',1),(2020,132,'Bormla','BOR',1),(2021,132,'Dingli','DIN',1),(2022,132,'Fgura','FGU',1),(2023,132,'Floriana','FLO',1),(2024,132,'Gudja','GDJ',1),(2025,132,'Gzira','GZR',1),(2026,132,'Gargur','GRG',1),(2027,132,'Gaxaq','GXQ',1),(2028,132,'Hamrun','HMR',1),(2029,132,'Iklin','IKL',1),(2030,132,'Isla','ISL',1),(2031,132,'Kalkara','KLK',1),(2032,132,'Kirkop','KRK',1),(2033,132,'Lija','LIJ',1),(2034,132,'Luqa','LUQ',1),(2035,132,'Marsa','MRS',1),(2036,132,'Marsaskala','MKL',1),(2037,132,'Marsaxlokk','MXL',1),(2038,132,'Mdina','MDN',1),(2039,132,'Melliea','MEL',1),(2040,132,'Mgarr','MGR',1),(2041,132,'Mosta','MST',1),(2042,132,'Mqabba','MQA',1),(2043,132,'Msida','MSI',1),(2044,132,'Mtarfa','MTF',1),(2045,132,'Naxxar','NAX',1),(2046,132,'Paola','PAO',1),(2047,132,'Pembroke','PEM',1),(2048,132,'Pieta','PIE',1),(2049,132,'Qormi','QOR',1),(2050,132,'Qrendi','QRE',1),(2051,132,'Rabat','RAB',1),(2052,132,'Safi','SAF',1),(2053,132,'San Giljan','SGI',1),(2054,132,'Santa Lucija','SLU',1),(2055,132,'San Pawl il-Bahar','SPB',1),(2056,132,'San Gwann','SGW',1),(2057,132,'Santa Venera','SVE',1),(2058,132,'Siggiewi','SIG',1),(2059,132,'Sliema','SLM',1),(2060,132,'Swieqi','SWQ',1),(2061,132,'Ta Xbiex','TXB',1),(2062,132,'Tarxien','TRX',1),(2063,132,'Valletta','VLT',1),(2064,132,'Xgajra','XGJ',1),(2065,132,'Zabbar','ZBR',1),(2066,132,'Zebbug','ZBG',1),(2067,132,'Zejtun','ZJT',1),(2068,132,'Zurrieq','ZRQ',1),(2069,132,'Fontana','FNT',1),(2070,132,'Ghajnsielem','GHJ',1),(2071,132,'Gharb','GHR',1),(2072,132,'Ghasri','GHS',1),(2073,132,'Kercem','KRC',1),(2074,132,'Munxar','MUN',1),(2075,132,'Nadur','NAD',1),(2076,132,'Qala','QAL',1),(2077,132,'Victoria','VIC',1),(2078,132,'San Lawrenz','SLA',1),(2079,132,'Sannat','SNT',1),(2080,132,'Xagra','ZAG',1),(2081,132,'Xewkija','XEW',1),(2082,132,'Zebbug','ZEB',1),(2083,133,'Ailinginae','ALG',1),(2084,133,'Ailinglaplap','ALL',1),(2085,133,'Ailuk','ALK',1),(2086,133,'Arno','ARN',1),(2087,133,'Aur','AUR',1),(2088,133,'Bikar','BKR',1),(2089,133,'Bikini','BKN',1),(2090,133,'Bokak','BKK',1),(2091,133,'Ebon','EBN',1),(2092,133,'Enewetak','ENT',1),(2093,133,'Erikub','EKB',1),(2094,133,'Jabat','JBT',1),(2095,133,'Jaluit','JLT',1),(2096,133,'Jemo','JEM',1),(2097,133,'Kili','KIL',1),(2098,133,'Kwajalein','KWJ',1),(2099,133,'Lae','LAE',1),(2100,133,'Lib','LIB',1),(2101,133,'Likiep','LKP',1),(2102,133,'Majuro','MJR',1),(2103,133,'Maloelap','MLP',1),(2104,133,'Mejit','MJT',1),(2105,133,'Mili','MIL',1),(2106,133,'Namorik','NMK',1),(2107,133,'Namu','NAM',1),(2108,133,'Rongelap','RGL',1),(2109,133,'Rongrik','RGK',1),(2110,133,'Toke','TOK',1),(2111,133,'Ujae','UJA',1),(2112,133,'Ujelang','UJL',1),(2113,133,'Utirik','UTK',1),(2114,133,'Wotho','WTH',1),(2115,133,'Wotje','WTJ',1),(2116,135,'Adrar','AD',1),(2117,135,'Assaba','AS',1),(2118,135,'Brakna','BR',1),(2119,135,'Dakhlet Nouadhibou','DN',1),(2120,135,'Gorgol','GO',1),(2121,135,'Guidimaka','GM',1),(2122,135,'Hodh Ech Chargui','HC',1),(2123,135,'Hodh El Gharbi','HG',1),(2124,135,'Inchiri','IN',1),(2125,135,'Tagant','TA',1),(2126,135,'Tiris Zemmour','TZ',1),(2127,135,'Trarza','TR',1),(2128,135,'Nouakchott','NO',1),(2129,136,'Beau Bassin-Rose Hill','BR',1),(2130,136,'Curepipe','CU',1),(2131,136,'Port Louis','PU',1),(2132,136,'Quatre Bornes','QB',1),(2133,136,'Vacoas-Phoenix','VP',1),(2134,136,'Agalega Islands','AG',1),(2135,136,'Cargados Carajos Shoals (Saint Brandon Islands)','CC',1),(2136,136,'Rodrigues','RO',1),(2137,136,'Black River','BL',1),(2138,136,'Flacq','FL',1),(2139,136,'Grand Port','GP',1),(2140,136,'Moka','MO',1),(2141,136,'Pamplemousses','PA',1),(2142,136,'Plaines Wilhems','PW',1),(2143,136,'Port Louis','PL',1),(2144,136,'Riviere du Rempart','RR',1),(2145,136,'Savanne','SA',1),(2146,138,'Baja California Norte','BN',1),(2147,138,'Baja California Sur','BS',1),(2148,138,'Campeche','CA',1),(2149,138,'Chiapas','CI',1),(2150,138,'Chihuahua','CH',1),(2151,138,'Coahuila de Zaragoza','CZ',1),(2152,138,'Colima','CL',1),(2153,138,'Distrito Federal','DF',1),(2154,138,'Durango','DU',1),(2155,138,'Guanajuato','GA',1),(2156,138,'Guerrero','GE',1),(2157,138,'Hidalgo','HI',1),(2158,138,'Jalisco','JA',1),(2159,138,'Mexico','ME',1),(2160,138,'Michoacan de Ocampo','MI',1),(2161,138,'Morelos','MO',1),(2162,138,'Nayarit','NA',1),(2163,138,'Nuevo Leon','NL',1),(2164,138,'Oaxaca','OA',1),(2165,138,'Puebla','PU',1),(2166,138,'Queretaro de Arteaga','QA',1),(2167,138,'Quintana Roo','QR',1),(2168,138,'San Luis Potosi','SA',1),(2169,138,'Sinaloa','SI',1),(2170,138,'Sonora','SO',1),(2171,138,'Tabasco','TB',1),(2172,138,'Tamaulipas','TM',1),(2173,138,'Tlaxcala','TL',1),(2174,138,'Veracruz-Llave','VE',1),(2175,138,'Yucatan','YU',1),(2176,138,'Zacatecas','ZA',1),(2177,139,'Chuuk','C',1),(2178,139,'Kosrae','K',1),(2179,139,'Pohnpei','P',1),(2180,139,'Yap','Y',1),(2181,140,'Gagauzia','GA',1),(2182,140,'Chisinau','CU',1),(2183,140,'Balti','BA',1),(2184,140,'Cahul','CA',1),(2185,140,'Edinet','ED',1),(2186,140,'Lapusna','LA',1),(2187,140,'Orhei','OR',1),(2188,140,'Soroca','SO',1),(2189,140,'Tighina','TI',1),(2190,140,'Ungheni','UN',1),(2191,140,'St‚nga Nistrului','SN',1),(2192,141,'Fontvieille','FV',1),(2193,141,'La Condamine','LC',1),(2194,141,'Monaco-Ville','MV',1),(2195,141,'Monte-Carlo','MC',1),(2196,142,'Ulanbaatar','1',1),(2197,142,'Orhon','035',1),(2198,142,'Darhan uul','037',1),(2199,142,'Hentiy','039',1),(2200,142,'Hovsgol','041',1),(2201,142,'Hovd','043',1),(2202,142,'Uvs','046',1),(2203,142,'Tov','047',1),(2204,142,'Selenge','049',1),(2205,142,'Suhbaatar','051',1),(2206,142,'Omnogovi','053',1),(2207,142,'Ovorhangay','055',1),(2208,142,'Dzavhan','057',1),(2209,142,'DundgovL','059',1),(2210,142,'Dornod','061',1),(2211,142,'Dornogov','063',1),(2212,142,'Govi-Sumber','064',1),(2213,142,'Govi-Altay','065',1),(2214,142,'Bulgan','067',1),(2215,142,'Bayanhongor','069',1),(2216,142,'Bayan-Olgiy','071',1),(2217,142,'Arhangay','073',1),(2218,143,'Saint Anthony','A',1),(2219,143,'Saint Georges','G',1),(2220,143,'Saint Peter','P',1),(2221,144,'Agadir','AGD',1),(2222,144,'Al Hoceima','HOC',1),(2223,144,'Azilal','AZI',1),(2224,144,'Beni Mellal','BME',1),(2225,144,'Ben Slimane','BSL',1),(2226,144,'Boulemane','BLM',1),(2227,144,'Casablanca','CBL',1),(2228,144,'Chaouen','CHA',1),(2229,144,'El Jadida','EJA',1),(2230,144,'El Kelaa des Sraghna','EKS',1),(2231,144,'Er Rachidia','ERA',1),(2232,144,'Essaouira','ESS',1),(2233,144,'Fes','FES',1),(2234,144,'Figuig','FIG',1),(2235,144,'Guelmim','GLM',1),(2236,144,'Ifrane','IFR',1),(2237,144,'Kenitra','KEN',1),(2238,144,'Khemisset','KHM',1),(2239,144,'Khenifra','KHN',1),(2240,144,'Khouribga','KHO',1),(2241,144,'Laayoune','LYN',1),(2242,144,'Larache','LAR',1),(2243,144,'Marrakech','MRK',1),(2244,144,'Meknes','MKN',1),(2245,144,'Nador','NAD',1),(2246,144,'Ouarzazate','ORZ',1),(2247,144,'Oujda','OUJ',1),(2248,144,'Rabat-Sale','RSA',1),(2249,144,'Safi','SAF',1),(2250,144,'Settat','SET',1),(2251,144,'Sidi Kacem','SKA',1),(2252,144,'Tangier','TGR',1),(2253,144,'Tan-Tan','TAN',1),(2254,144,'Taounate','TAO',1),(2255,144,'Taroudannt','TRD',1),(2256,144,'Tata','TAT',1),(2257,144,'Taza','TAZ',1),(2258,144,'Tetouan','TET',1),(2259,144,'Tiznit','TIZ',1),(2260,144,'Ad Dakhla','ADK',1),(2261,144,'Boujdour','BJD',1),(2262,144,'Es Smara','ESM',1),(2263,145,'Cabo Delgado','CD',1),(2264,145,'Gaza','GZ',1),(2265,145,'Inhambane','IN',1),(2266,145,'Manica','MN',1),(2267,145,'Maputo (city)','MC',1),(2268,145,'Maputo','MP',1),(2269,145,'Nampula','NA',1),(2270,145,'Niassa','NI',1),(2271,145,'Sofala','SO',1),(2272,145,'Tete','TE',1),(2273,145,'Zambezia','ZA',1),(2274,146,'Ayeyarwady','AY',1),(2275,146,'Bago','BG',1),(2276,146,'Magway','MG',1),(2277,146,'Mandalay','MD',1),(2278,146,'Sagaing','SG',1),(2279,146,'Tanintharyi','TN',1),(2280,146,'Yangon','YG',1),(2281,146,'Chin State','CH',1),(2282,146,'Kachin State','KC',1),(2283,146,'Kayah State','KH',1),(2284,146,'Kayin State','KN',1),(2285,146,'Mon State','MN',1),(2286,146,'Rakhine State','RK',1),(2287,146,'Shan State','SH',1),(2288,147,'Caprivi','CA',1),(2289,147,'Erongo','ER',1),(2290,147,'Hardap','HA',1),(2291,147,'Karas','KR',1),(2292,147,'Kavango','KV',1),(2293,147,'Khomas','KH',1),(2294,147,'Kunene','KU',1),(2295,147,'Ohangwena','OW',1),(2296,147,'Omaheke','OK',1),(2297,147,'Omusati','OT',1),(2298,147,'Oshana','ON',1),(2299,147,'Oshikoto','OO',1),(2300,147,'Otjozondjupa','OJ',1),(2301,148,'Aiwo','AO',1),(2302,148,'Anabar','AA',1),(2303,148,'Anetan','AT',1),(2304,148,'Anibare','AI',1),(2305,148,'Baiti','BA',1),(2306,148,'Boe','BO',1),(2307,148,'Buada','BU',1),(2308,148,'Denigomodu','DE',1),(2309,148,'Ewa','EW',1),(2310,148,'Ijuw','IJ',1),(2311,148,'Meneng','ME',1),(2312,148,'Nibok','NI',1),(2313,148,'Uaboe','UA',1),(2314,148,'Yaren','YA',1),(2315,149,'Bagmati','BA',1),(2316,149,'Bheri','BH',1),(2317,149,'Dhawalagiri','DH',1),(2318,149,'Gandaki','GA',1),(2319,149,'Janakpur','JA',1),(2320,149,'Karnali','KA',1),(2321,149,'Kosi','KO',1),(2322,149,'Lumbini','LU',1),(2323,149,'Mahakali','MA',1),(2324,149,'Mechi','ME',1),(2325,149,'Narayani','NA',1),(2326,149,'Rapti','RA',1),(2327,149,'Sagarmatha','SA',1),(2328,149,'Seti','SE',1),(2329,150,'Drenthe','DR',1),(2330,150,'Flevoland','FL',1),(2331,150,'Friesland','FR',1),(2332,150,'Gelderland','GE',1),(2333,150,'Groningen','GR',1),(2334,150,'Limburg','LI',1),(2335,150,'Noord Brabant','NB',1),(2336,150,'Noord Holland','NH',1),(2337,150,'Overijssel','OV',1),(2338,150,'Utrecht','UT',1),(2339,150,'Zeeland','ZE',1),(2340,150,'Zuid Holland','ZH',1),(2341,152,'Iles Loyaute','L',1),(2342,152,'Nord','N',1),(2343,152,'Sud','S',1),(2344,153,'Auckland','AUK',1),(2345,153,'Bay of Plenty','BOP',1),(2346,153,'Canterbury','CAN',1),(2347,153,'Coromandel','COR',1),(2348,153,'Gisborne','GIS',1),(2349,153,'Fiordland','FIO',1),(2350,153,'Hawke\'s Bay','HKB',1),(2351,153,'Marlborough','MBH',1),(2352,153,'Manawatu-Wanganui','MWT',1),(2353,153,'Mt Cook-Mackenzie','MCM',1),(2354,153,'Nelson','NSN',1),(2355,153,'Northland','NTL',1),(2356,153,'Otago','OTA',1),(2357,153,'Southland','STL',1),(2358,153,'Taranaki','TKI',1),(2359,153,'Wellington','WGN',1),(2360,153,'Waikato','WKO',1),(2361,153,'Wairarapa','WAI',1),(2362,153,'West Coast','WTC',1),(2363,154,'Atlantico Norte','AN',1),(2364,154,'Atlantico Sur','AS',1),(2365,154,'Boaco','BO',1),(2366,154,'Carazo','CA',1),(2367,154,'Chinandega','CI',1),(2368,154,'Chontales','CO',1),(2369,154,'Esteli','ES',1),(2370,154,'Granada','GR',1),(2371,154,'Jinotega','JI',1),(2372,154,'Leon','LE',1),(2373,154,'Madriz','MD',1),(2374,154,'Managua','MN',1),(2375,154,'Masaya','MS',1),(2376,154,'Matagalpa','MT',1),(2377,154,'Nuevo Segovia','NS',1),(2378,154,'Rio San Juan','RS',1),(2379,154,'Rivas','RI',1),(2380,155,'Agadez','AG',1),(2381,155,'Diffa','DF',1),(2382,155,'Dosso','DS',1),(2383,155,'Maradi','MA',1),(2384,155,'Niamey','NM',1),(2385,155,'Tahoua','TH',1),(2386,155,'Tillaberi','TL',1),(2387,155,'Zinder','ZD',1),(2388,156,'Abia','AB',1),(2389,156,'Abuja Federal Capital Territory','CT',1),(2390,156,'Adamawa','AD',1),(2391,156,'Akwa Ibom','AK',1),(2392,156,'Anambra','AN',1),(2393,156,'Bauchi','BC',1),(2394,156,'Bayelsa','BY',1),(2395,156,'Benue','BN',1),(2396,156,'Borno','BO',1),(2397,156,'Cross River','CR',1),(2398,156,'Delta','DE',1),(2399,156,'Ebonyi','EB',1),(2400,156,'Edo','ED',1),(2401,156,'Ekiti','EK',1),(2402,156,'Enugu','EN',1),(2403,156,'Gombe','GO',1),(2404,156,'Imo','IM',1),(2405,156,'Jigawa','JI',1),(2406,156,'Kaduna','KD',1),(2407,156,'Kano','KN',1),(2408,156,'Katsina','KT',1),(2409,156,'Kebbi','KE',1),(2410,156,'Kogi','KO',1),(2411,156,'Kwara','KW',1),(2412,156,'Lagos','LA',1),(2413,156,'Nassarawa','NA',1),(2414,156,'Niger','NI',1),(2415,156,'Ogun','OG',1),(2416,156,'Ondo','ONG',1),(2417,156,'Osun','OS',1),(2418,156,'Oyo','OY',1),(2419,156,'Plateau','PL',1),(2420,156,'Rivers','RI',1),(2421,156,'Sokoto','SO',1),(2422,156,'Taraba','TA',1),(2423,156,'Yobe','YO',1),(2424,156,'Zamfara','ZA',1),(2425,159,'Northern Islands','N',1),(2426,159,'Rota','R',1),(2427,159,'Saipan','S',1),(2428,159,'Tinian','T',1),(2429,160,'Akershus','AK',1),(2430,160,'Aust-Agder','AA',1),(2431,160,'Buskerud','BU',1),(2432,160,'Finnmark','FM',1),(2433,160,'Hedmark','HM',1),(2434,160,'Hordaland','HL',1),(2435,160,'More og Romdal','MR',1),(2436,160,'Nord-Trondelag','NT',1),(2437,160,'Nordland','NL',1),(2438,160,'Ostfold','OF',1),(2439,160,'Oppland','OP',1),(2440,160,'Oslo','OL',1),(2441,160,'Rogaland','RL',1),(2442,160,'Sor-Trondelag','ST',1),(2443,160,'Sogn og Fjordane','SJ',1),(2444,160,'Svalbard','SV',1),(2445,160,'Telemark','TM',1),(2446,160,'Troms','TR',1),(2447,160,'Vest-Agder','VA',1),(2448,160,'Vestfold','VF',1),(2449,161,'Ad Dakhiliyah','DA',1),(2450,161,'Al Batinah','BA',1),(2451,161,'Al Wusta','WU',1),(2452,161,'Ash Sharqiyah','SH',1),(2453,161,'Az Zahirah','ZA',1),(2454,161,'Masqat','MA',1),(2455,161,'Musandam','MU',1),(2456,161,'Zufar','ZU',1),(2457,162,'Balochistan','B',1),(2458,162,'Federally Administered Tribal Areas','T',1),(2459,162,'Islamabad Capital Territory','I',1),(2460,162,'North-West Frontier','N',1),(2461,162,'Punjab','P',1),(2462,162,'Sindh','S',1),(2463,163,'Aimeliik','AM',1),(2464,163,'Airai','AR',1),(2465,163,'Angaur','AN',1),(2466,163,'Hatohobei','HA',1),(2467,163,'Kayangel','KA',1),(2468,163,'Koror','KO',1),(2469,163,'Melekeok','ME',1),(2470,163,'Ngaraard','NA',1),(2471,163,'Ngarchelong','NG',1),(2472,163,'Ngardmau','ND',1),(2473,163,'Ngatpang','NT',1),(2474,163,'Ngchesar','NC',1),(2475,163,'Ngeremlengui','NR',1),(2476,163,'Ngiwal','NW',1),(2477,163,'Peleliu','PE',1),(2478,163,'Sonsorol','SO',1),(2479,164,'Bocas del Toro','BT',1),(2480,164,'Chiriqui','CH',1),(2481,164,'Cocle','CC',1),(2482,164,'Colon','CL',1),(2483,164,'Darien','DA',1),(2484,164,'Herrera','HE',1),(2485,164,'Los Santos','LS',1),(2486,164,'Panama','PA',1),(2487,164,'San Blas','SB',1),(2488,164,'Veraguas','VG',1),(2489,165,'Bougainville','BV',1),(2490,165,'Central','CE',1),(2491,165,'Chimbu','CH',1),(2492,165,'Eastern Highlands','EH',1),(2493,165,'East New Britain','EB',1),(2494,165,'East Sepik','ES',1),(2495,165,'Enga','EN',1),(2496,165,'Gulf','GU',1),(2497,165,'Madang','MD',1),(2498,165,'Manus','MN',1),(2499,165,'Milne Bay','MB',1),(2500,165,'Morobe','MR',1),(2501,165,'National Capital','NC',1),(2502,165,'New Ireland','NI',1),(2503,165,'Northern','NO',1),(2504,165,'Sandaun','SA',1),(2505,165,'Southern Highlands','SH',1),(2506,165,'Western','WE',1),(2507,165,'Western Highlands','WH',1),(2508,165,'West New Britain','WB',1),(2509,166,'Alto Paraguay','AG',1),(2510,166,'Alto Parana','AN',1),(2511,166,'Amambay','AM',1),(2512,166,'Asuncion','AS',1),(2513,166,'Boqueron','BO',1),(2514,166,'Caaguazu','CG',1),(2515,166,'Caazapa','CZ',1),(2516,166,'Canindeyu','CN',1),(2517,166,'Central','CE',1),(2518,166,'Concepcion','CC',1),(2519,166,'Cordillera','CD',1),(2520,166,'Guaira','GU',1),(2521,166,'Itapua','IT',1),(2522,166,'Misiones','MI',1),(2523,166,'Neembucu','NE',1),(2524,166,'Paraguari','PA',1),(2525,166,'Presidente Hayes','PH',1),(2526,166,'San Pedro','SP',1),(2527,167,'Amazonas','AM',1),(2528,167,'Ancash','AN',1),(2529,167,'Apurimac','AP',1),(2530,167,'Arequipa','AR',1),(2531,167,'Ayacucho','AY',1),(2532,167,'Cajamarca','CJ',1),(2533,167,'Callao','CL',1),(2534,167,'Cusco','CU',1),(2535,167,'Huancavelica','HV',1),(2536,167,'Huanuco','HO',1),(2537,167,'Ica','IC',1),(2538,167,'Junin','JU',1),(2539,167,'La Libertad','LD',1),(2540,167,'Lambayeque','LY',1),(2541,167,'Lima','LI',1),(2542,167,'Loreto','LO',1),(2543,167,'Madre de Dios','MD',1),(2544,167,'Moquegua','MO',1),(2545,167,'Pasco','PA',1),(2546,167,'Piura','PI',1),(2547,167,'Puno','PU',1),(2548,167,'San Martin','SM',1),(2549,167,'Tacna','TA',1),(2550,167,'Tumbes','TU',1),(2551,167,'Ucayali','UC',1),(2552,168,'Abra','ABR',1),(2553,168,'Agusan del Norte','ANO',1),(2554,168,'Agusan del Sur','ASU',1),(2555,168,'Aklan','AKL',1),(2556,168,'Albay','ALB',1),(2557,168,'Antique','ANT',1),(2558,168,'Apayao','APY',1),(2559,168,'Aurora','AUR',1),(2560,168,'Basilan','BAS',1),(2561,168,'Bataan','BTA',1),(2562,168,'Batanes','BTE',1),(2563,168,'Batangas','BTG',1),(2564,168,'Biliran','BLR',1),(2565,168,'Benguet','BEN',1),(2566,168,'Bohol','BOL',1),(2567,168,'Bukidnon','BUK',1),(2568,168,'Bulacan','BUL',1),(2569,168,'Cagayan','CAG',1),(2570,168,'Camarines Norte','CNO',1),(2571,168,'Camarines Sur','CSU',1),(2572,168,'Camiguin','CAM',1),(2573,168,'Capiz','CAP',1),(2574,168,'Catanduanes','CAT',1),(2575,168,'Cavite','CAV',1),(2576,168,'Cebu','CEB',1),(2577,168,'Compostela','CMP',1),(2578,168,'Davao del Norte','DNO',1),(2579,168,'Davao del Sur','DSU',1),(2580,168,'Davao Oriental','DOR',1),(2581,168,'Eastern Samar','ESA',1),(2582,168,'Guimaras','GUI',1),(2583,168,'Ifugao','IFU',1),(2584,168,'Ilocos Norte','INO',1),(2585,168,'Ilocos Sur','ISU',1),(2586,168,'Iloilo','ILO',1),(2587,168,'Isabela','ISA',1),(2588,168,'Kalinga','KAL',1),(2589,168,'Laguna','LAG',1),(2590,168,'Lanao del Norte','LNO',1),(2591,168,'Lanao del Sur','LSU',1),(2592,168,'La Union','UNI',1),(2593,168,'Leyte','LEY',1),(2594,168,'Maguindanao','MAG',1),(2595,168,'Marinduque','MRN',1),(2596,168,'Masbate','MSB',1),(2597,168,'Mindoro Occidental','MIC',1),(2598,168,'Mindoro Oriental','MIR',1),(2599,168,'Misamis Occidental','MSC',1),(2600,168,'Misamis Oriental','MOR',1),(2601,168,'Mountain','MOP',1),(2602,168,'Negros Occidental','NOC',1),(2603,168,'Negros Oriental','NOR',1),(2604,168,'North Cotabato','NCT',1),(2605,168,'Northern Samar','NSM',1),(2606,168,'Nueva Ecija','NEC',1),(2607,168,'Nueva Vizcaya','NVZ',1),(2608,168,'Palawan','PLW',1),(2609,168,'Pampanga','PMP',1),(2610,168,'Pangasinan','PNG',1),(2611,168,'Quezon','QZN',1),(2612,168,'Quirino','QRN',1),(2613,168,'Rizal','RIZ',1),(2614,168,'Romblon','ROM',1),(2615,168,'Samar','SMR',1),(2616,168,'Sarangani','SRG',1),(2617,168,'Siquijor','SQJ',1),(2618,168,'Sorsogon','SRS',1),(2619,168,'South Cotabato','SCO',1),(2620,168,'Southern Leyte','SLE',1),(2621,168,'Sultan Kudarat','SKU',1),(2622,168,'Sulu','SLU',1),(2623,168,'Surigao del Norte','SNO',1),(2624,168,'Surigao del Sur','SSU',1),(2625,168,'Tarlac','TAR',1),(2626,168,'Tawi-Tawi','TAW',1),(2627,168,'Zambales','ZBL',1),(2628,168,'Zamboanga del Norte','ZNO',1),(2629,168,'Zamboanga del Sur','ZSU',1),(2630,168,'Zamboanga Sibugay','ZSI',1),(2631,170,'Dolnoslaskie','DO',1),(2632,170,'Kujawsko-Pomorskie','KP',1),(2633,170,'Lodzkie','LO',1),(2634,170,'Lubelskie','LL',1),(2635,170,'Lubuskie','LU',1),(2636,170,'Malopolskie','ML',1),(2637,170,'Mazowieckie','MZ',1),(2638,170,'Opolskie','OP',1),(2639,170,'Podkarpackie','PP',1),(2640,170,'Podlaskie','PL',1),(2641,170,'Pomorskie','PM',1),(2642,170,'Slaskie','SL',1),(2643,170,'Swietokrzyskie','SW',1),(2644,170,'Warminsko-Mazurskie','WM',1),(2645,170,'Wielkopolskie','WP',1),(2646,170,'Zachodniopomorskie','ZA',1),(2647,198,'Saint Pierre','P',1),(2648,198,'Miquelon','M',1),(2649,171,'A&ccedil;ores','AC',1),(2650,171,'Aveiro','AV',1),(2651,171,'Beja','BE',1),(2652,171,'Braga','BR',1),(2653,171,'Bragan&ccedil;a','BA',1),(2654,171,'Castelo Branco','CB',1),(2655,171,'Coimbra','CO',1),(2656,171,'&Eacute;vora','EV',1),(2657,171,'Faro','FA',1),(2658,171,'Guarda','GU',1),(2659,171,'Leiria','LE',1),(2660,171,'Lisboa','LI',1),(2661,171,'Madeira','ME',1),(2662,171,'Portalegre','PO',1),(2663,171,'Porto','PR',1),(2664,171,'Santar&eacute;m','SA',1),(2665,171,'Set&uacute;bal','SE',1),(2666,171,'Viana do Castelo','VC',1),(2667,171,'Vila Real','VR',1),(2668,171,'Viseu','VI',1),(2669,173,'Ad Dawhah','DW',1),(2670,173,'Al Ghuwayriyah','GW',1),(2671,173,'Al Jumayliyah','JM',1),(2672,173,'Al Khawr','KR',1),(2673,173,'Al Wakrah','WK',1),(2674,173,'Ar Rayyan','RN',1),(2675,173,'Jarayan al Batinah','JB',1),(2676,173,'Madinat ash Shamal','MS',1),(2677,173,'Umm Sa\'id','UD',1),(2678,173,'Umm Salal','UL',1),(2679,175,'Alba','AB',1),(2680,175,'Arad','AR',1),(2681,175,'Arges','AG',1),(2682,175,'Bacau','BC',1),(2683,175,'Bihor','BH',1),(2684,175,'Bistrita-Nasaud','BN',1),(2685,175,'Botosani','BT',1),(2686,175,'Brasov','BV',1),(2687,175,'Braila','BR',1),(2688,175,'Bucuresti','B',1),(2689,175,'Buzau','BZ',1),(2690,175,'Caras-Severin','CS',1),(2691,175,'Calarasi','CL',1),(2692,175,'Cluj','CJ',1),(2693,175,'Constanta','CT',1),(2694,175,'Covasna','CV',1),(2695,175,'Dimbovita','DB',1),(2696,175,'Dolj','DJ',1),(2697,175,'Galati','GL',1),(2698,175,'Giurgiu','GR',1),(2699,175,'Gorj','GJ',1),(2700,175,'Harghita','HR',1),(2701,175,'Hunedoara','HD',1),(2702,175,'Ialomita','IL',1),(2703,175,'Iasi','IS',1),(2704,175,'Ilfov','IF',1),(2705,175,'Maramures','MM',1),(2706,175,'Mehedinti','MH',1),(2707,175,'Mures','MS',1),(2708,175,'Neamt','NT',1),(2709,175,'Olt','OT',1),(2710,175,'Prahova','PH',1),(2711,175,'Satu-Mare','SM',1),(2712,175,'Salaj','SJ',1),(2713,175,'Sibiu','SB',1),(2714,175,'Suceava','SV',1),(2715,175,'Teleorman','TR',1),(2716,175,'Timis','TM',1),(2717,175,'Tulcea','TL',1),(2718,175,'Vaslui','VS',1),(2719,175,'Valcea','VL',1),(2720,175,'Vrancea','VN',1),(2721,176,'Abakan','AB',1),(2722,176,'Aginskoye','AG',1),(2723,176,'Anadyr','AN',1),(2724,176,'Arkahangelsk','AR',1),(2725,176,'Astrakhan','AS',1),(2726,176,'Barnaul','BA',1),(2727,176,'Belgorod','BE',1),(2728,176,'Birobidzhan','BI',1),(2729,176,'Blagoveshchensk','BL',1),(2730,176,'Bryansk','BR',1),(2731,176,'Cheboksary','CH',1),(2732,176,'Chelyabinsk','CL',1),(2733,176,'Cherkessk','CR',1),(2734,176,'Chita','CI',1),(2735,176,'Dudinka','DU',1),(2736,176,'Elista','EL',1),(2737,176,'Gomo-Altaysk','GO',1),(2738,176,'Gorno-Altaysk','GA',1),(2739,176,'Groznyy','GR',1),(2740,176,'Irkutsk','IR',1),(2741,176,'Ivanovo','IV',1),(2742,176,'Izhevsk','IZ',1),(2743,176,'Kalinigrad','KA',1),(2744,176,'Kaluga','KL',1),(2745,176,'Kasnodar','KS',1),(2746,176,'Kazan','KZ',1),(2747,176,'Kemerovo','KE',1),(2748,176,'Khabarovsk','KH',1),(2749,176,'Khanty-Mansiysk','KM',1),(2750,176,'Kostroma','KO',1),(2751,176,'Krasnodar','KR',1),(2752,176,'Krasnoyarsk','KN',1),(2753,176,'Kudymkar','KU',1),(2754,176,'Kurgan','KG',1),(2755,176,'Kursk','KK',1),(2756,176,'Kyzyl','KY',1),(2757,176,'Lipetsk','LI',1),(2758,176,'Magadan','MA',1),(2759,176,'Makhachkala','MK',1),(2760,176,'Maykop','MY',1),(2761,176,'Moscow','MO',1),(2762,176,'Murmansk','MU',1),(2763,176,'Nalchik','NA',1),(2764,176,'Naryan Mar','NR',1),(2765,176,'Nazran','NZ',1),(2766,176,'Nizhniy Novgorod','NI',1),(2767,176,'Novgorod','NO',1),(2768,176,'Novosibirsk','NV',1),(2769,176,'Omsk','OM',1),(2770,176,'Orel','OR',1),(2771,176,'Orenburg','OE',1),(2772,176,'Palana','PA',1),(2773,176,'Penza','PE',1),(2774,176,'Perm','PR',1),(2775,176,'Petropavlovsk-Kamchatskiy','PK',1),(2776,176,'Petrozavodsk','PT',1),(2777,176,'Pskov','PS',1),(2778,176,'Rostov-na-Donu','RO',1),(2779,176,'Ryazan','RY',1),(2780,176,'Salekhard','SL',1),(2781,176,'Samara','SA',1),(2782,176,'Saransk','SR',1),(2783,176,'Saratov','SV',1),(2784,176,'Smolensk','SM',1),(2785,176,'St. Petersburg','SP',1),(2786,176,'Stavropol','ST',1),(2787,176,'Syktyvkar','SY',1),(2788,176,'Tambov','TA',1),(2789,176,'Tomsk','TO',1),(2790,176,'Tula','TU',1),(2791,176,'Tura','TR',1),(2792,176,'Tver','TV',1),(2793,176,'Tyumen','TY',1),(2794,176,'Ufa','UF',1),(2795,176,'Ul\'yanovsk','UL',1),(2796,176,'Ulan-Ude','UU',1),(2797,176,'Ust\'-Ordynskiy','US',1),(2798,176,'Vladikavkaz','VL',1),(2799,176,'Vladimir','VA',1),(2800,176,'Vladivostok','VV',1),(2801,176,'Volgograd','VG',1),(2802,176,'Vologda','VD',1),(2803,176,'Voronezh','VO',1),(2804,176,'Vyatka','VY',1),(2805,176,'Yakutsk','YA',1),(2806,176,'Yaroslavl','YR',1),(2807,176,'Yekaterinburg','YE',1),(2808,176,'Yoshkar-Ola','YO',1),(2809,177,'Butare','BU',1),(2810,177,'Byumba','BY',1),(2811,177,'Cyangugu','CY',1),(2812,177,'Gikongoro','GK',1),(2813,177,'Gisenyi','GS',1),(2814,177,'Gitarama','GT',1),(2815,177,'Kibungo','KG',1),(2816,177,'Kibuye','KY',1),(2817,177,'Kigali Rurale','KR',1),(2818,177,'Kigali-ville','KV',1),(2819,177,'Ruhengeri','RU',1),(2820,177,'Umutara','UM',1),(2821,178,'Christ Church Nichola Town','CCN',1),(2822,178,'Saint Anne Sandy Point','SAS',1),(2823,178,'Saint George Basseterre','SGB',1),(2824,178,'Saint George Gingerland','SGG',1),(2825,178,'Saint James Windward','SJW',1),(2826,178,'Saint John Capesterre','SJC',1),(2827,178,'Saint John Figtree','SJF',1),(2828,178,'Saint Mary Cayon','SMC',1),(2829,178,'Saint Paul Capesterre','CAP',1),(2830,178,'Saint Paul Charlestown','CHA',1),(2831,178,'Saint Peter Basseterre','SPB',1),(2832,178,'Saint Thomas Lowland','STL',1),(2833,178,'Saint Thomas Middle Island','STM',1),(2834,178,'Trinity Palmetto Point','TPP',1),(2835,179,'Anse-la-Raye','AR',1),(2836,179,'Castries','CA',1),(2837,179,'Choiseul','CH',1),(2838,179,'Dauphin','DA',1),(2839,179,'Dennery','DE',1),(2840,179,'Gros-Islet','GI',1),(2841,179,'Laborie','LA',1),(2842,179,'Micoud','MI',1),(2843,179,'Praslin','PR',1),(2844,179,'Soufriere','SO',1),(2845,179,'Vieux-Fort','VF',1),(2846,180,'Charlotte','C',1),(2847,180,'Grenadines','R',1),(2848,180,'Saint Andrew','A',1),(2849,180,'Saint David','D',1),(2850,180,'Saint George','G',1),(2851,180,'Saint Patrick','P',1),(2852,181,'A\'ana','AN',1),(2853,181,'Aiga-i-le-Tai','AI',1),(2854,181,'Atua','AT',1),(2855,181,'Fa\'asaleleaga','FA',1),(2856,181,'Gaga\'emauga','GE',1),(2857,181,'Gagaifomauga','GF',1),(2858,181,'Palauli','PA',1),(2859,181,'Satupa\'itea','SA',1),(2860,181,'Tuamasaga','TU',1),(2861,181,'Va\'a-o-Fonoti','VF',1),(2862,181,'Vaisigano','VS',1),(2863,182,'Acquaviva','AC',1),(2864,182,'Borgo Maggiore','BM',1),(2865,182,'Chiesanuova','CH',1),(2866,182,'Domagnano','DO',1),(2867,182,'Faetano','FA',1),(2868,182,'Fiorentino','FI',1),(2869,182,'Montegiardino','MO',1),(2870,182,'Citta di San Marino','SM',1),(2871,182,'Serravalle','SE',1),(2872,183,'Sao Tome','S',1),(2873,183,'Principe','P',1),(2874,184,'Al Bahah','BH',1),(2875,184,'Al Hudud ash Shamaliyah','HS',1),(2876,184,'Al Jawf','JF',1),(2877,184,'Al Madinah','MD',1),(2878,184,'Al Qasim','QS',1),(2879,184,'Ar Riyad','RD',1),(2880,184,'Ash Sharqiyah (Eastern)','AQ',1),(2881,184,'\'Asir','AS',1),(2882,184,'Ha\'il','HL',1),(2883,184,'Jizan','JZ',1),(2884,184,'Makkah','ML',1),(2885,184,'Najran','NR',1),(2886,184,'Tabuk','TB',1),(2887,185,'Dakar','DA',1),(2888,185,'Diourbel','DI',1),(2889,185,'Fatick','FA',1),(2890,185,'Kaolack','KA',1),(2891,185,'Kolda','KO',1),(2892,185,'Louga','LO',1),(2893,185,'Matam','MA',1),(2894,185,'Saint-Louis','SL',1),(2895,185,'Tambacounda','TA',1),(2896,185,'Thies','TH',1),(2897,185,'Ziguinchor','ZI',1),(2898,186,'Anse aux Pins','AP',1),(2899,186,'Anse Boileau','AB',1),(2900,186,'Anse Etoile','AE',1),(2901,186,'Anse Louis','AL',1),(2902,186,'Anse Royale','AR',1),(2903,186,'Baie Lazare','BL',1),(2904,186,'Baie Sainte Anne','BS',1),(2905,186,'Beau Vallon','BV',1),(2906,186,'Bel Air','BA',1),(2907,186,'Bel Ombre','BO',1),(2908,186,'Cascade','CA',1),(2909,186,'Glacis','GL',1),(2910,186,'Grand\' Anse (on Mahe)','GM',1),(2911,186,'Grand\' Anse (on Praslin)','GP',1),(2912,186,'La Digue','DG',1),(2913,186,'La Riviere Anglaise','RA',1),(2914,186,'Mont Buxton','MB',1),(2915,186,'Mont Fleuri','MF',1),(2916,186,'Plaisance','PL',1),(2917,186,'Pointe La Rue','PR',1),(2918,186,'Port Glaud','PG',1),(2919,186,'Saint Louis','SL',1),(2920,186,'Takamaka','TA',1),(2921,187,'Eastern','E',1),(2922,187,'Northern','N',1),(2923,187,'Southern','S',1),(2924,187,'Western','W',1),(2925,189,'Banskobystrický','BA',1),(2926,189,'Bratislavský','BR',1),(2927,189,'Košický','KO',1),(2928,189,'Nitriansky','NI',1),(2929,189,'Prešovský','PR',1),(2930,189,'Trenčiansky','TC',1),(2931,189,'Trnavský','TV',1),(2932,189,'Žilinský','ZI',1),(2933,191,'Central','CE',1),(2934,191,'Choiseul','CH',1),(2935,191,'Guadalcanal','GC',1),(2936,191,'Honiara','HO',1),(2937,191,'Isabel','IS',1),(2938,191,'Makira','MK',1),(2939,191,'Malaita','ML',1),(2940,191,'Rennell and Bellona','RB',1),(2941,191,'Temotu','TM',1),(2942,191,'Western','WE',1),(2943,192,'Awdal','AW',1),(2944,192,'Bakool','BK',1),(2945,192,'Banaadir','BN',1),(2946,192,'Bari','BR',1),(2947,192,'Bay','BY',1),(2948,192,'Galguduud','GA',1),(2949,192,'Gedo','GE',1),(2950,192,'Hiiraan','HI',1),(2951,192,'Jubbada Dhexe','JD',1),(2952,192,'Jubbada Hoose','JH',1),(2953,192,'Mudug','MU',1),(2954,192,'Nugaal','NU',1),(2955,192,'Sanaag','SA',1),(2956,192,'Shabeellaha Dhexe','SD',1),(2957,192,'Shabeellaha Hoose','SH',1),(2958,192,'Sool','SL',1),(2959,192,'Togdheer','TO',1),(2960,192,'Woqooyi Galbeed','WG',1),(2961,193,'Eastern Cape','EC',1),(2962,193,'Free State','FS',1),(2963,193,'Gauteng','GT',1),(2964,193,'KwaZulu-Natal','KN',1),(2965,193,'Limpopo','LP',1),(2966,193,'Mpumalanga','MP',1),(2967,193,'North West','NW',1),(2968,193,'Northern Cape','NC',1),(2969,193,'Western Cape','WC',1),(2970,195,'La Coru&ntilde;a','CA',1),(2971,195,'&Aacute;lava','AL',1),(2972,195,'Albacete','AB',1),(2973,195,'Alicante','AC',1),(2974,195,'Almeria','AM',1),(2975,195,'Asturias','AS',1),(2976,195,'&Aacute;vila','AV',1),(2977,195,'Badajoz','BJ',1),(2978,195,'Baleares','IB',1),(2979,195,'Barcelona','BA',1),(2980,195,'Burgos','BU',1),(2981,195,'C&aacute;ceres','CC',1),(2982,195,'C&aacute;diz','CZ',1),(2983,195,'Cantabria','CT',1),(2984,195,'Castell&oacute;n','CL',1),(2985,195,'Ceuta','CE',1),(2986,195,'Ciudad Real','CR',1),(2987,195,'C&oacute;rdoba','CD',1),(2988,195,'Cuenca','CU',1),(2989,195,'Girona','GI',1),(2990,195,'Granada','GD',1),(2991,195,'Guadalajara','GJ',1),(2992,195,'Guip&uacute;zcoa','GP',1),(2993,195,'Huelva','HL',1),(2994,195,'Huesca','HS',1),(2995,195,'Ja&eacute;n','JN',1),(2996,195,'La Rioja','RJ',1),(2997,195,'Las Palmas','PM',1),(2998,195,'Leon','LE',1),(2999,195,'Lleida','LL',1),(3000,195,'Lugo','LG',1),(3001,195,'Madrid','MD',1),(3002,195,'Malaga','MA',1),(3003,195,'Melilla','ML',1),(3004,195,'Murcia','MU',1),(3005,195,'Navarra','NV',1),(3006,195,'Ourense','OU',1),(3007,195,'Palencia','PL',1),(3008,195,'Pontevedra','PO',1),(3009,195,'Salamanca','SL',1),(3010,195,'Santa Cruz de Tenerife','SC',1),(3011,195,'Segovia','SG',1),(3012,195,'Sevilla','SV',1),(3013,195,'Soria','SO',1),(3014,195,'Tarragona','TA',1),(3015,195,'Teruel','TE',1),(3016,195,'Toledo','TO',1),(3017,195,'Valencia','VC',1),(3018,195,'Valladolid','VD',1),(3019,195,'Vizcaya','VZ',1),(3020,195,'Zamora','ZM',1),(3021,195,'Zaragoza','ZR',1),(3022,196,'Central','CE',1),(3023,196,'Eastern','EA',1),(3024,196,'North Central','NC',1),(3025,196,'Northern','NO',1),(3026,196,'North Western','NW',1),(3027,196,'Sabaragamuwa','SA',1),(3028,196,'Southern','SO',1),(3029,196,'Uva','UV',1),(3030,196,'Western','WE',1),(3031,197,'Ascension','A',1),(3032,197,'Saint Helena','S',1),(3033,197,'Tristan da Cunha','T',1),(3034,199,'A\'ali an Nil','ANL',1),(3035,199,'Al Bahr al Ahmar','BAM',1),(3036,199,'Al Buhayrat','BRT',1),(3037,199,'Al Jazirah','JZR',1),(3038,199,'Al Khartum','KRT',1),(3039,199,'Al Qadarif','QDR',1),(3040,199,'Al Wahdah','WDH',1),(3041,199,'An Nil al Abyad','ANB',1),(3042,199,'An Nil al Azraq','ANZ',1),(3043,199,'Ash Shamaliyah','ASH',1),(3044,199,'Bahr al Jabal','BJA',1),(3045,199,'Gharb al Istiwa\'iyah','GIS',1),(3046,199,'Gharb Bahr al Ghazal','GBG',1),(3047,199,'Gharb Darfur','GDA',1),(3048,199,'Gharb Kurdufan','GKU',1),(3049,199,'Janub Darfur','JDA',1),(3050,199,'Janub Kurdufan','JKU',1),(3051,199,'Junqali','JQL',1),(3052,199,'Kassala','KSL',1),(3053,199,'Nahr an Nil','NNL',1),(3054,199,'Shamal Bahr al Ghazal','SBG',1),(3055,199,'Shamal Darfur','SDA',1),(3056,199,'Shamal Kurdufan','SKU',1),(3057,199,'Sharq al Istiwa\'iyah','SIS',1),(3058,199,'Sinnar','SNR',1),(3059,199,'Warab','WRB',1),(3060,200,'Brokopondo','BR',1),(3061,200,'Commewijne','CM',1),(3062,200,'Coronie','CR',1),(3063,200,'Marowijne','MA',1),(3064,200,'Nickerie','NI',1),(3065,200,'Para','PA',1),(3066,200,'Paramaribo','PM',1),(3067,200,'Saramacca','SA',1),(3068,200,'Sipaliwini','SI',1),(3069,200,'Wanica','WA',1),(3070,202,'Hhohho','H',1),(3071,202,'Lubombo','L',1),(3072,202,'Manzini','M',1),(3073,202,'Shishelweni','S',1),(3074,203,'Blekinge','K',1),(3075,203,'Dalarna','W',1),(3076,203,'G&auml;vleborg','X',1),(3077,203,'Gotland','I',1),(3078,203,'Halland','N',1),(3079,203,'J&auml;mtland','Z',1),(3080,203,'J&ouml;nk&ouml;ping','F',1),(3081,203,'Kalmar','H',1),(3082,203,'Kronoberg','G',1),(3083,203,'Norrbotten','BD',1),(3084,203,'&Ouml;rebro','T',1),(3085,203,'&Ouml;sterg&ouml;tland','E',1),(3086,203,'Sk&aring;ne','M',1),(3087,203,'S&ouml;dermanland','D',1),(3088,203,'Stockholm','AB',1),(3089,203,'Uppsala','C',1),(3090,203,'V&auml;rmland','S',1),(3091,203,'V&auml;sterbotten','AC',1),(3092,203,'V&auml;sternorrland','Y',1),(3093,203,'V&auml;stmanland','U',1),(3094,203,'V&auml;stra G&ouml;taland','O',1),(3095,204,'Aargau','AG',1),(3096,204,'Appenzell Ausserrhoden','AR',1),(3097,204,'Appenzell Innerrhoden','AI',1),(3098,204,'Basel-Stadt','BS',1),(3099,204,'Basel-Landschaft','BL',1),(3100,204,'Bern','BE',1),(3101,204,'Fribourg','FR',1),(3102,204,'Gen&egrave;ve','GE',1),(3103,204,'Glarus','GL',1),(3104,204,'Graub&uuml;nden','GR',1),(3105,204,'Jura','JU',1),(3106,204,'Luzern','LU',1),(3107,204,'Neuch&acirc;tel','NE',1),(3108,204,'Nidwald','NW',1),(3109,204,'Obwald','OW',1),(3110,204,'St. Gallen','SG',1),(3111,204,'Schaffhausen','SH',1),(3112,204,'Schwyz','SZ',1),(3113,204,'Solothurn','SO',1),(3114,204,'Thurgau','TG',1),(3115,204,'Ticino','TI',1),(3116,204,'Uri','UR',1),(3117,204,'Valais','VS',1),(3118,204,'Vaud','VD',1),(3119,204,'Zug','ZG',1),(3120,204,'Z&uuml;rich','ZH',1),(3121,205,'Al Hasakah','HA',1),(3122,205,'Al Ladhiqiyah','LA',1),(3123,205,'Al Qunaytirah','QU',1),(3124,205,'Ar Raqqah','RQ',1),(3125,205,'As Suwayda','SU',1),(3126,205,'Dara','DA',1),(3127,205,'Dayr az Zawr','DZ',1),(3128,205,'Dimashq','DI',1),(3129,205,'Halab','HL',1),(3130,205,'Hamah','HM',1),(3131,205,'Hims','HI',1),(3132,205,'Idlib','ID',1),(3133,205,'Rif Dimashq','RD',1),(3134,205,'Tartus','TA',1),(3135,206,'Chang-hua','CH',1),(3136,206,'Chia-i','CI',1),(3137,206,'Hsin-chu','HS',1),(3138,206,'Hua-lien','HL',1),(3139,206,'I-lan','IL',1),(3140,206,'Kao-hsiung county','KH',1),(3141,206,'Kin-men','KM',1),(3142,206,'Lien-chiang','LC',1),(3143,206,'Miao-li','ML',1),(3144,206,'Nan-t\'ou','NT',1),(3145,206,'P\'eng-hu','PH',1),(3146,206,'P\'ing-tung','PT',1),(3147,206,'T\'ai-chung','TG',1),(3148,206,'T\'ai-nan','TA',1),(3149,206,'T\'ai-pei county','TP',1),(3150,206,'T\'ai-tung','TT',1),(3151,206,'T\'ao-yuan','TY',1),(3152,206,'Yun-lin','YL',1),(3153,206,'Chia-i city','CC',1),(3154,206,'Chi-lung','CL',1),(3155,206,'Hsin-chu','HC',1),(3156,206,'T\'ai-chung','TH',1),(3157,206,'T\'ai-nan','TN',1),(3158,206,'Kao-hsiung city','KC',1),(3159,206,'T\'ai-pei city','TC',1),(3160,207,'Gorno-Badakhstan','GB',1),(3161,207,'Khatlon','KT',1),(3162,207,'Sughd','SU',1),(3163,208,'Arusha','AR',1),(3164,208,'Dar es Salaam','DS',1),(3165,208,'Dodoma','DO',1),(3166,208,'Iringa','IR',1),(3167,208,'Kagera','KA',1),(3168,208,'Kigoma','KI',1),(3169,208,'Kilimanjaro','KJ',1),(3170,208,'Lindi','LN',1),(3171,208,'Manyara','MY',1),(3172,208,'Mara','MR',1),(3173,208,'Mbeya','MB',1),(3174,208,'Morogoro','MO',1),(3175,208,'Mtwara','MT',1),(3176,208,'Mwanza','MW',1),(3177,208,'Pemba North','PN',1),(3178,208,'Pemba South','PS',1),(3179,208,'Pwani','PW',1),(3180,208,'Rukwa','RK',1),(3181,208,'Ruvuma','RV',1),(3182,208,'Shinyanga','SH',1),(3183,208,'Singida','SI',1),(3184,208,'Tabora','TB',1),(3185,208,'Tanga','TN',1),(3186,208,'Zanzibar Central/South','ZC',1),(3187,208,'Zanzibar North','ZN',1),(3188,208,'Zanzibar Urban/West','ZU',1),(3189,209,'Amnat Charoen','Amnat Charoen',1),(3190,209,'Ang Thong','Ang Thong',1),(3191,209,'Ayutthaya','Ayutthaya',1),(3192,209,'Bangkok','Bangkok',1),(3193,209,'Buriram','Buriram',1),(3194,209,'Chachoengsao','Chachoengsao',1),(3195,209,'Chai Nat','Chai Nat',1),(3196,209,'Chaiyaphum','Chaiyaphum',1),(3197,209,'Chanthaburi','Chanthaburi',1),(3198,209,'Chiang Mai','Chiang Mai',1),(3199,209,'Chiang Rai','Chiang Rai',1),(3200,209,'Chon Buri','Chon Buri',1),(3201,209,'Chumphon','Chumphon',1),(3202,209,'Kalasin','Kalasin',1),(3203,209,'Kamphaeng Phet','Kamphaeng Phet',1),(3204,209,'Kanchanaburi','Kanchanaburi',1),(3205,209,'Khon Kaen','Khon Kaen',1),(3206,209,'Krabi','Krabi',1),(3207,209,'Lampang','Lampang',1),(3208,209,'Lamphun','Lamphun',1),(3209,209,'Loei','Loei',1),(3210,209,'Lop Buri','Lop Buri',1),(3211,209,'Mae Hong Son','Mae Hong Son',1),(3212,209,'Maha Sarakham','Maha Sarakham',1),(3213,209,'Mukdahan','Mukdahan',1),(3214,209,'Nakhon Nayok','Nakhon Nayok',1),(3215,209,'Nakhon Pathom','Nakhon Pathom',1),(3216,209,'Nakhon Phanom','Nakhon Phanom',1),(3217,209,'Nakhon Ratchasima','Nakhon Ratchasima',1),(3218,209,'Nakhon Sawan','Nakhon Sawan',1),(3219,209,'Nakhon Si Thammarat','Nakhon Si Thammarat',1),(3220,209,'Nan','Nan',1),(3221,209,'Narathiwat','Narathiwat',1),(3222,209,'Nong Bua Lamphu','Nong Bua Lamphu',1),(3223,209,'Nong Khai','Nong Khai',1),(3224,209,'Nonthaburi','Nonthaburi',1),(3225,209,'Pathum Thani','Pathum Thani',1),(3226,209,'Pattani','Pattani',1),(3227,209,'Phangnga','Phangnga',1),(3228,209,'Phatthalung','Phatthalung',1),(3229,209,'Phayao','Phayao',1),(3230,209,'Phetchabun','Phetchabun',1),(3231,209,'Phetchaburi','Phetchaburi',1),(3232,209,'Phichit','Phichit',1),(3233,209,'Phitsanulok','Phitsanulok',1),(3234,209,'Phrae','Phrae',1),(3235,209,'Phuket','Phuket',1),(3236,209,'Prachin Buri','Prachin Buri',1),(3237,209,'Prachuap Khiri Khan','Prachuap Khiri Khan',1),(3238,209,'Ranong','Ranong',1),(3239,209,'Ratchaburi','Ratchaburi',1),(3240,209,'Rayong','Rayong',1),(3241,209,'Roi Et','Roi Et',1),(3242,209,'Sa Kaeo','Sa Kaeo',1),(3243,209,'Sakon Nakhon','Sakon Nakhon',1),(3244,209,'Samut Prakan','Samut Prakan',1),(3245,209,'Samut Sakhon','Samut Sakhon',1),(3246,209,'Samut Songkhram','Samut Songkhram',1),(3247,209,'Sara Buri','Sara Buri',1),(3248,209,'Satun','Satun',1),(3249,209,'Sing Buri','Sing Buri',1),(3250,209,'Sisaket','Sisaket',1),(3251,209,'Songkhla','Songkhla',1),(3252,209,'Sukhothai','Sukhothai',1),(3253,209,'Suphan Buri','Suphan Buri',1),(3254,209,'Surat Thani','Surat Thani',1),(3255,209,'Surin','Surin',1),(3256,209,'Tak','Tak',1),(3257,209,'Trang','Trang',1),(3258,209,'Trat','Trat',1),(3259,209,'Ubon Ratchathani','Ubon Ratchathani',1),(3260,209,'Udon Thani','Udon Thani',1),(3261,209,'Uthai Thani','Uthai Thani',1),(3262,209,'Uttaradit','Uttaradit',1),(3263,209,'Yala','Yala',1),(3264,209,'Yasothon','Yasothon',1),(3265,210,'Kara','K',1),(3266,210,'Plateaux','P',1),(3267,210,'Savanes','S',1),(3268,210,'Centrale','C',1),(3269,210,'Maritime','M',1),(3270,211,'Atafu','A',1),(3271,211,'Fakaofo','F',1),(3272,211,'Nukunonu','N',1),(3273,212,'Ha\'apai','H',1),(3274,212,'Tongatapu','T',1),(3275,212,'Vava\'u','V',1),(3276,213,'Couva/Tabaquite/Talparo','CT',1),(3277,213,'Diego Martin','DM',1),(3278,213,'Mayaro/Rio Claro','MR',1),(3279,213,'Penal/Debe','PD',1),(3280,213,'Princes Town','PT',1),(3281,213,'Sangre Grande','SG',1),(3282,213,'San Juan/Laventille','SL',1),(3283,213,'Siparia','SI',1),(3284,213,'Tunapuna/Piarco','TP',1),(3285,213,'Port of Spain','PS',1),(3286,213,'San Fernando','SF',1),(3287,213,'Arima','AR',1),(3288,213,'Point Fortin','PF',1),(3289,213,'Chaguanas','CH',1),(3290,213,'Tobago','TO',1),(3291,214,'Ariana','AR',1),(3292,214,'Beja','BJ',1),(3293,214,'Ben Arous','BA',1),(3294,214,'Bizerte','BI',1),(3295,214,'Gabes','GB',1),(3296,214,'Gafsa','GF',1),(3297,214,'Jendouba','JE',1),(3298,214,'Kairouan','KR',1),(3299,214,'Kasserine','KS',1),(3300,214,'Kebili','KB',1),(3301,214,'Kef','KF',1),(3302,214,'Mahdia','MH',1),(3303,214,'Manouba','MN',1),(3304,214,'Medenine','ME',1),(3305,214,'Monastir','MO',1),(3306,214,'Nabeul','NA',1),(3307,214,'Sfax','SF',1),(3308,214,'Sidi','SD',1),(3309,214,'Siliana','SL',1),(3310,214,'Sousse','SO',1),(3311,214,'Tataouine','TA',1),(3312,214,'Tozeur','TO',1),(3313,214,'Tunis','TU',1),(3314,214,'Zaghouan','ZA',1),(3315,215,'Adana','ADA',1),(3316,215,'Adıyaman','ADI',1),(3317,215,'Afyonkarahisar','AFY',1),(3318,215,'Ağrı','AGR',1),(3319,215,'Aksaray','AKS',1),(3320,215,'Amasya','AMA',1),(3321,215,'Ankara','ANK',1),(3322,215,'Antalya','ANT',1),(3323,215,'Ardahan','ARD',1),(3324,215,'Artvin','ART',1),(3325,215,'Aydın','AYI',1),(3326,215,'Balıkesir','BAL',1),(3327,215,'Bartın','BAR',1),(3328,215,'Batman','BAT',1),(3329,215,'Bayburt','BAY',1),(3330,215,'Bilecik','BIL',1),(3331,215,'Bingöl','BIN',1),(3332,215,'Bitlis','BIT',1),(3333,215,'Bolu','BOL',1),(3334,215,'Burdur','BRD',1),(3335,215,'Bursa','BRS',1),(3336,215,'Çanakkale','CKL',1),(3337,215,'Çankırı','CKR',1),(3338,215,'Çorum','COR',1),(3339,215,'Denizli','DEN',1),(3340,215,'Diyarbakir','DIY',1),(3341,215,'Düzce','DUZ',1),(3342,215,'Edirne','EDI',1),(3343,215,'Elazığ','ELA',1),(3344,215,'Erzincan','EZC',1),(3345,215,'Erzurum','EZR',1),(3346,215,'Eskişehir','ESK',1),(3347,215,'Gaziantep','GAZ',1),(3348,215,'Giresun','GIR',1),(3349,215,'Gümüşhane','GMS',1),(3350,215,'Hakkari','HKR',1),(3351,215,'Hatay','HTY',1),(3352,215,'Iğdır','IGD',1),(3353,215,'Isparta','ISP',1),(3354,215,'İstanbul','IST',1),(3355,215,'İzmir','IZM',1),(3356,215,'Kahramanmaraş','KAH',1),(3357,215,'Karabük','KRB',1),(3358,215,'Karaman','KRM',1),(3359,215,'Kars','KRS',1),(3360,215,'Kastamonu','KAS',1),(3361,215,'Kayseri','KAY',1),(3362,215,'Kilis','KLS',1),(3363,215,'Kırıkkale','KRK',1),(3364,215,'Kırklareli','KLR',1),(3365,215,'Kırşehir','KRH',1),(3366,215,'Kocaeli','KOC',1),(3367,215,'Konya','KON',1),(3368,215,'Kütahya','KUT',1),(3369,215,'Malatya','MAL',1),(3370,215,'Manisa','MAN',1),(3371,215,'Mardin','MAR',1),(3372,215,'Mersin','MER',1),(3373,215,'Muğla','MUG',1),(3374,215,'Muş','MUS',1),(3375,215,'Nevşehir','NEV',1),(3376,215,'Niğde','NIG',1),(3377,215,'Ordu','ORD',1),(3378,215,'Osmaniye','OSM',1),(3379,215,'Rize','RIZ',1),(3380,215,'Sakarya','SAK',1),(3381,215,'Samsun','SAM',1),(3382,215,'Şanlıurfa','SAN',1),(3383,215,'Siirt','SII',1),(3384,215,'Sinop','SIN',1),(3385,215,'Şırnak','SIR',1),(3386,215,'Sivas','SIV',1),(3387,215,'Tekirdağ','TEL',1),(3388,215,'Tokat','TOK',1),(3389,215,'Trabzon','TRA',1),(3390,215,'Tunceli','TUN',1),(3391,215,'Uşak','USK',1),(3392,215,'Van','VAN',1),(3393,215,'Yalova','YAL',1),(3394,215,'Yozgat','YOZ',1),(3395,215,'Zonguldak','ZON',1),(3396,216,'Ahal Welayaty','A',1),(3397,216,'Balkan Welayaty','B',1),(3398,216,'Dashhowuz Welayaty','D',1),(3399,216,'Lebap Welayaty','L',1),(3400,216,'Mary Welayaty','M',1),(3401,217,'Ambergris Cays','AC',1),(3402,217,'Dellis Cay','DC',1),(3403,217,'French Cay','FC',1),(3404,217,'Little Water Cay','LW',1),(3405,217,'Parrot Cay','RC',1),(3406,217,'Pine Cay','PN',1),(3407,217,'Salt Cay','SL',1),(3408,217,'Grand Turk','GT',1),(3409,217,'South Caicos','SC',1),(3410,217,'East Caicos','EC',1),(3411,217,'Middle Caicos','MC',1),(3412,217,'North Caicos','NC',1),(3413,217,'Providenciales','PR',1),(3414,217,'West Caicos','WC',1),(3415,218,'Nanumanga','NMG',1),(3416,218,'Niulakita','NLK',1),(3417,218,'Niutao','NTO',1),(3418,218,'Funafuti','FUN',1),(3419,218,'Nanumea','NME',1),(3420,218,'Nui','NUI',1),(3421,218,'Nukufetau','NFT',1),(3422,218,'Nukulaelae','NLL',1),(3423,218,'Vaitupu','VAI',1),(3424,219,'Kalangala','KAL',1),(3425,219,'Kampala','KMP',1),(3426,219,'Kayunga','KAY',1),(3427,219,'Kiboga','KIB',1),(3428,219,'Luwero','LUW',1),(3429,219,'Masaka','MAS',1),(3430,219,'Mpigi','MPI',1),(3431,219,'Mubende','MUB',1),(3432,219,'Mukono','MUK',1),(3433,219,'Nakasongola','NKS',1),(3434,219,'Rakai','RAK',1),(3435,219,'Sembabule','SEM',1),(3436,219,'Wakiso','WAK',1),(3437,219,'Bugiri','BUG',1),(3438,219,'Busia','BUS',1),(3439,219,'Iganga','IGA',1),(3440,219,'Jinja','JIN',1),(3441,219,'Kaberamaido','KAB',1),(3442,219,'Kamuli','KML',1),(3443,219,'Kapchorwa','KPC',1),(3444,219,'Katakwi','KTK',1),(3445,219,'Kumi','KUM',1),(3446,219,'Mayuge','MAY',1),(3447,219,'Mbale','MBA',1),(3448,219,'Pallisa','PAL',1),(3449,219,'Sironko','SIR',1),(3450,219,'Soroti','SOR',1),(3451,219,'Tororo','TOR',1),(3452,219,'Adjumani','ADJ',1),(3453,219,'Apac','APC',1),(3454,219,'Arua','ARU',1),(3455,219,'Gulu','GUL',1),(3456,219,'Kitgum','KIT',1),(3457,219,'Kotido','KOT',1),(3458,219,'Lira','LIR',1),(3459,219,'Moroto','MRT',1),(3460,219,'Moyo','MOY',1),(3461,219,'Nakapiripirit','NAK',1),(3462,219,'Nebbi','NEB',1),(3463,219,'Pader','PAD',1),(3464,219,'Yumbe','YUM',1),(3465,219,'Bundibugyo','BUN',1),(3466,219,'Bushenyi','BSH',1),(3467,219,'Hoima','HOI',1),(3468,219,'Kabale','KBL',1),(3469,219,'Kabarole','KAR',1),(3470,219,'Kamwenge','KAM',1),(3471,219,'Kanungu','KAN',1),(3472,219,'Kasese','KAS',1),(3473,219,'Kibaale','KBA',1),(3474,219,'Kisoro','KIS',1),(3475,219,'Kyenjojo','KYE',1),(3476,219,'Masindi','MSN',1),(3477,219,'Mbarara','MBR',1),(3478,219,'Ntungamo','NTU',1),(3479,219,'Rukungiri','RUK',1),(3480,220,'Cherkasy','CK',1),(3481,220,'Chernihiv','CH',1),(3482,220,'Chernivtsi','CV',1),(3483,220,'Crimea','CR',1),(3484,220,'Dnipropetrovs\'k','DN',1),(3485,220,'Donets\'k','DO',1),(3486,220,'Ivano-Frankivs\'k','IV',1),(3487,220,'Kharkiv Kherson','KL',1),(3488,220,'Khmel\'nyts\'kyy','KM',1),(3489,220,'Kirovohrad','KR',1),(3490,220,'Kiev','KV',1),(3491,220,'Kyyiv','KY',1),(3492,220,'Luhans\'k','LU',1),(3493,220,'L\'viv','LV',1),(3494,220,'Mykolayiv','MY',1),(3495,220,'Odesa','OD',1),(3496,220,'Poltava','PO',1),(3497,220,'Rivne','RI',1),(3498,220,'Sevastopol','SE',1),(3499,220,'Sumy','SU',1),(3500,220,'Ternopil\'','TE',1),(3501,220,'Vinnytsya','VI',1),(3502,220,'Volyn\'','VO',1),(3503,220,'Zakarpattya','ZK',1),(3504,220,'Zaporizhzhya','ZA',1),(3505,220,'Zhytomyr','ZH',1),(3506,221,'Abu Zaby','AZ',1),(3507,221,'\'Ajman','AJ',1),(3508,221,'Al Fujayrah','FU',1),(3509,221,'Ash Shariqah','SH',1),(3510,221,'Dubayy','DU',1),(3511,221,'R\'as al Khaymah','RK',1),(3512,221,'Umm al Qaywayn','UQ',1),(3513,222,'Aberdeen','ABN',1),(3514,222,'Aberdeenshire','ABNS',1),(3515,222,'Anglesey','ANG',1),(3516,222,'Angus','AGS',1),(3517,222,'Argyll and Bute','ARY',1),(3518,222,'Bedfordshire','BEDS',1),(3519,222,'Berkshire','BERKS',1),(3520,222,'Blaenau Gwent','BLA',1),(3521,222,'Bridgend','BRI',1),(3522,222,'Bristol','BSTL',1),(3523,222,'Buckinghamshire','BUCKS',1),(3524,222,'Caerphilly','CAE',1),(3525,222,'Cambridgeshire','CAMBS',1),(3526,222,'Cardiff','CDF',1),(3527,222,'Carmarthenshire','CARM',1),(3528,222,'Ceredigion','CDGN',1),(3529,222,'Cheshire','CHES',1),(3530,222,'Clackmannanshire','CLACK',1),(3531,222,'Conwy','CON',1),(3532,222,'Cornwall','CORN',1),(3533,222,'Denbighshire','DNBG',1),(3534,222,'Derbyshire','DERBY',1),(3535,222,'Devon','DVN',1),(3536,222,'Dorset','DOR',1),(3537,222,'Dumfries and Galloway','DGL',1),(3538,222,'Dundee','DUND',1),(3539,222,'Durham','DHM',1),(3540,222,'East Ayrshire','ARYE',1),(3541,222,'East Dunbartonshire','DUNBE',1),(3542,222,'East Lothian','LOTE',1),(3543,222,'East Renfrewshire','RENE',1),(3544,222,'East Riding of Yorkshire','ERYS',1),(3545,222,'East Sussex','SXE',1),(3546,222,'Edinburgh','EDIN',1),(3547,222,'Essex','ESX',1),(3548,222,'Falkirk','FALK',1),(3549,222,'Fife','FFE',1),(3550,222,'Flintshire','FLINT',1),(3551,222,'Glasgow','GLAS',1),(3552,222,'Gloucestershire','GLOS',1),(3553,222,'Greater London','LDN',1),(3554,222,'Greater Manchester','MCH',1),(3555,222,'Gwynedd','GDD',1),(3556,222,'Hampshire','HANTS',1),(3557,222,'Herefordshire','HWR',1),(3558,222,'Hertfordshire','HERTS',1),(3559,222,'Highlands','HLD',1),(3560,222,'Inverclyde','IVER',1),(3561,222,'Isle of Wight','IOW',1),(3562,222,'Kent','KNT',1),(3563,222,'Lancashire','LANCS',1),(3564,222,'Leicestershire','LEICS',1),(3565,222,'Lincolnshire','LINCS',1),(3566,222,'Merseyside','MSY',1),(3567,222,'Merthyr Tydfil','MERT',1),(3568,222,'Midlothian','MLOT',1),(3569,222,'Monmouthshire','MMOUTH',1),(3570,222,'Moray','MORAY',1),(3571,222,'Neath Port Talbot','NPRTAL',1),(3572,222,'Newport','NEWPT',1),(3573,222,'Norfolk','NOR',1),(3574,222,'North Ayrshire','ARYN',1),(3575,222,'North Lanarkshire','LANN',1),(3576,222,'North Yorkshire','YSN',1),(3577,222,'Northamptonshire','NHM',1),(3578,222,'Northumberland','NLD',1),(3579,222,'Nottinghamshire','NOT',1),(3580,222,'Orkney Islands','ORK',1),(3581,222,'Oxfordshire','OFE',1),(3582,222,'Pembrokeshire','PEM',1),(3583,222,'Perth and Kinross','PERTH',1),(3584,222,'Powys','PWS',1),(3585,222,'Renfrewshire','REN',1),(3586,222,'Rhondda Cynon Taff','RHON',1),(3587,222,'Rutland','RUT',1),(3588,222,'Scottish Borders','BOR',1),(3589,222,'Shetland Islands','SHET',1),(3590,222,'Shropshire','SPE',1),(3591,222,'Somerset','SOM',1),(3592,222,'South Ayrshire','ARYS',1),(3593,222,'South Lanarkshire','LANS',1),(3594,222,'South Yorkshire','YSS',1),(3595,222,'Staffordshire','SFD',1),(3596,222,'Stirling','STIR',1),(3597,222,'Suffolk','SFK',1),(3598,222,'Surrey','SRY',1),(3599,222,'Swansea','SWAN',1),(3600,222,'Torfaen','TORF',1),(3601,222,'Tyne and Wear','TWR',1),(3602,222,'Vale of Glamorgan','VGLAM',1),(3603,222,'Warwickshire','WARKS',1),(3604,222,'West Dunbartonshire','WDUN',1),(3605,222,'West Lothian','WLOT',1),(3606,222,'West Midlands','WMD',1),(3607,222,'West Sussex','SXW',1),(3608,222,'West Yorkshire','YSW',1),(3609,222,'Western Isles','WIL',1),(3610,222,'Wiltshire','WLT',1),(3611,222,'Worcestershire','WORCS',1),(3612,222,'Wrexham','WRX',1),(3613,223,'Alabama','AL',1),(3614,223,'Alaska','AK',1),(3615,223,'American Samoa','AS',1),(3616,223,'Arizona','AZ',1),(3617,223,'Arkansas','AR',1),(3618,223,'Armed Forces Africa','AF',1),(3619,223,'Armed Forces Americas','AA',1),(3620,223,'Armed Forces Canada','AC',1),(3621,223,'Armed Forces Europe','AE',1),(3622,223,'Armed Forces Middle East','AM',1),(3623,223,'Armed Forces Pacific','AP',1),(3624,223,'California','CA',1),(3625,223,'Colorado','CO',1),(3626,223,'Connecticut','CT',1),(3627,223,'Delaware','DE',1),(3628,223,'District of Columbia','DC',1),(3629,223,'Federated States Of Micronesia','FM',1),(3630,223,'Florida','FL',1),(3631,223,'Georgia','GA',1),(3632,223,'Guam','GU',1),(3633,223,'Hawaii','HI',1),(3634,223,'Idaho','ID',1),(3635,223,'Illinois','IL',1),(3636,223,'Indiana','IN',1),(3637,223,'Iowa','IA',1),(3638,223,'Kansas','KS',1),(3639,223,'Kentucky','KY',1),(3640,223,'Louisiana','LA',1),(3641,223,'Maine','ME',1),(3642,223,'Marshall Islands','MH',1),(3643,223,'Maryland','MD',1),(3644,223,'Massachusetts','MA',1),(3645,223,'Michigan','MI',1),(3646,223,'Minnesota','MN',1),(3647,223,'Mississippi','MS',1),(3648,223,'Missouri','MO',1),(3649,223,'Montana','MT',1),(3650,223,'Nebraska','NE',1),(3651,223,'Nevada','NV',1),(3652,223,'New Hampshire','NH',1),(3653,223,'New Jersey','NJ',1),(3654,223,'New Mexico','NM',1),(3655,223,'New York','NY',1),(3656,223,'North Carolina','NC',1),(3657,223,'North Dakota','ND',1),(3658,223,'Northern Mariana Islands','MP',1),(3659,223,'Ohio','OH',1),(3660,223,'Oklahoma','OK',1),(3661,223,'Oregon','OR',1),(3662,223,'Palau','PW',1),(3663,223,'Pennsylvania','PA',1),(3664,223,'Puerto Rico','PR',1),(3665,223,'Rhode Island','RI',1),(3666,223,'South Carolina','SC',1),(3667,223,'South Dakota','SD',1),(3668,223,'Tennessee','TN',1),(3669,223,'Texas','TX',1),(3670,223,'Utah','UT',1),(3671,223,'Vermont','VT',1),(3672,223,'Virgin Islands','VI',1),(3673,223,'Virginia','VA',1),(3674,223,'Washington','WA',1),(3675,223,'West Virginia','WV',1),(3676,223,'Wisconsin','WI',1),(3677,223,'Wyoming','WY',1),(3678,224,'Baker Island','BI',1),(3679,224,'Howland Island','HI',1),(3680,224,'Jarvis Island','JI',1),(3681,224,'Johnston Atoll','JA',1),(3682,224,'Kingman Reef','KR',1),(3683,224,'Midway Atoll','MA',1),(3684,224,'Navassa Island','NI',1),(3685,224,'Palmyra Atoll','PA',1),(3686,224,'Wake Island','WI',1),(3687,225,'Artigas','AR',1),(3688,225,'Canelones','CA',1),(3689,225,'Cerro Largo','CL',1),(3690,225,'Colonia','CO',1),(3691,225,'Durazno','DU',1),(3692,225,'Flores','FS',1),(3693,225,'Florida','FA',1),(3694,225,'Lavalleja','LA',1),(3695,225,'Maldonado','MA',1),(3696,225,'Montevideo','MO',1),(3697,225,'Paysandu','PA',1),(3698,225,'Rio Negro','RN',1),(3699,225,'Rivera','RV',1),(3700,225,'Rocha','RO',1),(3701,225,'Salto','SL',1),(3702,225,'San Jose','SJ',1),(3703,225,'Soriano','SO',1),(3704,225,'Tacuarembo','TA',1),(3705,225,'Treinta y Tres','TT',1),(3706,226,'Andijon','AN',1),(3707,226,'Buxoro','BU',1),(3708,226,'Farg\'ona','FA',1),(3709,226,'Jizzax','JI',1),(3710,226,'Namangan','NG',1),(3711,226,'Navoiy','NW',1),(3712,226,'Qashqadaryo','QA',1),(3713,226,'Qoraqalpog\'iston Republikasi','QR',1),(3714,226,'Samarqand','SA',1),(3715,226,'Sirdaryo','SI',1),(3716,226,'Surxondaryo','SU',1),(3717,226,'Toshkent City','TK',1),(3718,226,'Toshkent Region','TO',1),(3719,226,'Xorazm','XO',1),(3720,227,'Malampa','MA',1),(3721,227,'Penama','PE',1),(3722,227,'Sanma','SA',1),(3723,227,'Shefa','SH',1),(3724,227,'Tafea','TA',1),(3725,227,'Torba','TO',1),(3726,229,'Amazonas','AM',1),(3727,229,'Anzoategui','AN',1),(3728,229,'Apure','AP',1),(3729,229,'Aragua','AR',1),(3730,229,'Barinas','BA',1),(3731,229,'Bolivar','BO',1),(3732,229,'Carabobo','CA',1),(3733,229,'Cojedes','CO',1),(3734,229,'Delta Amacuro','DA',1),(3735,229,'Dependencias Federales','DF',1),(3736,229,'Distrito Federal','DI',1),(3737,229,'Falcon','FA',1),(3738,229,'Guarico','GU',1),(3739,229,'Lara','LA',1),(3740,229,'Merida','ME',1),(3741,229,'Miranda','MI',1),(3742,229,'Monagas','MO',1),(3743,229,'Nueva Esparta','NE',1),(3744,229,'Portuguesa','PO',1),(3745,229,'Sucre','SU',1),(3746,229,'Tachira','TA',1),(3747,229,'Trujillo','TR',1),(3748,229,'Vargas','VA',1),(3749,229,'Yaracuy','YA',1),(3750,229,'Zulia','ZU',1),(3751,230,'An Giang','AG',1),(3752,230,'Bac Giang','BG',1),(3753,230,'Bac Kan','BK',1),(3754,230,'Bac Lieu','BL',1),(3755,230,'Bac Ninh','BC',1),(3756,230,'Ba Ria-Vung Tau','BR',1),(3757,230,'Ben Tre','BN',1),(3758,230,'Binh Dinh','BH',1),(3759,230,'Binh Duong','BU',1),(3760,230,'Binh Phuoc','BP',1),(3761,230,'Binh Thuan','BT',1),(3762,230,'Ca Mau','CM',1),(3763,230,'Can Tho','CT',1),(3764,230,'Cao Bang','CB',1),(3765,230,'Dak Lak','DL',1),(3766,230,'Dak Nong','DG',1),(3767,230,'Da Nang','DN',1),(3768,230,'Dien Bien','DB',1),(3769,230,'Dong Nai','DI',1),(3770,230,'Dong Thap','DT',1),(3771,230,'Gia Lai','GL',1),(3772,230,'Ha Giang','HG',1),(3773,230,'Hai Duong','HD',1),(3774,230,'Hai Phong','HP',1),(3775,230,'Ha Nam','HM',1),(3776,230,'Ha Noi','HI',1),(3777,230,'Ha Tay','HT',1),(3778,230,'Ha Tinh','HH',1),(3779,230,'Hoa Binh','HB',1),(3780,230,'Ho Chi Minh City','HC',1),(3781,230,'Hau Giang','HU',1),(3782,230,'Hung Yen','HY',1),(3783,232,'Saint Croix','C',1),(3784,232,'Saint John','J',1),(3785,232,'Saint Thomas','T',1),(3786,233,'Alo','A',1),(3787,233,'Sigave','S',1),(3788,233,'Wallis','W',1),(3789,235,'Abyan','AB',1),(3790,235,'Adan','AD',1),(3791,235,'Amran','AM',1),(3792,235,'Al Bayda','BA',1),(3793,235,'Ad Dali','DA',1),(3794,235,'Dhamar','DH',1),(3795,235,'Hadramawt','HD',1),(3796,235,'Hajjah','HJ',1),(3797,235,'Al Hudaydah','HU',1),(3798,235,'Ibb','IB',1),(3799,235,'Al Jawf','JA',1),(3800,235,'Lahij','LA',1),(3801,235,'Ma\'rib','MA',1),(3802,235,'Al Mahrah','MR',1),(3803,235,'Al Mahwit','MW',1),(3804,235,'Sa\'dah','SD',1),(3805,235,'San\'a','SN',1),(3806,235,'Shabwah','SH',1),(3807,235,'Ta\'izz','TA',1),(3812,237,'Bas-Congo','BC',1),(3813,237,'Bandundu','BN',1),(3814,237,'Equateur','EQ',1),(3815,237,'Katanga','KA',1),(3816,237,'Kasai-Oriental','KE',1),(3817,237,'Kinshasa','KN',1),(3818,237,'Kasai-Occidental','KW',1),(3819,237,'Maniema','MA',1),(3820,237,'Nord-Kivu','NK',1),(3821,237,'Orientale','OR',1),(3822,237,'Sud-Kivu','SK',1),(3823,238,'Central','CE',1),(3824,238,'Copperbelt','CB',1),(3825,238,'Eastern','EA',1),(3826,238,'Luapula','LP',1),(3827,238,'Lusaka','LK',1),(3828,238,'Northern','NO',1),(3829,238,'North-Western','NW',1),(3830,238,'Southern','SO',1),(3831,238,'Western','WE',1),(3832,239,'Bulawayo','BU',1),(3833,239,'Harare','HA',1),(3834,239,'Manicaland','ML',1),(3835,239,'Mashonaland Central','MC',1),(3836,239,'Mashonaland East','ME',1),(3837,239,'Mashonaland West','MW',1),(3838,239,'Masvingo','MV',1),(3839,239,'Matabeleland North','MN',1),(3840,239,'Matabeleland South','MS',1),(3841,239,'Midlands','MD',1),(3861,105,'Campobasso','CB',1),(3862,105,'Carbonia-Iglesias','CI',1),(3863,105,'Caserta','CE',1),(3864,105,'Catania','CT',1),(3865,105,'Catanzaro','CZ',1),(3866,105,'Chieti','CH',1),(3867,105,'Como','CO',1),(3868,105,'Cosenza','CS',1),(3869,105,'Cremona','CR',1),(3870,105,'Crotone','KR',1),(3871,105,'Cuneo','CN',1),(3872,105,'Enna','EN',1),(3873,105,'Ferrara','FE',1),(3874,105,'Firenze','FI',1),(3875,105,'Foggia','FG',1),(3876,105,'Forli-Cesena','FC',1),(3877,105,'Frosinone','FR',1),(3878,105,'Genova','GE',1),(3879,105,'Gorizia','GO',1),(3880,105,'Grosseto','GR',1),(3881,105,'Imperia','IM',1),(3882,105,'Isernia','IS',1),(3883,105,'L&#39;Aquila','AQ',1),(3884,105,'La Spezia','SP',1),(3885,105,'Latina','LT',1),(3886,105,'Lecce','LE',1),(3887,105,'Lecco','LC',1),(3888,105,'Livorno','LI',1),(3889,105,'Lodi','LO',1),(3890,105,'Lucca','LU',1),(3891,105,'Macerata','MC',1),(3892,105,'Mantova','MN',1),(3893,105,'Massa-Carrara','MS',1),(3894,105,'Matera','MT',1),(3895,105,'Medio Campidano','VS',1),(3896,105,'Messina','ME',1),(3897,105,'Milano','MI',1),(3898,105,'Modena','MO',1),(3899,105,'Napoli','NA',1),(3900,105,'Novara','NO',1),(3901,105,'Nuoro','NU',1),(3902,105,'Ogliastra','OG',1),(3903,105,'Olbia-Tempio','OT',1),(3904,105,'Oristano','OR',1),(3905,105,'Padova','PD',1),(3906,105,'Palermo','PA',1),(3907,105,'Parma','PR',1),(3908,105,'Pavia','PV',1),(3909,105,'Perugia','PG',1),(3910,105,'Pesaro e Urbino','PU',1),(3911,105,'Pescara','PE',1),(3912,105,'Piacenza','PC',1),(3913,105,'Pisa','PI',1),(3914,105,'Pistoia','PT',1),(3915,105,'Pordenone','PN',1),(3916,105,'Potenza','PZ',1),(3917,105,'Prato','PO',1),(3918,105,'Ragusa','RG',1),(3919,105,'Ravenna','RA',1),(3920,105,'Reggio Calabria','RC',1),(3921,105,'Reggio Emilia','RE',1),(3922,105,'Rieti','RI',1),(3923,105,'Rimini','RN',1),(3924,105,'Roma','RM',1),(3925,105,'Rovigo','RO',1),(3926,105,'Salerno','SA',1),(3927,105,'Sassari','SS',1),(3928,105,'Savona','SV',1),(3929,105,'Siena','SI',1),(3930,105,'Siracusa','SR',1),(3931,105,'Sondrio','SO',1),(3932,105,'Taranto','TA',1),(3933,105,'Teramo','TE',1),(3934,105,'Terni','TR',1),(3935,105,'Torino','TO',1),(3936,105,'Trapani','TP',1),(3937,105,'Trento','TN',1),(3938,105,'Treviso','TV',1),(3939,105,'Trieste','TS',1),(3940,105,'Udine','UD',1),(3941,105,'Varese','VA',1),(3942,105,'Venezia','VE',1),(3943,105,'Verbano-Cusio-Ossola','VB',1),(3944,105,'Vercelli','VC',1),(3945,105,'Verona','VR',1),(3946,105,'Vibo Valentia','VV',1),(3947,105,'Vicenza','VI',1),(3948,105,'Viterbo','VT',1),(3949,222,'County Antrim','ANT',1),(3950,222,'County Armagh','ARM',1),(3951,222,'County Down','DOW',1),(3952,222,'County Fermanagh','FER',1),(3953,222,'County Londonderry','LDY',1),(3954,222,'County Tyrone','TYR',1),(3955,222,'Cumbria','CMA',1),(3956,190,'Pomurska','1',1),(3957,190,'Podravska','2',1),(3958,190,'Koroška','3',1),(3959,190,'Savinjska','4',1),(3960,190,'Zasavska','5',1),(3961,190,'Spodnjeposavska','6',1),(3962,190,'Jugovzhodna Slovenija','7',1),(3963,190,'Osrednjeslovenska','8',1),(3964,190,'Gorenjska','9',1),(3965,190,'Notranjsko-kraška','10',1),(3966,190,'Goriška','11',1),(3967,190,'Obalno-kraška','12',1),(3968,33,'Ruse','',1),(3969,101,'Alborz','ALB',1),(3970,21,'Brussels-Capital Region','BRU',1),(3971,138,'Aguascalientes','AG',1),(3972,222,'Isle of Man','IOM',1),(3973,242,'Andrijevica','01',1),(3974,242,'Bar','02',1),(3975,242,'Berane','03',1),(3976,242,'Bijelo Polje','04',1),(3977,242,'Budva','05',1),(3978,242,'Cetinje','06',1),(3979,242,'Danilovgrad','07',1),(3980,242,'Herceg-Novi','08',1),(3981,242,'Kolašin','09',1),(3982,242,'Kotor','10',1),(3983,242,'Mojkovac','11',1),(3984,242,'Nikšić','12',1),(3985,242,'Plav','13',1),(3986,242,'Pljevlja','14',1),(3987,242,'Plužine','15',1),(3988,242,'Podgorica','16',1),(3989,242,'Rožaje','17',1),(3990,242,'Šavnik','18',1),(3991,242,'Tivat','19',1),(3992,242,'Ulcinj','20',1),(3993,242,'Žabljak','21',1),(3994,243,'Belgrade','00',1),(3995,243,'North Bačka','01',1),(3996,243,'Central Banat','02',1),(3997,243,'North Banat','03',1),(3998,243,'South Banat','04',1),(3999,243,'West Bačka','05',1),(4000,243,'South Bačka','06',1),(4001,243,'Srem','07',1),(4002,243,'Mačva','08',1),(4003,243,'Kolubara','09',1),(4004,243,'Podunavlje','10',1),(4005,243,'Braničevo','11',1),(4006,243,'Šumadija','12',1),(4007,243,'Pomoravlje','13',1),(4008,243,'Bor','14',1),(4009,243,'Zaječar','15',1),(4010,243,'Zlatibor','16',1),(4011,243,'Moravica','17',1),(4012,243,'Raška','18',1),(4013,243,'Rasina','19',1),(4014,243,'Nišava','20',1),(4015,243,'Toplica','21',1),(4016,243,'Pirot','22',1),(4017,243,'Jablanica','23',1),(4018,243,'Pčinja','24',1),(4019,243,'Kosovo','KM',1),(4020,245,'Bonaire','BO',1),(4021,245,'Saba','SA',1),(4022,245,'Sint Eustatius','SE',1),(4023,248,'Central Equatoria','EC',1),(4024,248,'Eastern Equatoria','EE',1),(4025,248,'Jonglei','JG',1),(4026,248,'Lakes','LK',1),(4027,248,'Northern Bahr el-Ghazal','BN',1),(4028,248,'Unity','UY',1),(4029,248,'Upper Nile','NU',1),(4030,248,'Warrap','WR',1),(4031,248,'Western Bahr el-Ghazal','BW',1),(4032,248,'Western Equatoria','EW',1);

--
-- Table structure for table `zone_to_geo_zone`
--

CREATE TABLE `zone_to_geo_zone` (
  `zone_to_geo_zone_id` int(11) NOT NULL AUTO_INCREMENT,
  `country_id` int(11) NOT NULL,
  `zone_id` int(11) NOT NULL DEFAULT '0',
  `geo_zone_id` int(11) NOT NULL,
  `date_added` datetime NOT NULL DEFAULT '0000-00-00 00:00:00',
  `date_modified` datetime NOT NULL DEFAULT '0000-00-00 00:00:00',
  PRIMARY KEY (`zone_to_geo_zone_id`)
) ENGINE=MyISAM AUTO_INCREMENT=67 DEFAULT CHARSET=utf8;

--
-- Dumping data for table `zone_to_geo_zone`
--

INSERT INTO `zone_to_geo_zone` VALUES (57,222,0,3,'2010-02-26 22:33:24','0000-00-00 00:00:00'),(65,222,0,4,'2010-12-15 15:18:13','0000-00-00 00:00:00'),(66,223,3669,5,'2014-10-03 12:19:17','0000-00-00 00:00:00');


